{"id":40,"date":"2015-11-11T09:36:11","date_gmt":"2015-11-11T09:36:11","guid":{"rendered":"https:\/\/blogs.ua.es\/destinosturisticosinteligentes\/?page_id=40"},"modified":"2017-10-30T08:47:17","modified_gmt":"2017-10-30T08:47:17","slug":"documentos","status":"publish","type":"page","link":"https:\/\/blogs.ua.es\/destinosturisticosinteligentes\/documentos\/","title":{"rendered":"Publicaciones"},"content":{"rendered":"<p style=\"text-align: right\"><strong><span style=\"color: #0000ff\">Revistas<\/span><\/strong><\/p>\n<hr \/>\n<ul>\n<li><strong>Ivars-Baidal, J.A.; Celdr\u00e1n-Bernabeu, M.A.; Norberto Maz\u00f3n, J. y Perles-Ivars, A.F. (2017):<\/strong>\u00a0&#8220;Smart destinations and the evolution of ICTs: a new scenario for destination management?&#8221;, en <em>Current Issues in Tourism<\/em>, DOI: <a href=\"http:\/\/dx.doi.org\/10.1080\/13683500.2017.1388771\">10.1080\/13683500.2016.1276522. <\/a>Disponible <a href=\"http:\/\/www.tandfonline.com\/eprint\/HBpgWasFVp2nqMFSpXrX\/full\">aqu\u00ed.<\/a><\/li>\n<li style=\"text-align: justify\">\n<div class=\"art_title\"><strong>Perles-Ribes, J.F., \u00a0Ram\u00f3n-Rodr\u00edguez, A., Vera-Rebollo, J.F. e \u00a0Ivars-Baidal, J.A. (2017):<\/strong> &#8220;The end of growth in residential tourism destinations: steady state or sustainable development? The case of Calpe&#8221;, en <em>Current Issues in Tourism<\/em>, DOI: 10.1080\/13683500.2016.1276522. Disponible <a href=\"http:\/\/www.tandfonline.com\/doi\/pdf\/10.1080\/13683500.2016.1276522?needAccess=true\">aqu\u00ed.<\/a><\/div>\n<\/li>\n<li style=\"text-align: justify\"><strong>Ferna\u0301ndez Alcantud, A.; Lo\u0301pez Morales, J.M.; Moreno Izquierdo, L.; Perles Ribes, J.F.; Ram\u00f3n Rodr\u00edguez, A.; Such Devesa, M.J. (2017)<\/strong>: &#8220;Innovacio\u0301n y Destinos Inteligentes: oportunidad para el know how turi\u0301stico espan\u0303ol&#8221;,<em> Revista ICE<\/em>, Enero-Febrero 2017. n.o 894. Disponible <a href=\"https:\/\/drive.google.com\/file\/d\/0B1BAhZryk76rLWg4bEVhUzdxMGM\/view?usp=sharing\">aqu\u00ed<\/a>.<\/li>\n<\/ul>\n<ul>\n<li style=\"text-align: justify\"><strong><strong><strong id=\"m_-3106189405744165208yui_3_16_0_ym19_1_1488298297980_318498\">Santos, S.R., Souza Neto, V.R., Pereira, L.R.S., Ga\u0302ndara, J.M.G., Xavier da Silva, S.R. (2016):<\/strong><\/strong><\/strong>\u00a0&#8220;Smart Destination: Accessibility at the Heritage City of Sa\u0303o Lui\u0301s \u2013 Maranha\u0303o, a study about online reputation based in TripAdvisor&#8221;, en <em>Marketing and Tourism Review<\/em>, Vol. 1, n\u00ba2. Disponible <a href=\"https:\/\/drive.google.com\/file\/d\/0B1BAhZryk76rbktsRVN0dUJxTGs\/view?usp=sharing\">aqu\u00ed.\u00a0<\/a><\/li>\n<\/ul>\n<ul>\n<li style=\"text-align: justify\"><strong>Ivars, J., Solsona, J. y Giner, D. (2016):<\/strong>\u00a0&#8220;Gesti\u00f3n tur\u00edstica y tecnolog\u00edas de la informaci\u00f3n y la comunicaci\u00f3n (TIC): el nuevo enfoque de los destinos inteligentes&#8221;, En\u00a0<em>Documents d\u00b4An\u00e0lisi Geogr\u00e0fica. <\/em>Disponible <a href=\"http:\/\/dag.revista.uab.es\/article\/view\/v62-n2-ivars-solsona-giner\/285-pdf-es\">aqu\u00ed.\u00a0<\/a><\/li>\n<li><strong>Lemos Gomes, E., G\u00e2ndara, J.M e Ivars Baidal, J.A. (2017):<\/strong> &#8220;Is it important to be a smart tourism destination? Public managers\u2019 understanding of destinations in the state of Parana\u0301&#8221;, En Revista Brasileira de Pesquisa em Turismo 11(3), pp.503-534. Disponible <a href=\"https:\/\/drive.google.com\/file\/d\/0B1BAhZryk76rMEROSXVLZlkxV3c\/view?usp=sharing\">aqu\u00ed.<\/a><\/li>\n<li style=\"text-align: justify\"><strong>Luque Gil, A.M., Zayas Fern\u00e1ndez, B. y Caro Herrero, J.L. (2015):<\/strong>\u00a0&#8220;Los Destinos Tur\u00edsticos Inteligentes en el marco de la Inteligencia Territorial: conflictos y oportunidades&#8221;.\u00a0<em>Investigaciones Tur\u00edsticas<\/em>, n\u00ba 10, 1-25. Disponible <a href=\"http:\/\/www.investigacionesturisticas.es\/iuit\/article\/view\/206\" target=\"_blank\" rel=\"noopener\">aqu\u00ed<\/a>.<\/li>\n<li style=\"text-align: justify\"><strong>Moreno Izquierdo, L., Ram\u00f3n-Rodr\u00edguez, A.B., Perles Ribes, J.F. (2016):<\/strong> &#8220;Pricing strategies of the European low-cost carriers explained using Porter&#8217;s Five Forces Model&#8221;. En <em>Tourism Economics<\/em>, 22, 229-310. Disponible <a href=\"http:\/\/www.ingentaconnect.com\/contentone\/ip\/tec\/2016\/00000022\/00000002\/art00006?crawler=true\" target=\"_blank\" rel=\"noopener\">aqu\u00ed<\/a>.<\/li>\n<li><strong>Miskalo-Cruz, M. y \u00a0G\u00e1ndara, J.M. (2016)<\/strong>: &#8220;Indicadores para monitoramento e gest\u00e3o de destinos tur\u00edsticos inteligentes&#8221;. En Cultur, a\u00f1o 10, n\u00ba2. Disponible en <a href=\"http:\/\/periodicos.uesc.br\/index.php\/cultur\/article\/view\/1602\/1256\">aqu\u00ed.\u00a0<\/a><\/li>\n<\/ul>\n<p>&nbsp;<\/p>\n<p style=\"text-align: right\"><strong><span style=\"color: #0000ff\">Cap\u00edtulos de libro<\/span><\/strong><\/p>\n<hr \/>\n<ul>\n<li class=\"p1\" style=\"text-align: justify\">\n<div class=\"page\" title=\"Page 139\">\n<div class=\"layoutArea\">\n<div class=\"column\">\n<p><span class=\"s1\"><strong>M\u00ednguez Garc\u00eda, M.C.; Calle Vaquero, M. de la; Garc\u00eda Hern\u00e1ndez, M. (2016).<\/strong> \u201cActividades tur\u00edstico-recreativas y huella digital. aproximaciones con referencia a Aranjuez (Espa\u00f1a), Paisaje Cultural Patrimonio Mundial\u201d. En Pereira Rodr\u00edguez, A.; Matos, P.I; Barboza Castanho (edit). <i>Leituras Geograficas. Ensaios Teoricos sobre temas de contemporaneidade<\/i>. Ituruitaba, M.G.: Barlavento. Pp. 349-380. ISBN: 978-85-680066-20-1. Libro electr\u00f3nico.<\/span><span class=\"s2\">\u00a0 Disponible <a href=\"https:\/\/drive.google.com\/file\/d\/0B1BAhZryk76rZFVKOXV5eGtHdEU\/view?usp=sharing\">aqu\u00ed<\/a>.\u00a0<\/span><\/p>\n<\/div>\n<\/div>\n<\/div>\n<\/li>\n<\/ul>\n<p style=\"text-align: right\"><strong><span style=\"color: #0000ff\">Congresos<\/span><\/strong><\/p>\n<hr \/>\n<ul style=\"text-align: justify\">\n<li style=\"text-align: justify\"><strong>Ivars Baidal, J.A., Celdr\u00e1n Bernabeu, M.A., Maz\u00f3n L\u00f3pez, J.N. y Perles Ivars, A.F.:<\/strong> &#8220;Prospective analysis of ICTs and tourism: implications for smart destinations&#8221;. En <em>ENTER2017 eTourism Conference<\/em>. Roma, 24-27 January. Disponible <a href=\"http:\/\/ertr.tamu.edu\/files\/2016\/12\/RN39.pdf\">aqu\u00ed<\/a>.<\/li>\n<\/ul>\n<ul style=\"text-align: justify\">\n<li style=\"text-align: justify\"><strong>Celdr\u00e1n Bernabeu, M.A., Maz\u00f3n\u00a0L\u00f3pez, J.N., Giner S\u00e1nchez, D., Ivars Baidal, J.A.<\/strong>: <em>&#8220;Big Data and Smart Tourism Destinations: Challenges and opportunities from an industry perspective&#8221;<\/em>. En School of Hospitality and Tourism Management Conference (University of Surrey, UK). 19-22 July 2016. Disponible <a href=\"https:\/\/drive.google.com\/file\/d\/0B1BAhZryk76rSldUODlyaEwtMms\/view?usp=sharing\">aqu\u00ed<\/a>. Actas disponibles en breve.<\/li>\n<\/ul>\n<ul style=\"text-align: justify\">\n<li style=\"text-align: justify\"><strong>Femenia Serra, F. y Perea Medina, M.J. (2016):<\/strong> <em>&#8220;Analysis of three Spanish potential smart tourism destinations&#8221;<\/em>.<i> En\u00a0<\/i>6th International Conference on Tourism: New Challenges and boundaries in tourism: policies, innovations and strategies (N\u00e1poles, Italia). Del 29 de junio al 2 de julio de 2016. Disponible en <a href=\"https:\/\/drive.google.com\/file\/d\/0B1BAhZryk76raEpXOEdsdWtJdm8\/view?usp=sharing\">aqu\u00ed.<\/a>\u00a0Actas disponibles en breve.<\/li>\n<\/ul>\n<ul style=\"text-align: justify\">\n<li><b>Ivars<\/b> <b>Baidal<\/b><b>, J.A., Celdr\u00e1n Bernabeu, M.A., Trivi\u00f1o P\u00e9rez, A. y Vera Rebollo, J.F. (2016): <\/b>\u201cTourist Mobility at coastal mass destinations: implications for sustainability\u201d. En 7th International Conference on Sustainable Tourism. Wessex Institute. 18-20 May 2016. Disponible <a href=\"https:\/\/drive.google.com\/file\/d\/0B1BAhZryk76rVUNaTUZUVGtOREE\/view?usp=sharing\">aqu\u00ed.<\/a><\/li>\n<\/ul>\n<ul style=\"text-align: justify\">\n<li style=\"text-align: justify\"><strong>Femenia Serra, F., Celdr\u00e1n Bernabeu, M.A. e Ivars Baidal, J.A. (2016): <\/strong>&#8220;Los Destinos Tur\u00edsticos Inteligentes. Una visi\u00f3n desde la perspectiva de los millennials&#8221;.<i> En\u00a0<\/i><em>TURITEC2016 (Congreso Internacional de Turismo y TIC)<\/em>. M\u00e1laga, 27 y 28 Octubre de 2016. Disponible <a href=\"https:\/\/drive.google.com\/file\/d\/0B1BAhZryk76rUy1MY2NkT2N2YlU\/view?usp=sharing\">aqu\u00ed<\/a>.<\/li>\n<\/ul>\n<ul style=\"text-align: justify\">\n<li style=\"text-align: justify\"><strong>Giner S\u00e1nchez, D., Ivars Baidal, J. A. y Solsona Monzon\u00eds, J. (2016):<\/strong> &#8220;El conocimiento compartido como clave de la inteligencia competitiva en los destinos tur\u00edsticos: el proyecto Booking Monitor&#8221;. En <em>II Congreso de Ciudades Inteligentes.<\/em> Madrid, 13-14 Abril 2016. Disponible <a href=\"https:\/\/www.esmartcity.es\/biblioteca\/libro-de-comunicaciones-ii-congreso-ciudades-inteligentes?utm_medium=Newsletter&amp;utm_source=6867\" target=\"_blank\" rel=\"noopener\">aqu\u00ed.<\/a><\/li>\n<\/ul>\n<ul style=\"text-align: justify\">\n<li style=\"text-align: justify\"><strong>Garc\u00eda\u00a0Hern\u00e1ndez, M. y Troititi\u00f1o Torralba, N.L. (2016):<\/strong> &#8220;La transformaci\u00f3n de la ciudad hist\u00f3rica en destino tur\u00edstico inteligente&#8221;. En Smart Tourism Congress. Barcelona, 9-11 Noviembre 2016. Disponible <a href=\"https:\/\/drive.google.com\/file\/d\/0B1BAhZryk76rczY2TkhfUVpTRGs\/view?usp=sharing\">aqu\u00ed<\/a>.<\/li>\n<\/ul>\n<ul style=\"text-align: justify\">\n<li style=\"text-align: justify\"><strong>Troititi\u00f1o Torralba, N.L. y Garc\u00eda\u00a0Hern\u00e1ndez, M. y \u00a0(2016):<\/strong> &#8220;Territorios y ciudades inteligentes: retos para convertirse en Smart Heritage Destination&#8221;.\u00a0<i>En\u00a0<\/i><em>TURITEC2016 (Congreso Internacional de Turismo y TIC)<\/em>. M\u00e1laga, 27 y 28 Octubre de 2016. Disponible <a href=\"https:\/\/drive.google.com\/file\/d\/0B1BAhZryk76rUy1MY2NkT2N2YlU\/view?usp=sharing\">aqu\u00ed<\/a>.<\/li>\n<\/ul>\n<ul style=\"text-align: justify\">\n<li><strong>Navarro Jurado, E. (2016):<\/strong> &#8220;Medici\u00f3n y evaluaci\u00f3n de la sostenibilidad a trav\u00e9s de indicadores&#8221;. En Congreso Turismo de la UJI 2016. Disponible<a href=\"https:\/\/drive.google.com\/file\/d\/0B1BAhZryk76rU3FzdVp0aEhwRjg\/view?usp=sharing\"> aqu\u00ed<\/a>.<\/li>\n<\/ul>\n<ul>\n<li style=\"text-align: justify\"><strong>Naval\u00f3n-Garc\u00eda, R. y M\u00ednguez Garc\u00eda, M.C. (2016):<\/strong>\u00a0<em>El desarrollo del fen\u00f3meno de los tours gratuitos (free tours) en los destinos culturales. El caso de la ciudad de Madrid: colaboraci\u00f3n o negocio<\/em>. En Bl\u00e0zquez, M. Mir-Gual, M., Murray, I. y Pons, G.X (eds.). Turismo y crisis, turismo colaborativo y ecoturismo. XV Coloquio de Geograf\u00eda de Turismo, el Ocio y la Recreaci\u00f3n de la AGE. Mon. Soc. Hist. Nat. Balears, 23: 19-29. SHNB-UIB-AGE. ISBN 978-84-617-5115-0. Disponible <a href=\"https:\/\/drive.google.com\/file\/d\/0B1BAhZryk76rYkM1aW9HMzg2T0U\/view?usp=sharing\">aqu\u00ed<\/a>.<\/li>\n<\/ul>\n<p>&nbsp;<\/p>\n<p>&nbsp;<\/p>\n<p>&nbsp;<\/p>\n","protected":false},"excerpt":{"rendered":"<p>Revistas Ivars-Baidal, J.A.; Celdr\u00e1n-Bernabeu, M.A.; Norberto Maz\u00f3n, J. y Perles-Ivars, A.F. (2017):\u00a0&#8220;Smart destinations and the evolution of ICTs: a new scenario for destination management?&#8221;, en Current Issues in Tourism, DOI: 10.1080\/13683500.2016.1276522. Disponible aqu\u00ed. Perles-Ribes, J.F., \u00a0Ram\u00f3n-Rodr\u00edguez, A., Vera-Rebollo, J.F. e \u00a0Ivars-Baidal, J.A. (2017): &#8220;The end of growth in residential tourism destinations: steady state or sustainable [&hellip;]<\/p>\n","protected":false},"author":1683,"featured_media":0,"parent":0,"menu_order":0,"comment_status":"closed","ping_status":"closed","template":"","meta":{"footnotes":""},"class_list":["post-40","page","type-page","status-publish","hentry"],"_links":{"self":[{"href":"https:\/\/blogs.ua.es\/destinosturisticosinteligentes\/wp-json\/wp\/v2\/pages\/40","targetHints":{"allow":["GET"]}}],"collection":[{"href":"https:\/\/blogs.ua.es\/destinosturisticosinteligentes\/wp-json\/wp\/v2\/pages"}],"about":[{"href":"https:\/\/blogs.ua.es\/destinosturisticosinteligentes\/wp-json\/wp\/v2\/types\/page"}],"author":[{"embeddable":true,"href":"https:\/\/blogs.ua.es\/destinosturisticosinteligentes\/wp-json\/wp\/v2\/users\/1683"}],"replies":[{"embeddable":true,"href":"https:\/\/blogs.ua.es\/destinosturisticosinteligentes\/wp-json\/wp\/v2\/comments?post=40"}],"version-history":[{"count":61,"href":"https:\/\/blogs.ua.es\/destinosturisticosinteligentes\/wp-json\/wp\/v2\/pages\/40\/revisions"}],"predecessor-version":[{"id":567,"href":"https:\/\/blogs.ua.es\/destinosturisticosinteligentes\/wp-json\/wp\/v2\/pages\/40\/revisions\/567"}],"wp:attachment":[{"href":"https:\/\/blogs.ua.es\/destinosturisticosinteligentes\/wp-json\/wp\/v2\/media?parent=40"}],"curies":[{"name":"wp","href":"https:\/\/api.w.org\/{rel}","templated":true}]}}