{"id":507,"date":"2017-09-27T21:43:06","date_gmt":"2017-09-27T21:43:06","guid":{"rendered":"https:\/\/blogs.ua.es\/destinosturisticosinteligentes\/?page_id=507"},"modified":"2017-09-27T22:33:26","modified_gmt":"2017-09-27T22:33:26","slug":"listado-de-comunicaciones-presentadas","status":"publish","type":"page","link":"https:\/\/blogs.ua.es\/destinosturisticosinteligentes\/listado-de-comunicaciones-presentadas\/","title":{"rendered":"LISTADO DE COMUNICACIONES"},"content":{"rendered":"<p><a href=\"https:\/\/blogs.ua.es\/destinosturisticosinteligentes\/files\/2017\/09\/unnamed-3.jpg\"><img loading=\"lazy\" decoding=\"async\" class=\"aligncenter size-full wp-image-467\" src=\"https:\/\/blogs.ua.es\/destinosturisticosinteligentes\/files\/2017\/09\/unnamed-3.jpg\" alt=\"\" width=\"2704\" height=\"966\" srcset=\"https:\/\/blogs.ua.es\/destinosturisticosinteligentes\/files\/2017\/09\/unnamed-3.jpg 2704w, https:\/\/blogs.ua.es\/destinosturisticosinteligentes\/files\/2017\/09\/unnamed-3-300x107.jpg 300w, https:\/\/blogs.ua.es\/destinosturisticosinteligentes\/files\/2017\/09\/unnamed-3-768x274.jpg 768w, https:\/\/blogs.ua.es\/destinosturisticosinteligentes\/files\/2017\/09\/unnamed-3-1024x366.jpg 1024w\" sizes=\"auto, (max-width: 2704px) 100vw, 2704px\" \/><\/a><\/p>\n<p>\u00a1Comienza la cuenta atr\u00e1s!<\/p>\n<p>Ya est\u00e1 aqu\u00ed el listado de comunicaciones que se presentar\u00e1n en #STDRM2017. Recuerda que se presentar\u00e1n la tarde del d\u00eda 26 en el Aulario II (Edf. 30, plano UA <a href=\"https:\/\/web.ua.es\/es\/universidad-alicante\/documentos\/plano-del-campus.pdf\">aqu\u00ed<\/a>), el mismo edificio donde celebraremos #STDRM2017<\/p>\n<p>\u00a1Hasta pronto!<\/p>\n<p><a href=\"https:\/\/blogs.ua.es\/destinosturisticosinteligentes\/files\/2017\/09\/Captura-de-pantalla-2017-09-27-a-las-23.37.30.png\"><br \/>\n<\/a><a href=\"https:\/\/blogs.ua.es\/destinosturisticosinteligentes\/files\/2017\/09\/Captura-de-pantalla-2017-09-28-a-las-0.32.37.png\"><img loading=\"lazy\" decoding=\"async\" class=\"aligncenter size-full wp-image-518\" src=\"https:\/\/blogs.ua.es\/destinosturisticosinteligentes\/files\/2017\/09\/Captura-de-pantalla-2017-09-28-a-las-0.32.37.png\" alt=\"\" width=\"2408\" height=\"1418\" srcset=\"https:\/\/blogs.ua.es\/destinosturisticosinteligentes\/files\/2017\/09\/Captura-de-pantalla-2017-09-28-a-las-0.32.37.png 2408w, https:\/\/blogs.ua.es\/destinosturisticosinteligentes\/files\/2017\/09\/Captura-de-pantalla-2017-09-28-a-las-0.32.37-300x177.png 300w, https:\/\/blogs.ua.es\/destinosturisticosinteligentes\/files\/2017\/09\/Captura-de-pantalla-2017-09-28-a-las-0.32.37-768x452.png 768w, https:\/\/blogs.ua.es\/destinosturisticosinteligentes\/files\/2017\/09\/Captura-de-pantalla-2017-09-28-a-las-0.32.37-1024x603.png 1024w\" sizes=\"auto, (max-width: 2408px) 100vw, 2408px\" \/><\/a><\/p>\n<p><a href=\"https:\/\/blogs.ua.es\/destinosturisticosinteligentes\/files\/2017\/09\/Captura-de-pantalla-2017-09-27-a-las-23.39.23.png\"><img loading=\"lazy\" decoding=\"async\" class=\"aligncenter size-full wp-image-509\" src=\"https:\/\/blogs.ua.es\/destinosturisticosinteligentes\/files\/2017\/09\/Captura-de-pantalla-2017-09-27-a-las-23.39.23.png\" alt=\"\" width=\"2416\" height=\"1422\" srcset=\"https:\/\/blogs.ua.es\/destinosturisticosinteligentes\/files\/2017\/09\/Captura-de-pantalla-2017-09-27-a-las-23.39.23.png 2416w, https:\/\/blogs.ua.es\/destinosturisticosinteligentes\/files\/2017\/09\/Captura-de-pantalla-2017-09-27-a-las-23.39.23-300x177.png 300w, https:\/\/blogs.ua.es\/destinosturisticosinteligentes\/files\/2017\/09\/Captura-de-pantalla-2017-09-27-a-las-23.39.23-768x452.png 768w, https:\/\/blogs.ua.es\/destinosturisticosinteligentes\/files\/2017\/09\/Captura-de-pantalla-2017-09-27-a-las-23.39.23-1024x603.png 1024w\" sizes=\"auto, (max-width: 2416px) 100vw, 2416px\" \/><\/a><\/p>\n<p><a href=\"https:\/\/blogs.ua.es\/destinosturisticosinteligentes\/files\/2017\/09\/Captura-de-pantalla-2017-09-27-a-las-23.40.36.png\"><img loading=\"lazy\" decoding=\"async\" class=\"aligncenter size-full wp-image-510\" src=\"https:\/\/blogs.ua.es\/destinosturisticosinteligentes\/files\/2017\/09\/Captura-de-pantalla-2017-09-27-a-las-23.40.36.png\" alt=\"\" width=\"2414\" height=\"302\" srcset=\"https:\/\/blogs.ua.es\/destinosturisticosinteligentes\/files\/2017\/09\/Captura-de-pantalla-2017-09-27-a-las-23.40.36.png 2414w, https:\/\/blogs.ua.es\/destinosturisticosinteligentes\/files\/2017\/09\/Captura-de-pantalla-2017-09-27-a-las-23.40.36-300x38.png 300w, https:\/\/blogs.ua.es\/destinosturisticosinteligentes\/files\/2017\/09\/Captura-de-pantalla-2017-09-27-a-las-23.40.36-768x96.png 768w, https:\/\/blogs.ua.es\/destinosturisticosinteligentes\/files\/2017\/09\/Captura-de-pantalla-2017-09-27-a-las-23.40.36-1024x128.png 1024w\" sizes=\"auto, (max-width: 2414px) 100vw, 2414px\" \/><\/a><\/p>\n","protected":false},"excerpt":{"rendered":"<p>\u00a1Comienza la cuenta atr\u00e1s! Ya est\u00e1 aqu\u00ed el listado de comunicaciones que se presentar\u00e1n en #STDRM2017. Recuerda que se presentar\u00e1n la tarde del d\u00eda 26 en el Aulario II (Edf. 30, plano UA aqu\u00ed), el mismo edificio donde celebraremos #STDRM2017 \u00a1Hasta pronto!<\/p>\n","protected":false},"author":1683,"featured_media":0,"parent":0,"menu_order":0,"comment_status":"closed","ping_status":"closed","template":"","meta":{"footnotes":""},"class_list":["post-507","page","type-page","status-publish","hentry"],"_links":{"self":[{"href":"https:\/\/blogs.ua.es\/destinosturisticosinteligentes\/wp-json\/wp\/v2\/pages\/507","targetHints":{"allow":["GET"]}}],"collection":[{"href":"https:\/\/blogs.ua.es\/destinosturisticosinteligentes\/wp-json\/wp\/v2\/pages"}],"about":[{"href":"https:\/\/blogs.ua.es\/destinosturisticosinteligentes\/wp-json\/wp\/v2\/types\/page"}],"author":[{"embeddable":true,"href":"https:\/\/blogs.ua.es\/destinosturisticosinteligentes\/wp-json\/wp\/v2\/users\/1683"}],"replies":[{"embeddable":true,"href":"https:\/\/blogs.ua.es\/destinosturisticosinteligentes\/wp-json\/wp\/v2\/comments?post=507"}],"version-history":[{"count":7,"href":"https:\/\/blogs.ua.es\/destinosturisticosinteligentes\/wp-json\/wp\/v2\/pages\/507\/revisions"}],"predecessor-version":[{"id":519,"href":"https:\/\/blogs.ua.es\/destinosturisticosinteligentes\/wp-json\/wp\/v2\/pages\/507\/revisions\/519"}],"wp:attachment":[{"href":"https:\/\/blogs.ua.es\/destinosturisticosinteligentes\/wp-json\/wp\/v2\/media?parent=507"}],"curies":[{"name":"wp","href":"https:\/\/api.w.org\/{rel}","templated":true}]}}