{"id":2,"date":"2013-01-24T09:53:25","date_gmt":"2013-01-24T09:53:25","guid":{"rendered":"https:\/\/blogs.ua.es\/deti\/?page_id=2"},"modified":"2013-02-15T18:46:07","modified_gmt":"2013-02-15T18:46:07","slug":"informacio","status":"publish","type":"page","link":"https:\/\/blogs.ua.es\/deti\/informacio\/","title":{"rendered":"Informaci\u00f3n"},"content":{"rendered":"<p><a href=\"http:\/\/cv1.cpd.ua.es\/ConsPlanesEstudio\/cvFichaAsiEEES.asp?wCodEst=D073&amp;wcodasi=47007&amp;wLengua=C&amp;scaca=2012-13\" target=\"_blank\">Direcci\u00f3n Estrat\u00e9gica de las Tecnolog\u00edas de la Informaci\u00f3n<\/a><br \/>\n<a href=\"http:\/\/cvnet.cpd.ua.es\/webcvnet\/PlanEstudio\/planEstudioND.aspx?plan=D073&amp;lengua=C\" target=\"_blank\">M\u00e1ster Universitario en Ingenier\u00eda Inform\u00e1tica<\/a><br \/>\n<a href=\"http:\/\/www.eps.ua.es\" target=\"_blank\">Escuela Polit\u00e9cnica Superior<\/a><br \/>\n<a href=\"http:\/\/www.ua.es\" target=\"_blank\">Universidad de Alicante<\/a><\/p>\n<p>Las Tecnolog\u00edas de la Informaci\u00f3n (TI) se han convertido en un aspecto imprescindible y estrat\u00e9gico de la mayor\u00eda de las organizaciones, siendo fundamentales para el mantenimiento, el crecimiento y la innovaci\u00f3n en las empresas. Para ello la estrategia en las TI debe estar convenientemente alineada con la estrategia empresarial, a trav\u00e9s de un enfoque integrado y global para la mejora del negocio, la alineaci\u00f3n de las TI, el desarrollo de estrategias, la ejecuci\u00f3n y gesti\u00f3n de las TI y sus recursos. Al mismo tiempo, las personas que deben llevar a cabo esta tarea deben tener las habilidades directivas adecuadas, tales como gesti\u00f3n del cambio, gesti\u00f3n de equipos y resoluci\u00f3n de conflictos, gesti\u00f3n del tiempo y negociaci\u00f3n, entre otras.<br \/>\nLa asignatura presenta un enfoque interdisciplinar para la direcci\u00f3n estrat\u00e9gica y el gobierno de las TI: planificaci\u00f3n, despliegue, gesti\u00f3n, seguimiento, medici\u00f3n y mantenimiento de un desarrollo exitoso de la estrategia en las TI, teniendo en cuenta aspectos como las caracter\u00edsticas de la organizaci\u00f3n, la sostenibilidad y el medio ambiente y las habilidades necesarias para una labor directiva. Para ello se propone una profundizaci\u00f3n en los principales componentes, guiando al estudiante en un marco general y global para la Estrategia y el Gobierno de las TI.<\/p>\n<p><a href=\"https:\/\/blogs.ua.es\/faraonllorens\" target=\"_blank\">Fara\u00f3n Llorens Largo<\/a><br \/>\n<a href=\"http:\/\/www.dccia.ua.es\" target=\"_blank\">Departamento de Ciencia de la Computaci\u00f3n e Inteligencia Artificial<\/a><\/p>\n","protected":false},"excerpt":{"rendered":"<p>Direcci\u00f3n Estrat\u00e9gica de las Tecnolog\u00edas de la Informaci\u00f3n M\u00e1ster Universitario en Ingenier\u00eda Inform\u00e1tica Escuela Polit\u00e9cnica Superior Universidad de Alicante Las Tecnolog\u00edas de la Informaci\u00f3n (TI) se han convertido en un aspecto imprescindible y estrat\u00e9gico de la mayor\u00eda de las organizaciones, &hellip; <a href=\"https:\/\/blogs.ua.es\/deti\/informacio\/\">Continue reading <span class=\"meta-nav\">&rarr;<\/span><\/a><\/p>\n","protected":false},"author":30,"featured_media":0,"parent":0,"menu_order":0,"comment_status":"open","ping_status":"open","template":"","meta":{"footnotes":""},"class_list":["post-2","page","type-page","status-publish","hentry"],"_links":{"self":[{"href":"https:\/\/blogs.ua.es\/deti\/wp-json\/wp\/v2\/pages\/2","targetHints":{"allow":["GET"]}}],"collection":[{"href":"https:\/\/blogs.ua.es\/deti\/wp-json\/wp\/v2\/pages"}],"about":[{"href":"https:\/\/blogs.ua.es\/deti\/wp-json\/wp\/v2\/types\/page"}],"author":[{"embeddable":true,"href":"https:\/\/blogs.ua.es\/deti\/wp-json\/wp\/v2\/users\/30"}],"replies":[{"embeddable":true,"href":"https:\/\/blogs.ua.es\/deti\/wp-json\/wp\/v2\/comments?post=2"}],"version-history":[{"count":2,"href":"https:\/\/blogs.ua.es\/deti\/wp-json\/wp\/v2\/pages\/2\/revisions"}],"predecessor-version":[{"id":18,"href":"https:\/\/blogs.ua.es\/deti\/wp-json\/wp\/v2\/pages\/2\/revisions\/18"}],"wp:attachment":[{"href":"https:\/\/blogs.ua.es\/deti\/wp-json\/wp\/v2\/media?parent=2"}],"curies":[{"name":"wp","href":"https:\/\/api.w.org\/{rel}","templated":true}]}}