{"id":10,"date":"2014-12-17T18:16:13","date_gmt":"2014-12-17T18:16:13","guid":{"rendered":"https:\/\/blogs.ua.es\/didacticadelageografia\/?page_id=10"},"modified":"2014-12-17T18:16:13","modified_gmt":"2014-12-17T18:16:13","slug":"practica-4","status":"publish","type":"page","link":"https:\/\/blogs.ua.es\/didacticadelageografia\/practica-4\/","title":{"rendered":"Pr\u00e1ctica 4"},"content":{"rendered":"<p>Pr\u00e1ctica correspondiente al Tema 5 sobre las estrategias metodol\u00f3gicas. Desarrollo de una tabla de recogida de datos para una salida de campo enmarcado en el m\u00e9todo de aprendizaje situado.<\/p>\n<p>La pr\u00e1ctica ha sido realizada por Eva G\u00f3mez S\u00e1nchez, David Manj\u00f3n L\u00f3pez y Ga\u00eblle Garc\u00eda Belleville<\/p>\n<p>&nbsp;<\/p>\n<p><strong>\u00a0<\/strong><\/p>\n<ul>\n<li><strong>Planifica una salida de campo para tus futuros alumnos de secundaria en uno de los Parques Naturales de la provincia de Alicante que se proponen a continuaci\u00f3n. Para que t\u00fa actividad sea completa y est\u00e9 bien estructurada deber\u00e1s tener en cuenta los siguientes elementos.<\/strong><\/li>\n<\/ul>\n<p><strong>\u00a0<\/strong><\/p>\n<ul>\n<li><strong>Parque natural del Carrascal de la Font Roja: <\/strong><\/li>\n<\/ul>\n<p><strong><a href=\"http:\/\/parquesnaturales.gva.es\/web\/indice.aspx?nodo=2983\">http:\/\/parquesnaturales.gva.es\/web\/indice.aspx?nodo=2983<\/a><\/strong><\/p>\n<ul>\n<li><strong>Parque natural El Penyal d\u2019Ifac<\/strong><\/li>\n<\/ul>\n<p><strong><a href=\"http:\/\/parquesnaturales.gva.es\/web\/indice.aspx?nodo=2985&amp;idioma=C\">http:\/\/parquesnaturales.gva.es\/web\/indice.aspx?nodo=2985&amp;idioma=C<\/a><\/strong><\/p>\n<ul>\n<li><strong>Parque natural Lagunas de La Mata-Torrevieja<\/strong><\/li>\n<\/ul>\n<p><strong><a href=\"http:\/\/parquesnaturales.gva.es\/web\/indice.aspx?nodo=2989\">http:\/\/parquesnaturales.gva.es\/web\/indice.aspx?nodo=2989<\/a><\/strong><\/p>\n<p><strong>\u00a0<\/strong><\/p>\n<p><strong>\u00a0<\/strong><\/p>\n<table>\n<tbody>\n<tr>\n<td width=\"192\"><strong>Objetivos<\/strong><\/td>\n<td colspan=\"2\" width=\"384\">-Conocer y comprender la naturaleza alicantina atendiendo a la flora y la fauna de la Font Roja.<\/p>\n<p>-Conocer la tipolog\u00eda geogr\u00e1fica de las tierras alicantinas.<\/p>\n<p>-Comprender y valorar el rastro hist\u00f3rico humano en la Font Roja.<\/p>\n<p>-Concienciar a los alumnos de la importancia del medio ambiente.<\/p>\n<p><strong>\u00a0<\/strong><\/p>\n<p><strong>\u00a0<\/strong><\/p>\n<p><strong>\u00a0<\/strong><\/td>\n<\/tr>\n<tr>\n<td width=\"192\"><strong>Contenidos<\/strong><\/td>\n<td colspan=\"2\" width=\"384\">-Flora y fauna de la Font Roja.<\/p>\n<p>-Elementos f\u00edsico-geogr\u00e1ficos de la Font Roja.<\/p>\n<p>-Arte Rupestre levantino.<\/p>\n<p>-Concienciaci\u00f3n medio ambiental.<\/p>\n<p><strong>\u00a0<\/strong><\/p>\n<p><strong>\u00a0<\/strong><\/p>\n<p><strong>\u00a0<\/strong><\/td>\n<\/tr>\n<tr>\n<td width=\"192\"><strong>Parque natural<\/strong><\/td>\n<td colspan=\"2\" width=\"384\">Font Roja<\/td>\n<\/tr>\n<tr>\n<td width=\"192\"><strong>Mapa<\/strong><\/td>\n<td colspan=\"2\" width=\"384\"><strong>\u00a0<\/strong><\/p>\n<p><strong>\u00a0<\/strong><\/p>\n<p><strong><a href=\"http:\/\/cort.as\/M8Cw\">http:\/\/cort.as\/M8Cw<\/a><\/strong><\/p>\n<p><strong>\u00a0<\/strong><\/p>\n<p><strong>\u00a0<\/strong><\/p>\n<p><strong>\u00a0<\/strong><\/td>\n<\/tr>\n<tr>\n<td width=\"192\"><strong>Ruta o sendero <\/strong>(describe el sendero escogido y justifica tu elecci\u00f3n)<\/td>\n<td colspan=\"2\" width=\"384\"><strong>Ruta Roja Barranc de l\u2019infern. <\/strong><\/p>\n<p><strong>Descripci\u00f3n<\/strong>:<\/p>\n<p>Iniciamos la ruta en el Centro de Visitantes donde se realiza una breve descripci\u00f3n de la ruta y el patrimonio natural e hist\u00f3rico que vamos a ver. A pocos metros llegamos a la Cova Gelada y despu\u00e9s al Pla de la Mina donde observamos la reproducci\u00f3n del horno de cal y el mirador.<\/p>\n<p>A 1\u20191 km del inicio llegamos al punto m\u00e1s alto de la ruta el Pla dels Galers y continuamos hacia el Barranc de l\u2019infern donde a los 10 minutos de descenso nos encontramos con el barranco desde donde se observa el r\u00edo Polop.<\/p>\n<p>Antes de finalizar la ruta y tras haber pasado por los barrancos llegamos a la Font del Rossinyol y el merendero y por \u00faltimo acabamos nuestra ruta en el Santuario.<\/p>\n<p>&nbsp;<\/p>\n<p><strong>Justificaci\u00f3n<\/strong>:<\/p>\n<p>Hemos escogido esta ruta porque tanto el recorrido en km como el tiempo nos parece adecuado para el curso con el que vamos a realizar la salida. Adem\u00e1s de esto en la ruta podemos observar la flora y la fauna local que vamos a estudiar as\u00ed como los elementos f\u00edsicos y culturales que hemos planteado en los objetivos.<\/p>\n<p>&nbsp;<\/td>\n<\/tr>\n<tr>\n<td width=\"192\"><strong>Distancia a recorrer<\/strong><\/td>\n<td colspan=\"2\" width=\"384\">4\u20195 km<\/td>\n<\/tr>\n<tr>\n<td width=\"192\"><strong>Duraci\u00f3n<\/strong><\/td>\n<td colspan=\"2\" width=\"384\">2 horas<\/td>\n<\/tr>\n<tr>\n<td width=\"192\"><strong>Puntos de salida &#8211; llegada<\/strong><\/td>\n<td width=\"192\">Centro de Visitantes<\/td>\n<td width=\"192\">Santuario<\/td>\n<\/tr>\n<\/tbody>\n<\/table>\n<p><strong>\u00a0<\/strong><\/p>\n<p><strong>\u00a0<\/strong><\/p>\n<p><strong>\u00a0<\/strong><\/p>\n<p><strong>\u00a0<\/strong><\/p>\n<p><strong>\u00a0<\/strong><\/p>\n<table>\n<tbody>\n<tr>\n<td width=\"124\"><strong>Puntos de inter\u00e9s<\/strong><\/td>\n<td colspan=\"4\" width=\"457\">Centro de visitantes, Cova Gelada, Mirador del Pla de la Mina, Arte Rupestre en el Barranc de l\u2019infern, Pla dels Galers, Font del Rossinyol, Santuario.<\/td>\n<\/tr>\n<tr>\n<td width=\"124\"><strong>Observaci\u00f3n<\/strong><\/td>\n<td width=\"100\"><strong>Elementos F\u00edsicos<\/strong><\/td>\n<td width=\"122\"><strong>Animales<\/strong><\/td>\n<td width=\"115\"><strong>Plantas<\/strong><\/td>\n<td width=\"120\"><strong>Element. Humanos<\/strong><\/td>\n<\/tr>\n<tr>\n<td rowspan=\"6\" width=\"124\"><strong>\u00a0<\/strong><\/td>\n<td width=\"100\">Cova Gelada<\/td>\n<td width=\"122\">Jabal\u00edes<\/td>\n<td width=\"115\">Encinas<\/td>\n<td width=\"120\">Mirador Pla de la Mina<\/td>\n<\/tr>\n<tr>\n<td width=\"100\">Terreno Arcillas rojas<\/td>\n<td width=\"122\">Gavilanes<\/td>\n<td width=\"115\">Arce<\/td>\n<td width=\"120\">Centro de Visitantes<\/td>\n<\/tr>\n<tr>\n<td width=\"100\">Rocas Calc\u00e1reas<\/td>\n<td width=\"122\">Azores<\/td>\n<td width=\"115\">Fresno<\/td>\n<td width=\"120\">Horno de Cal en el Pla de la Mina<\/td>\n<\/tr>\n<tr>\n<td width=\"100\">Acantilado rocoso con vistas al r\u00edo Polop<\/td>\n<td width=\"122\">Petirrojos<\/td>\n<td width=\"115\">Roble valenciano o Quejigo<\/td>\n<td width=\"120\">Santuario<\/td>\n<\/tr>\n<tr>\n<td width=\"100\">Barranc de L\u2019infern<\/td>\n<td width=\"122\">Currucas<\/td>\n<td width=\"115\">Madreselva<\/td>\n<td width=\"120\">Font del Rossinyol<\/td>\n<\/tr>\n<tr>\n<td width=\"100\"><strong>\u2026<\/strong><\/td>\n<td width=\"122\">Ruise\u00f1ores<\/td>\n<td width=\"115\">Rubia<\/td>\n<td width=\"120\">Arte Rupestre<\/td>\n<\/tr>\n<tr>\n<td width=\"124\"><strong>\u00a0<\/strong><\/td>\n<td width=\"100\"><strong>\u00a0<\/strong><\/td>\n<td width=\"122\"><\/td>\n<td width=\"115\">Hiniesta borde<\/td>\n<td width=\"120\"><\/td>\n<\/tr>\n<tr>\n<td width=\"124\"><strong>\u00a0<\/strong><\/td>\n<td width=\"100\"><strong>\u00a0<\/strong><\/td>\n<td width=\"122\"><\/td>\n<td width=\"115\">Escob\u00f3n<\/td>\n<td width=\"120\"><\/td>\n<\/tr>\n<tr>\n<td width=\"124\"><strong>\u00a0<\/strong><\/td>\n<td width=\"100\"><strong>\u00a0<\/strong><\/td>\n<td width=\"122\"><\/td>\n<td width=\"115\">Espino albar<\/td>\n<td width=\"120\"><\/td>\n<\/tr>\n<tr>\n<td width=\"124\"><strong>\u00a0<\/strong><\/td>\n<td width=\"100\"><strong>\u00a0<\/strong><\/td>\n<td width=\"122\"><\/td>\n<td width=\"115\">Pino carrascal<\/td>\n<td width=\"120\"><\/td>\n<\/tr>\n<tr>\n<td width=\"124\"><strong>\u00a0<\/strong><\/td>\n<td width=\"100\"><strong>\u00a0<\/strong><\/td>\n<td width=\"122\"><\/td>\n<td width=\"115\">Aliagas<\/td>\n<td width=\"120\"><\/td>\n<\/tr>\n<tr>\n<td width=\"124\"><strong>\u00a0<\/strong><\/td>\n<td width=\"100\"><strong>\u00a0<\/strong><\/td>\n<td width=\"122\"><\/td>\n<td width=\"115\">Jaras<\/td>\n<td width=\"120\"><\/td>\n<\/tr>\n<tr>\n<td width=\"124\"><strong>\u00a0<\/strong><\/td>\n<td width=\"100\"><strong>\u00a0<\/strong><\/td>\n<td width=\"122\"><\/td>\n<td width=\"115\">Enebros<\/td>\n<td width=\"120\"><\/td>\n<\/tr>\n<tr>\n<td width=\"124\"><strong>\u00a0<\/strong><\/td>\n<td width=\"100\"><strong>\u00a0<\/strong><\/td>\n<td width=\"122\"><\/td>\n<td width=\"115\">Helechos<\/td>\n<td width=\"120\"><\/td>\n<\/tr>\n<tr>\n<td width=\"124\"><strong>\u00a0<\/strong><\/td>\n<td width=\"100\"><strong>\u00a0<\/strong><\/td>\n<td width=\"122\"><\/td>\n<td width=\"115\">Musgo<\/td>\n<td width=\"120\"><\/td>\n<\/tr>\n<tr>\n<td width=\"124\"><strong>\u00a0<\/strong><\/td>\n<td width=\"100\"><strong>\u00a0<\/strong><\/td>\n<td width=\"122\"><\/td>\n<td width=\"115\">Durillos<\/td>\n<td width=\"120\"><\/td>\n<\/tr>\n<tr>\n<td width=\"124\"><strong>\u00a0<\/strong><\/td>\n<td width=\"100\"><strong>\u00a0<\/strong><\/td>\n<td width=\"122\"><\/td>\n<td width=\"115\">Zarzamoras<\/td>\n<td width=\"120\"><\/td>\n<\/tr>\n<tr>\n<td width=\"124\"><strong>\u00a0<\/strong><\/td>\n<td width=\"100\"><strong>\u00a0<\/strong><\/td>\n<td width=\"122\"><\/td>\n<td width=\"115\">Ruscos<\/td>\n<td width=\"120\"><\/td>\n<\/tr>\n<tr>\n<td width=\"124\"><strong>\u00a0<\/strong><\/td>\n<td width=\"100\"><strong>\u00a0<\/strong><\/td>\n<td width=\"122\"><\/td>\n<td width=\"115\">Hiedras<\/td>\n<td width=\"120\"><\/td>\n<\/tr>\n<\/tbody>\n<\/table>\n<p><strong>\u00a0<\/strong><\/p>\n<p><strong>\u00a0<\/strong><\/p>\n","protected":false},"excerpt":{"rendered":"<p>Pr\u00e1ctica correspondiente al Tema 5 sobre las estrategias metodol\u00f3gicas. Desarrollo de una tabla de recogida de datos para una salida de campo enmarcado en el m\u00e9todo de aprendizaje situado. La pr\u00e1ctica ha sido realizada por Eva G\u00f3mez S\u00e1nchez, David Manj\u00f3n L\u00f3pez y Ga\u00eblle Garc\u00eda Belleville &nbsp; \u00a0 Planifica una salida de campo para tus futuros [&hellip;]<\/p>\n","protected":false},"author":3171,"featured_media":0,"parent":0,"menu_order":0,"comment_status":"open","ping_status":"open","template":"","meta":{"footnotes":""},"class_list":["post-10","page","type-page","status-publish","hentry"],"_links":{"self":[{"href":"https:\/\/blogs.ua.es\/didacticadelageografia\/wp-json\/wp\/v2\/pages\/10","targetHints":{"allow":["GET"]}}],"collection":[{"href":"https:\/\/blogs.ua.es\/didacticadelageografia\/wp-json\/wp\/v2\/pages"}],"about":[{"href":"https:\/\/blogs.ua.es\/didacticadelageografia\/wp-json\/wp\/v2\/types\/page"}],"author":[{"embeddable":true,"href":"https:\/\/blogs.ua.es\/didacticadelageografia\/wp-json\/wp\/v2\/users\/3171"}],"replies":[{"embeddable":true,"href":"https:\/\/blogs.ua.es\/didacticadelageografia\/wp-json\/wp\/v2\/comments?post=10"}],"version-history":[{"count":1,"href":"https:\/\/blogs.ua.es\/didacticadelageografia\/wp-json\/wp\/v2\/pages\/10\/revisions"}],"predecessor-version":[{"id":11,"href":"https:\/\/blogs.ua.es\/didacticadelageografia\/wp-json\/wp\/v2\/pages\/10\/revisions\/11"}],"wp:attachment":[{"href":"https:\/\/blogs.ua.es\/didacticadelageografia\/wp-json\/wp\/v2\/media?parent=10"}],"curies":[{"name":"wp","href":"https:\/\/api.w.org\/{rel}","templated":true}]}}