{"id":32,"date":"2014-12-17T18:26:19","date_gmt":"2014-12-17T18:26:19","guid":{"rendered":"https:\/\/blogs.ua.es\/didacticadelahistoria\/?page_id=32"},"modified":"2014-12-21T19:25:04","modified_gmt":"2014-12-21T18:25:04","slug":"practica-5","status":"publish","type":"page","link":"https:\/\/blogs.ua.es\/didacticadelahistoria\/practica-5\/","title":{"rendered":"Pr\u00e1ctica 5"},"content":{"rendered":"<p style=\"text-align: justify\">Pr\u00e1ctica del Tema 5 sobre estrategias metodol\u00f3gicas que consiste en la realizaci\u00f3n de una l\u00ednea del tiempo. Para ello hemos utilizado una p\u00e1gina web que permite realizar l\u00edneas de tiempo on-line: Dipity.com<\/p>\n<p style=\"text-align: justify\">Realizada por Lourdes Dom\u00ednguez Alonso y Ga\u00eblle Garc\u00eda Belleville<\/p>\n<p>LINK: <a href=\"http:\/\/www.dipity.com\/gaellegb\/Impresionismo\/\">http:\/\/www.dipity.com\/gaellegb\/Impresionismo\/<\/a><\/p>\n<p><a href=\"https:\/\/blogs.ua.es\/didacticadelahistoria\/files\/2014\/12\/captura-linea.png\"><img loading=\"lazy\" decoding=\"async\" class=\"wp-image-33 aligncenter\" src=\"https:\/\/blogs.ua.es\/didacticadelahistoria\/files\/2014\/12\/captura-linea-300x138.png\" alt=\"captura linea\" width=\"428\" height=\"197\" srcset=\"https:\/\/blogs.ua.es\/didacticadelahistoria\/files\/2014\/12\/captura-linea-300x138.png 300w, https:\/\/blogs.ua.es\/didacticadelahistoria\/files\/2014\/12\/captura-linea-1024x474.png 1024w, https:\/\/blogs.ua.es\/didacticadelahistoria\/files\/2014\/12\/captura-linea.png 1086w\" sizes=\"auto, (max-width: 428px) 100vw, 428px\" \/><\/a><\/p>\n","protected":false},"excerpt":{"rendered":"<p>Pr\u00e1ctica del Tema 5 sobre estrategias metodol\u00f3gicas que consiste en la realizaci\u00f3n de una l\u00ednea del tiempo. Para ello hemos utilizado una p\u00e1gina web que permite realizar l\u00edneas de tiempo on-line: Dipity.com Realizada por Lourdes Dom\u00ednguez Alonso y Ga\u00eblle Garc\u00eda Belleville LINK: http:\/\/www.dipity.com\/gaellegb\/Impresionismo\/<\/p>\n","protected":false},"author":3171,"featured_media":0,"parent":0,"menu_order":0,"comment_status":"open","ping_status":"closed","template":"","meta":{"footnotes":""},"class_list":["post-32","page","type-page","status-publish","hentry"],"_links":{"self":[{"href":"https:\/\/blogs.ua.es\/didacticadelahistoria\/wp-json\/wp\/v2\/pages\/32","targetHints":{"allow":["GET"]}}],"collection":[{"href":"https:\/\/blogs.ua.es\/didacticadelahistoria\/wp-json\/wp\/v2\/pages"}],"about":[{"href":"https:\/\/blogs.ua.es\/didacticadelahistoria\/wp-json\/wp\/v2\/types\/page"}],"author":[{"embeddable":true,"href":"https:\/\/blogs.ua.es\/didacticadelahistoria\/wp-json\/wp\/v2\/users\/3171"}],"replies":[{"embeddable":true,"href":"https:\/\/blogs.ua.es\/didacticadelahistoria\/wp-json\/wp\/v2\/comments?post=32"}],"version-history":[{"count":3,"href":"https:\/\/blogs.ua.es\/didacticadelahistoria\/wp-json\/wp\/v2\/pages\/32\/revisions"}],"predecessor-version":[{"id":49,"href":"https:\/\/blogs.ua.es\/didacticadelahistoria\/wp-json\/wp\/v2\/pages\/32\/revisions\/49"}],"wp:attachment":[{"href":"https:\/\/blogs.ua.es\/didacticadelahistoria\/wp-json\/wp\/v2\/media?parent=32"}],"curies":[{"name":"wp","href":"https:\/\/api.w.org\/{rel}","templated":true}]}}