{"id":182,"date":"2010-10-16T19:26:15","date_gmt":"2010-10-16T17:26:15","guid":{"rendered":"https:\/\/blogs.ua.es\/documentaleshistoriamoderna\/"},"modified":"2010-10-16T20:47:54","modified_gmt":"2010-10-16T18:47:54","slug":"isabel-i-de-castilla","status":"publish","type":"page","link":"https:\/\/blogs.ua.es\/documentaleshistoriamoderna\/isabel-i-de-castilla\/","title":{"rendered":"Isabel I de Castilla"},"content":{"rendered":"<p style=\"text-align: justify\"><span style=\"text-decoration: underline\"><a title=\"Juan de Flandes\" href=\"http:\/\/www.museodelprado.es\/enciclopedia\/enciclopedia-on-line\/voz\/flandes-juan-de\/\" target=\"_blank\">Juan de Flandes<\/a><\/span> fue\u00a0pintor de la Corte de Castilla\u00a0desde 1496 hasta la muerte de Isabel <em>la Cat\u00f3lica<\/em> en 1504. En ese breve espacio de tiempo realiz\u00f3 importantes obras de entre las que nos\u00a0fijamos en\u00a0el\u00a0lienzo realizado a la reina, <em>Retrato de Isabel la Cat\u00f3lica<\/em>, que puede admirarse en el Palacio Real de El Pardo, en Madrid. \u00bfO no? Sobre la originalidad de esta obra planea una duda a\u00fan sin resolver. No es trascendente en este momento, pues tanto original como copia reflejan un semblante casi id\u00e9ntico, pero\u00a0pod\u00e9is leer m\u00e1s sobre el tema en este <span style=\"text-decoration: underline\"><a title=\"Sobre el retrato de Isabel I de Castilla\" href=\"http:\/\/descargas.cervantesvirtual.com\/servlet\/SirveObras\/08149441079703039647857\/024718.pdf?incr=1\" target=\"_blank\">informe<\/a><\/span>.<\/p>\n<p style=\"text-align: center\"><a rel=\"attachment wp-att-183\" href=\"https:\/\/blogs.ua.es\/documentaleshistoriamoderna\/isabel-i-de-castilla\/isabellaofcastile06\/\"><img loading=\"lazy\" decoding=\"async\" class=\"aligncenter size-full wp-image-183\" style=\"margin: 0px;border: 0px\" src=\"https:\/\/blogs.ua.es\/documentaleshistoriamoderna\/files\/2010\/10\/IsabellaofCastile06.jpg\" alt=\"\" width=\"373\" height=\"390\" srcset=\"https:\/\/blogs.ua.es\/documentaleshistoriamoderna\/files\/2010\/10\/IsabellaofCastile06.jpg 373w, https:\/\/blogs.ua.es\/documentaleshistoriamoderna\/files\/2010\/10\/IsabellaofCastile06-143x150.jpg 143w, https:\/\/blogs.ua.es\/documentaleshistoriamoderna\/files\/2010\/10\/IsabellaofCastile06-286x300.jpg 286w\" sizes=\"auto, (max-width: 373px) 100vw, 373px\" \/><\/a><\/p>\n<p style=\"text-align: justify\">Contempor\u00e1neo a ambos fue tambi\u00e9n el artista <span style=\"text-decoration: underline\"><a title=\"Alejo Fern\u00e1ndez\" href=\"http:\/\/personal.us.es\/alporu\/histsevilla\/alejo_fernandez.htm\" target=\"_blank\">Alejo Farn\u00e1ndez<\/a><\/span>.\u00a0 Obra de este autor y creada como tabla central del retablo para la capilla de la Casa de Contrataci\u00f3n de Sevilla, descubrimos la pintura m\u00e1s temprana que se conoce cuyo tema es el descubrimiento de Am\u00e9rica: <em>La virgen de los Navegantes<\/em>.<\/p>\n<p style=\"text-align: center\"><a rel=\"attachment wp-att-194\" href=\"https:\/\/blogs.ua.es\/documentaleshistoriamoderna\/isabel-i-de-castilla\/la-virgen-de-los-navegantes\/\"><img loading=\"lazy\" decoding=\"async\" class=\"aligncenter size-full wp-image-194\" style=\"margin: 0px;border: 0px\" src=\"https:\/\/blogs.ua.es\/documentaleshistoriamoderna\/files\/2010\/10\/La-Virgen-de-los-navegantes.jpg\" alt=\"\" width=\"349\" height=\"599\" srcset=\"https:\/\/blogs.ua.es\/documentaleshistoriamoderna\/files\/2010\/10\/La-Virgen-de-los-navegantes.jpg 349w, https:\/\/blogs.ua.es\/documentaleshistoriamoderna\/files\/2010\/10\/La-Virgen-de-los-navegantes-87x150.jpg 87w, https:\/\/blogs.ua.es\/documentaleshistoriamoderna\/files\/2010\/10\/La-Virgen-de-los-navegantes-174x300.jpg 174w\" sizes=\"auto, (max-width: 349px) 100vw, 349px\" \/><\/a><\/p>\n<p style=\"text-align: justify\">En esta obra, Mar\u00eda est\u00e1s representada cubriendo con su manto a\u00a0los espa\u00f1oles. Se alza sobre los mares uniendo continentes o sobre la bah\u00eda, para proteger a los barcos, su carga y la tripulaci\u00f3n embarcando rumbo a su odisea. Vemos en la composici\u00f3n a Fernando II de Arag\u00f3n y al Emperador Carlos V (con capa roja) junto a Isabel I de Castilla, retratados\u00a0con Cristobal Col\u00f3n, Am\u00e9rico Vespucio y uno de los hermanos Pinz\u00f3n, que se muestran arrodillados. Vemos a continuaci\u00f3n la supuesta imagen del descubridor:<\/p>\n<p style=\"text-align: center\"><a rel=\"attachment wp-att-197\" href=\"https:\/\/blogs.ua.es\/documentaleshistoriamoderna\/isabel-i-de-castilla\/cristobal-colon\/\"><img loading=\"lazy\" decoding=\"async\" class=\"aligncenter size-full wp-image-197\" style=\"margin: 0px;border: 0px\" src=\"https:\/\/blogs.ua.es\/documentaleshistoriamoderna\/files\/2010\/10\/Cristobal-Col\u00f3n.jpg\" alt=\"\" width=\"434\" height=\"599\" srcset=\"https:\/\/blogs.ua.es\/documentaleshistoriamoderna\/files\/2010\/10\/Cristobal-Col\u00f3n.jpg 434w, https:\/\/blogs.ua.es\/documentaleshistoriamoderna\/files\/2010\/10\/Cristobal-Col\u00f3n-108x150.jpg 108w, https:\/\/blogs.ua.es\/documentaleshistoriamoderna\/files\/2010\/10\/Cristobal-Col\u00f3n-217x300.jpg 217w\" sizes=\"auto, (max-width: 434px) 100vw, 434px\" \/><\/a><\/p>\n<p style=\"text-align: justify\">Y por \u00faltimo debemos citar otra obra, en este caso\u00a0de autor desconocido,\u00a0que tambi\u00e9n nos acerca a la figura de Isabel, <em>Madonna de los Reyes Cat\u00f3licos<\/em>.\u00a0Pintada entre 1490 y 1495, se representa a la Virgen con el Ni\u00f1o en brazos y sentada en un trono. De pie se sit\u00faan Santo Tom\u00e1s, a su izquierda portando una iglesia, y Santo Domingo, en el lado contrario con un libro y una palma. Arrodillados se representan a la reina Isabel I, la infanta Isabel y un supuesto retrato de Pedro M\u00e1rtir de Angler\u00eda a la derecha; y a Fernando <em>el Cat\u00f3lico<\/em>, el principe Juan y el Inquisidor General, fray Tom\u00e1s de Torquemada, a la izquierda.<\/p>\n<p style=\"text-align: center\"><a rel=\"attachment wp-att-200\" href=\"https:\/\/blogs.ua.es\/documentaleshistoriamoderna\/isabel-i-de-castilla\/madonna-de-los-reyes-catolicos\/\"><img loading=\"lazy\" decoding=\"async\" class=\"aligncenter size-full wp-image-200\" style=\"margin: 0px;border: 0px\" src=\"https:\/\/blogs.ua.es\/documentaleshistoriamoderna\/files\/2010\/10\/Madonna-de-los-Reyes-Cat\u00f3licos.jpg\" alt=\"\" width=\"545\" height=\"600\" srcset=\"https:\/\/blogs.ua.es\/documentaleshistoriamoderna\/files\/2010\/10\/Madonna-de-los-Reyes-Cat\u00f3licos.jpg 545w, https:\/\/blogs.ua.es\/documentaleshistoriamoderna\/files\/2010\/10\/Madonna-de-los-Reyes-Cat\u00f3licos-136x150.jpg 136w, https:\/\/blogs.ua.es\/documentaleshistoriamoderna\/files\/2010\/10\/Madonna-de-los-Reyes-Cat\u00f3licos-272x300.jpg 272w\" sizes=\"auto, (max-width: 545px) 100vw, 545px\" \/><\/a><\/p>\n","protected":false},"excerpt":{"rendered":"<p>Juan de Flandes fue\u00a0pintor de la Corte de Castilla\u00a0desde 1496 hasta la muerte de Isabel la Cat\u00f3lica en 1504. En ese breve espacio de tiempo realiz\u00f3 importantes obras de entre las que nos\u00a0fijamos en\u00a0el\u00a0lienzo realizado a la reina, Retrato de Isabel la Cat\u00f3lica, que puede admirarse en el Palacio Real de El Pardo, en Madrid. [&hellip;]<\/p>\n","protected":false},"author":1783,"featured_media":0,"parent":0,"menu_order":0,"comment_status":"open","ping_status":"open","template":"","meta":{"footnotes":""},"class_list":["post-182","page","type-page","status-publish","hentry"],"_links":{"self":[{"href":"https:\/\/blogs.ua.es\/documentaleshistoriamoderna\/wp-json\/wp\/v2\/pages\/182","targetHints":{"allow":["GET"]}}],"collection":[{"href":"https:\/\/blogs.ua.es\/documentaleshistoriamoderna\/wp-json\/wp\/v2\/pages"}],"about":[{"href":"https:\/\/blogs.ua.es\/documentaleshistoriamoderna\/wp-json\/wp\/v2\/types\/page"}],"author":[{"embeddable":true,"href":"https:\/\/blogs.ua.es\/documentaleshistoriamoderna\/wp-json\/wp\/v2\/users\/1783"}],"replies":[{"embeddable":true,"href":"https:\/\/blogs.ua.es\/documentaleshistoriamoderna\/wp-json\/wp\/v2\/comments?post=182"}],"version-history":[{"count":27,"href":"https:\/\/blogs.ua.es\/documentaleshistoriamoderna\/wp-json\/wp\/v2\/pages\/182\/revisions"}],"predecessor-version":[{"id":188,"href":"https:\/\/blogs.ua.es\/documentaleshistoriamoderna\/wp-json\/wp\/v2\/pages\/182\/revisions\/188"}],"wp:attachment":[{"href":"https:\/\/blogs.ua.es\/documentaleshistoriamoderna\/wp-json\/wp\/v2\/media?parent=182"}],"curies":[{"name":"wp","href":"https:\/\/api.w.org\/{rel}","templated":true}]}}