{"id":16,"date":"2012-01-09T17:42:33","date_gmt":"2012-01-09T17:42:33","guid":{"rendered":"https:\/\/blogs.ua.es\/documentalespeliculasgreciaclasica\/?page_id=16"},"modified":"2012-01-19T22:57:46","modified_gmt":"2012-01-19T22:57:46","slug":"metodologia","status":"publish","type":"page","link":"https:\/\/blogs.ua.es\/documentalespeliculasgreciaclasica\/metodologia\/","title":{"rendered":"Metodolog\u00eda"},"content":{"rendered":"<p style=\"text-align: justify\">Para la realizaci\u00f3n de nuestro blog hemos tratado de recopilar todas las pel\u00edculas y documentales sobre la Grecia Cl\u00e1sica conocidas por nosotros para tener una base por la que empezar el trabajo. Por desgracia, no eran muchas las que\u00a0conoc\u00edamos, as\u00ed que tuvimos que buscar en diferentes p\u00e1ginas pel\u00edculas y documentales sobre esta tem\u00e1tica. Tambi\u00e9n, para complementar informaci\u00f3n hemos utilizado diferentes buscadores, destacando entre ellos el Google Books.<\/p>\n<p style=\"text-align: justify\">Por \u00faltimo, para la clasificaci\u00f3n de las fuentes seguimos la norma ISO aprendida en clase. Destacando la referencia de\u00a0pel\u00edculas:<\/p>\n<p style=\"text-align: justify\"><em>T\u00edtulo de la pel\u00edcula<\/em>\u00a0[Pel\u00edcula]. Dirigida por Nombre APELLIDOS. Pa\u00eds: Productora, a\u00f1o. Lugar:<\/p>\n","protected":false},"excerpt":{"rendered":"<p>Para la realizaci\u00f3n de nuestro blog hemos tratado de recopilar todas las pel\u00edculas y documentales sobre la Grecia Cl\u00e1sica conocidas por nosotros para tener una base por la que empezar el trabajo. Por desgracia, no eran muchas las que\u00a0conoc\u00edamos, as\u00ed &hellip; <a href=\"https:\/\/blogs.ua.es\/documentalespeliculasgreciaclasica\/metodologia\/\">Continue reading <span class=\"meta-nav\">&rarr;<\/span><\/a><\/p>\n","protected":false},"author":2348,"featured_media":0,"parent":0,"menu_order":0,"comment_status":"open","ping_status":"open","template":"","meta":{"footnotes":""},"class_list":["post-16","page","type-page","status-publish","hentry"],"_links":{"self":[{"href":"https:\/\/blogs.ua.es\/documentalespeliculasgreciaclasica\/wp-json\/wp\/v2\/pages\/16","targetHints":{"allow":["GET"]}}],"collection":[{"href":"https:\/\/blogs.ua.es\/documentalespeliculasgreciaclasica\/wp-json\/wp\/v2\/pages"}],"about":[{"href":"https:\/\/blogs.ua.es\/documentalespeliculasgreciaclasica\/wp-json\/wp\/v2\/types\/page"}],"author":[{"embeddable":true,"href":"https:\/\/blogs.ua.es\/documentalespeliculasgreciaclasica\/wp-json\/wp\/v2\/users\/2348"}],"replies":[{"embeddable":true,"href":"https:\/\/blogs.ua.es\/documentalespeliculasgreciaclasica\/wp-json\/wp\/v2\/comments?post=16"}],"version-history":[{"count":3,"href":"https:\/\/blogs.ua.es\/documentalespeliculasgreciaclasica\/wp-json\/wp\/v2\/pages\/16\/revisions"}],"predecessor-version":[{"id":150,"href":"https:\/\/blogs.ua.es\/documentalespeliculasgreciaclasica\/wp-json\/wp\/v2\/pages\/16\/revisions\/150"}],"wp:attachment":[{"href":"https:\/\/blogs.ua.es\/documentalespeliculasgreciaclasica\/wp-json\/wp\/v2\/media?parent=16"}],"curies":[{"name":"wp","href":"https:\/\/api.w.org\/{rel}","templated":true}]}}