{"id":20,"date":"2012-01-09T17:46:43","date_gmt":"2012-01-09T17:46:43","guid":{"rendered":"https:\/\/blogs.ua.es\/documentalespeliculasgreciaclasica\/?page_id=20"},"modified":"2012-01-20T17:17:33","modified_gmt":"2012-01-20T17:17:33","slug":"valoracion-de-las-fuentes","status":"publish","type":"page","link":"https:\/\/blogs.ua.es\/documentalespeliculasgreciaclasica\/valoracion-de-las-fuentes\/","title":{"rendered":"Valoraci\u00f3n de las fuentes"},"content":{"rendered":"<p>En cuanto a las fuentes que hemos utilizado hay que destacar las diferentes p\u00e1ginas sobre pel\u00edculas y documentales que ya hemos nombrado en otra p\u00e1gina. Estas p\u00e1ginas web son de gran ayuda, no s\u00f3lo para buscar pel\u00edculas de un determinado tema, si no para conocer las distintas pel\u00edculas actuales e hist\u00f3ricas que queramos, ya que tiene una gran base de datos. Por otro lado nos sirve para conocer la opini\u00f3n del p\u00fablico registrado, que ha votado determinado pel\u00edcula o con las cr\u00edticas especializadas o de los usuarios.<\/p>\n<p>Por \u00faltimo, destacamos los links que aportamos en gran parte de las entradas en las que se pueden ver las pel\u00edculas o documentales. Creemos que esto es indispensable a la hora de hacer un blog de este tipo, y que intenta dar a conocer determinado tema.<\/p>\n<p>&nbsp;<\/p>\n<p>&nbsp;<\/p>\n","protected":false},"excerpt":{"rendered":"<p>En cuanto a las fuentes que hemos utilizado hay que destacar las diferentes p\u00e1ginas sobre pel\u00edculas y documentales que ya hemos nombrado en otra p\u00e1gina. Estas p\u00e1ginas web son de gran ayuda, no s\u00f3lo para buscar pel\u00edculas de un determinado &hellip; <a href=\"https:\/\/blogs.ua.es\/documentalespeliculasgreciaclasica\/valoracion-de-las-fuentes\/\">Continue reading <span class=\"meta-nav\">&rarr;<\/span><\/a><\/p>\n","protected":false},"author":2348,"featured_media":0,"parent":0,"menu_order":0,"comment_status":"open","ping_status":"open","template":"","meta":{"footnotes":""},"class_list":["post-20","page","type-page","status-publish","hentry"],"_links":{"self":[{"href":"https:\/\/blogs.ua.es\/documentalespeliculasgreciaclasica\/wp-json\/wp\/v2\/pages\/20","targetHints":{"allow":["GET"]}}],"collection":[{"href":"https:\/\/blogs.ua.es\/documentalespeliculasgreciaclasica\/wp-json\/wp\/v2\/pages"}],"about":[{"href":"https:\/\/blogs.ua.es\/documentalespeliculasgreciaclasica\/wp-json\/wp\/v2\/types\/page"}],"author":[{"embeddable":true,"href":"https:\/\/blogs.ua.es\/documentalespeliculasgreciaclasica\/wp-json\/wp\/v2\/users\/2348"}],"replies":[{"embeddable":true,"href":"https:\/\/blogs.ua.es\/documentalespeliculasgreciaclasica\/wp-json\/wp\/v2\/comments?post=20"}],"version-history":[{"count":5,"href":"https:\/\/blogs.ua.es\/documentalespeliculasgreciaclasica\/wp-json\/wp\/v2\/pages\/20\/revisions"}],"predecessor-version":[{"id":153,"href":"https:\/\/blogs.ua.es\/documentalespeliculasgreciaclasica\/wp-json\/wp\/v2\/pages\/20\/revisions\/153"}],"wp:attachment":[{"href":"https:\/\/blogs.ua.es\/documentalespeliculasgreciaclasica\/wp-json\/wp\/v2\/media?parent=20"}],"curies":[{"name":"wp","href":"https:\/\/api.w.org\/{rel}","templated":true}]}}