{"id":253,"date":"2012-01-12T19:20:53","date_gmt":"2012-01-12T19:20:53","guid":{"rendered":"https:\/\/blogs.ua.es\/documentalespeliculastransicionespanola\/?page_id=253"},"modified":"2012-01-14T17:57:30","modified_gmt":"2012-01-14T17:57:30","slug":"metodologia","status":"publish","type":"page","link":"https:\/\/blogs.ua.es\/documentalespeliculastransicionespanola\/metodologia\/","title":{"rendered":"Metodolog\u00eda"},"content":{"rendered":"<p style=\"text-align: justify\">Aqu\u00ed hablaremos de la metodolog\u00eda, de c\u00f3mo hemos hecho la investigaci\u00f3n y qu\u00e9 tipo de informaci\u00f3n hemos extra\u00eddo de la web u otras fuentes para realizar el blog.<\/p>\n<p style=\"text-align: justify\">La investigaci\u00f3n se realiz\u00f3 a partir de arduas y exhaustivas b\u00fasquedas por toda la red as\u00ed como tambi\u00e9n por centros bibliogr\u00e1ficos o bibliotecas. En \u00e9stas \u00faltimas\u00a0\u00a0ha costado encontrar informaci\u00f3n a causa de la\u00a0existencia de pocos libros que traten sobre documentales o pel\u00edculas de la \u00e9poca.\u00a0Hemos podido encontrar\u00a0gran cantidad de informaci\u00f3n relacionada con la transici\u00f3n en Espa\u00f1a, ya que es un tema muy general\u00a0sobre el cual podemos\u00a0albergar\u00a0mucha variedad\u00a0de documentos. Hemos realizado una buena selecci\u00f3n de \u00a0los\u00a0que nos han resultado m\u00e1s interesantes, cr\u00edticos, importantes, pero no obstante seguiremos\u00a0ampliando la b\u00fasqueda.\u00a0 Tambi\u00e9n una informaci\u00f3n muy abundante a parte de los documentales, series y\u00a0pel\u00edculas son tambi\u00e9n los\u00a0art\u00edculos\u00a0relacionados con el tema\u00a0que hemos encontrado en varias webs. <strong><\/strong><\/p>\n<blockquote>\n<p style=\"text-align: justify\"><strong>Invitamos a todos los visitantes de \u00e9ste sitio web a indicarnos cualquier tipo de documento relacionado con el tema de la Transici\u00f3n\u00a0que consideren de importancia, no dudaremos en exponerlo y publicarlo.<\/strong><\/p>\n<\/blockquote>\n<p style=\"text-align: justify\">Ahora hablaremos de las referencias las cuales se han\u00a0realizado\u00a0seg\u00fan\u00a0la norma ISO.\u00a0Hemos de decir que si alguna de ellas\u00a0carece de alg\u00fan dato concreto es porque no\u00a0lo hemos podido\u00a0localizar, disculpen.\u00a0\u00a0Aqu\u00ed\u00a0tenemos algunos ejemplos de los pasos a seguir para hacer las referencias:<\/p>\n<pre>(Autor\/es de la contribuci\u00f3n) APELLIDOS, Nombre. T\u00edtulo del art\u00edculo. T\u00edtulo de la revista.\r\n(Localizaci\u00f3n de la parte en el n\u00famero de la revista) A\u00f1o, volumen (n\u00ba), pp. ISSN.<\/pre>\n<p>T\u00edtulo de la web. Editor, a\u00f1o [consulta: fecha de consulta]. Disponible en: http:\/\/<\/p>\n<pre>T\u00edtulo de la pel\u00edcula [Pel\u00edcula]. Dirigida por Nombre APELLIDOS. Pa\u00eds: Productora, a\u00f1o. Lugar:\r\ndistribuida en Espa\u00f1a por...<\/pre>\n<pre>APELLIDOS, Nombre. T\u00edtulo de la obra. A\u00f1o [imagen digital]. Museo... [consulta: fecha de\r\nconsulta]. Disponible en: http:\/\/<\/pre>\n<pre>T\u00edtulo [en linea]. Lugar de edici\u00f3n: editor, fecha de publicaci\u00f3n, volumen, n\u00famero [consulta: fecha\r\nde consulta]. Nombre de la base de datos. ISSN. Disponible en: http:\/\/<\/pre>\n<p style=\"text-align: justify\">Al terminar de poner el titulo y la referencia seguimos con un comentario lo suficientemente informativo para no aburrir a los lectores y que puedan as\u00ed seguir leyendo los\u00a0art\u00edculos\u00a0y ver las\u00a0pel\u00edculas\u00a0y los documentales sin llegar a un punto de aburrimiento el cual dejen de visitar el blog. y al terminar el comentario justo debajo debemos poner las\u00a0im\u00e1genes\u00a0de los art\u00edculos o la URL del\u00a0v\u00eddeo\u00a0o la pagina donde queremos qe vayan para m\u00e1s informaci\u00f3n sobre el tema que\u00a0est\u00e9n\u00a0viendo en cuestion.<\/p>\n<p>&nbsp;<\/p>\n","protected":false},"excerpt":{"rendered":"<p>Aqu\u00ed hablaremos de la metodolog\u00eda, de c\u00f3mo hemos hecho la investigaci\u00f3n y qu\u00e9 tipo de informaci\u00f3n hemos extra\u00eddo de la web u otras fuentes para realizar el blog. La investigaci\u00f3n se realiz\u00f3 a partir de arduas y exhaustivas b\u00fasquedas por toda la red as\u00ed como tambi\u00e9n por centros bibliogr\u00e1ficos o bibliotecas. En \u00e9stas \u00faltimas\u00a0\u00a0ha costado [&hellip;]<\/p>\n","protected":false},"author":2416,"featured_media":0,"parent":0,"menu_order":0,"comment_status":"open","ping_status":"open","template":"","meta":{"footnotes":""},"class_list":["post-253","page","type-page","status-publish","hentry"],"_links":{"self":[{"href":"https:\/\/blogs.ua.es\/documentalespeliculastransicionespanola\/wp-json\/wp\/v2\/pages\/253","targetHints":{"allow":["GET"]}}],"collection":[{"href":"https:\/\/blogs.ua.es\/documentalespeliculastransicionespanola\/wp-json\/wp\/v2\/pages"}],"about":[{"href":"https:\/\/blogs.ua.es\/documentalespeliculastransicionespanola\/wp-json\/wp\/v2\/types\/page"}],"author":[{"embeddable":true,"href":"https:\/\/blogs.ua.es\/documentalespeliculastransicionespanola\/wp-json\/wp\/v2\/users\/2416"}],"replies":[{"embeddable":true,"href":"https:\/\/blogs.ua.es\/documentalespeliculastransicionespanola\/wp-json\/wp\/v2\/comments?post=253"}],"version-history":[{"count":7,"href":"https:\/\/blogs.ua.es\/documentalespeliculastransicionespanola\/wp-json\/wp\/v2\/pages\/253\/revisions"}],"predecessor-version":[{"id":255,"href":"https:\/\/blogs.ua.es\/documentalespeliculastransicionespanola\/wp-json\/wp\/v2\/pages\/253\/revisions\/255"}],"wp:attachment":[{"href":"https:\/\/blogs.ua.es\/documentalespeliculastransicionespanola\/wp-json\/wp\/v2\/media?parent=253"}],"curies":[{"name":"wp","href":"https:\/\/api.w.org\/{rel}","templated":true}]}}