{"id":2,"date":"2016-11-28T13:24:53","date_gmt":"2016-11-28T13:24:53","guid":{"rendered":"https:\/\/blogs.ua.es\/eafe\/?page_id=2"},"modified":"2021-05-13T11:58:53","modified_gmt":"2021-05-13T10:58:53","slug":"elcurso","status":"publish","type":"page","link":"https:\/\/blogs.ua.es\/eafe\/elcurso\/","title":{"rendered":"El Curso"},"content":{"rendered":"<table style=\"border: none\" align=\"center\">\n<tbody>\n<tr align=\"center\">\n<td align=\"center\">\n<h1 style=\"text-align: center\"><\/h1>\n<h1 style=\"text-align: center\">EXPERTO ASESOR FINANCIERO EUROPEO<\/h1>\n<h3 style=\"text-align: center\">Programa de Postgrado de Formaci\u00f3n Integral en Mercados Financieros<\/h3>\n<h3 style=\"text-align: center\">CENTRO ACREDITADOR POR LA\u00a0COMISI\u00d3N NACIONAL DEL MERCADO DE VALORES<\/h3>\n<h3 style=\"text-align: center\">CENTRO FORMATIVO ACREDITADO POR\u00a0EFPA ESPA\u00d1A<\/h3>\n<p style=\"text-align: center\">En este Blog se publican las novedades y noticias de inter\u00e9s relacionadas con el Asesoramiento Financiero Europeo, la inversi\u00f3n, la gesti\u00f3n patrimonial y con los programas <strong>EFA<\/strong> (European Financial Advisor) y <strong>EFP<\/strong> (European Financial Planner) de <a href=\"http:\/\/efpa.es\/\">EFPA ESPA\u00d1A<\/a><\/p>\n<p style=\"text-align: center\"><a href=\"https:\/\/www.eaf.ua.es\" target=\"_blank\" rel=\"noopener\">Curso de Experto Asesor Financiero Europeo de la Universidad de Alicante<\/a><\/p>\n<table style=\"border: none\" align=\"center\">\n<tbody>\n<tr align=\"center\">\n<td align=\"center\"><img loading=\"lazy\" decoding=\"async\" class=\"aligncenter size-full wp-image-463\" src=\"https:\/\/blogs.ua.es\/eafe\/files\/2018\/06\/download.jpg\" alt=\"CNMV\" width=\"151\" height=\"151\" \/><img loading=\"lazy\" decoding=\"async\" class=\"alignnone size-medium wp-image-140 aligncenter\" src=\"https:\/\/blogs.ua.es\/eafe\/files\/2016\/11\/logo-efpa.png\" alt=\"logo-efpa\" width=\"278\" height=\"93\" \/><br \/>\n<img loading=\"lazy\" decoding=\"async\" class=\"alignnone size-medium wp-image-139 aligncenter\" src=\"https:\/\/blogs.ua.es\/eafe\/files\/2016\/11\/Logo-UA-300x51.png\" alt=\"logo-ua\" width=\"300\" height=\"51\" border=\"0\" srcset=\"https:\/\/blogs.ua.es\/eafe\/files\/2016\/11\/Logo-UA-300x51.png 300w, https:\/\/blogs.ua.es\/eafe\/files\/2016\/11\/Logo-UA.png 515w\" sizes=\"auto, (max-width: 300px) 100vw, 300px\" \/><\/td>\n<\/tr>\n<\/tbody>\n<\/table>\n<p>&nbsp;<\/td>\n<\/tr>\n<\/tbody>\n<\/table>\n","protected":false},"excerpt":{"rendered":"<p>EXPERTO ASESOR FINANCIERO EUROPEO Programa de Postgrado de Formaci\u00f3n Integral en Mercados Financieros CENTRO ACREDITADOR POR LA\u00a0COMISI\u00d3N NACIONAL DEL MERCADO DE VALORES CENTRO FORMATIVO ACREDITADO POR\u00a0EFPA ESPA\u00d1A En este Blog se publican las novedades y noticias de inter\u00e9s relacionadas con el Asesoramiento Financiero Europeo, la inversi\u00f3n, la gesti\u00f3n patrimonial y con los programas EFA (European [&hellip;]<\/p>\n","protected":false},"author":4210,"featured_media":0,"parent":0,"menu_order":0,"comment_status":"closed","ping_status":"open","template":"","meta":{"footnotes":""},"class_list":["post-2","page","type-page","status-publish","hentry"],"_links":{"self":[{"href":"https:\/\/blogs.ua.es\/eafe\/wp-json\/wp\/v2\/pages\/2","targetHints":{"allow":["GET"]}}],"collection":[{"href":"https:\/\/blogs.ua.es\/eafe\/wp-json\/wp\/v2\/pages"}],"about":[{"href":"https:\/\/blogs.ua.es\/eafe\/wp-json\/wp\/v2\/types\/page"}],"author":[{"embeddable":true,"href":"https:\/\/blogs.ua.es\/eafe\/wp-json\/wp\/v2\/users\/4210"}],"replies":[{"embeddable":true,"href":"https:\/\/blogs.ua.es\/eafe\/wp-json\/wp\/v2\/comments?post=2"}],"version-history":[{"count":17,"href":"https:\/\/blogs.ua.es\/eafe\/wp-json\/wp\/v2\/pages\/2\/revisions"}],"predecessor-version":[{"id":880,"href":"https:\/\/blogs.ua.es\/eafe\/wp-json\/wp\/v2\/pages\/2\/revisions\/880"}],"wp:attachment":[{"href":"https:\/\/blogs.ua.es\/eafe\/wp-json\/wp\/v2\/media?parent=2"}],"curies":[{"name":"wp","href":"https:\/\/api.w.org\/{rel}","templated":true}]}}