{"id":10,"date":"2011-04-03T16:08:52","date_gmt":"2011-04-03T16:08:52","guid":{"rendered":"https:\/\/blogs.ua.es\/ecuadordoxa\/"},"modified":"2016-01-22T14:15:22","modified_gmt":"2016-01-22T14:15:22","slug":"responsable-del-blog","status":"publish","type":"page","link":"https:\/\/blogs.ua.es\/ecuadordoxa\/responsable-del-blog\/","title":{"rendered":"Coordinaci\u00f3n"},"content":{"rendered":"<h4><\/h4>\n<h3><\/h3>\n<p>&nbsp;<\/p>\n<p><em>Al\u00ed Lozada Prado\u00a0<\/em><strong>(coordinador de DOXA-Ecuador)<\/strong><\/p>\n<p>Investigador, profesor y consultor con especialidades en constitucionalismo, derechos humanos, argumentaci\u00f3n, pol\u00edticas p\u00fablicas, participaci\u00f3n ciudadana y transparencia. Blog: <a href=\"http:\/\/razional-laboratorio.blogspot.com.es\/\">Razional. Laboratorio de argumentaci\u00f3n<\/a><\/p>\n<h6 style=\"padding-left: 30px;text-align: justify\"><span style=\"color: #c0c0c0\"><a href=\"https:\/\/blogs.ua.es\/ecuadordoxa\/files\/2011\/04\/P9112620_crop.jpg\"><img loading=\"lazy\" decoding=\"async\" class=\"alignleft size-thumbnail wp-image-280\" src=\"https:\/\/blogs.ua.es\/ecuadordoxa\/files\/2011\/04\/P9112620_crop-150x150.jpg\" alt=\"\" width=\"150\" height=\"150\" \/><\/a><\/span><span style=\"color: #dddddd\">Doctor (Ph.D.) en Filosof\u00eda del Derecho por la\u00a0U. de Alicante, UA. Estudios de grado en la P. U. Cat\u00f3lica del Ecuador, PUCE. Diplomado en derecho constitucional (U. Andina Sim\u00f3n Bol\u00edvar y U. de Salamanca, USAL) y en derecho penal (U. de Bs. Aires); especialista y m\u00e1ster en argumentaci\u00f3n jur\u00eddica (UA y Universidad de Palermo-Italia); y m\u00e1ster en evaluaci\u00f3n de pol\u00edticas p\u00fablicas (U. Internacional de Andaluc\u00eda). Ha sido profesor en la UA\u00a0-teor\u00eda del Derecho, argumentaci\u00f3n jur\u00eddica, \u00e9tica y derechos humanos-, en la PUCE y en la U. Cat\u00f3lica Santiago de Guayaquil (UCSG). Fue coordinador acad\u00e9mico del Diplomado en Estudios de la Prevenci\u00f3n de la Corrupci\u00f3n (PUCE, \u00a0U. de Cuenca y U. de Especialidades Esp\u00edritu Santo); y coordinador acad\u00e9mico de la Diplomatura en Argumentaci\u00f3n Jur\u00eddica (UCSG). Conferencista en varias universidades iberoamericanas. Autor de<em>\u00a0C\u00f3mo\u00a0analizar una argumentaci\u00f3n jur\u00eddica<\/em>\u00a0(con Manuel Atienza), \u201cSobre la dimensi\u00f3n argumentativa del Derecho\u201d y &#8220;<strong>El reduccionismo iusfundamental de Luigi Ferrajoli&#8221;.\u00a0<\/strong>Informante de la Revista DOXA Cuadernos de Filosof\u00eda del Derecho; miembro del Comit\u00e9 Organizador de iLatina y Coordinador General del Observatorio DOXA de Argumentaci\u00f3n Jur\u00eddica para el Mundo Latino. Como consultor, asesor o capacitador, ha colaborado con instituciones del Estado ecuatoriano -Asamblea Constituyente 2008, Asamblea Nacional, Corte Constitucional, Consejo de la Judicatura, etc.-, as\u00ed como con la Organizaci\u00f3n de Estados Americanos (OEA) y con firmas consultoras y bufetes de\u00a0abogados. Fue miembro del Comit\u00e9 de Expertos para la implementaci\u00f3n de la Convenci\u00f3n Interamericana contra la Corrupci\u00f3n.<\/span><\/h6>\n<p><strong><em>Catherine Ricaurte Herrera <\/em>(c<\/strong><strong>oordinadora <a title=\"Seminarios Equidoxio\" href=\"https:\/\/blogs.ua.es\/ecuadordoxa\/seminarios\/\">Seminarios Equidoxio<\/a>)<\/strong><span style=\"font-size: 1.17em\">\u00a0<\/span><span style=\"font-size: 1em\">\u00a0<\/span><\/p>\n<p>Doctora (c) en Filosof\u00eda del Derecho por la Universidad de Alicante, UA. Estudios de grado en la P. U. Cat\u00f3lica del Ecuador, PUCE. Especialista y mag\u00edster en derecho financiero burs\u00e1til y de seguros por la U. Andina Sim\u00f3n Bol\u00edvar, UASB. Especialista y m\u00e1ster en argumentaci\u00f3n jur\u00eddica por la Universidad de Alicante UA. Es profesora de argumentaci\u00f3n jur\u00eddica en las maestr\u00edas de investigaci\u00f3n en Derecho de la UASB y tambi\u00e9n lo ha sido en la Universidad de los Hemisferios UDLH y en la Diplomatura en Argumentaci\u00f3n Jur\u00eddica impartida por la UA y la U. Cat\u00f3lica de Guayaquil -argumentaci\u00f3n jur\u00eddica, an\u00e1lisis jur\u00eddico y diagn\u00f3stico de casos-\u00a0 as\u00ed como capacitadora en diferentes instituciones del Estado ecuatoriano. Autora de \u201cLas razones del CIADI, an\u00e1lisis y evaluaci\u00f3n del caso CMS vs. Argentina\u201d, y del <em>Manual de argumentaci\u00f3n constitucional. Propuesta de un m\u00e9todo<\/em> (con Al\u00ed Lozada). Coordinadora de los Seminarios Equidoxio del Observatorio DOXA de Argumentaci\u00f3n Jur\u00eddica para el Mundo Latino. Fue miembro de la Comisi\u00f3n T\u00e9cnica Presidencial para la Conformaci\u00f3n de la Nueva Arquitectura Financiera Regional, y representante ecuatoriana en la negociaci\u00f3n t\u00e9cnica multilateral para la creaci\u00f3n del Banco del Sur. Ha sido asesora jur\u00eddica en diversos organismos, administrativos y jurisdiccionales, consultora externa de la Corte Constitucional de Ecuador y abogada en libre ejercicio.<\/p>\n<p><em>Jos\u00e9 Fonseca Santacruz\u00a0<\/em><strong>(coordinador <a title=\"Foros Equidoxio\" href=\"https:\/\/blogs.ua.es\/ecuadordoxa\/foros\/\">Foros Equidoxio<\/a>)<\/strong><\/p>\n<p>Abogado por la Pontificia Universidad Cat\u00f3lica del Ecuador. Especialista superior en derecho administrativo y mag\u00edster en derecho con menci\u00f3n en derecho administrativo por la Universidad Andina Sim\u00f3n Bol\u00edvar, sede Ecuador. Durante once a\u00f1os se desempe\u00f1\u00f3 como investigador en Ediciones Legales y actualmente es abogado de la Direcci\u00f3n Nacional Jur\u00eddica del Servicio de Rentas Internas de Ecuador.<\/p>\n<p>&nbsp;<\/p>\n<h3><strong>Colaboradores:<\/strong><\/h3>\n<p><em>\u00a0<\/em><em>Xavier Andrade Castillo<\/em><\/p>\n<p>Doctor en jurisprudencia y abogado por la Universidad\u00a0\u00a0Central del Ecuador. Tiene un diplomado en\u00a0Georg-August Universit\u00e4t G\u00f6ttingen, Instituto de Ciencias Criminales, Departamento de Derecho Penal Extranjero e Internacional, Alemania. Es profesor titular de derecho penal parte general, parte especial y procesal penal en la Universidad San Francisco de Quito. Fue juez ad-hoc del Segundo Tribunal de Garant\u00edas Penales de Pichincha e instructor nacional de litigaci\u00f3n oral penal ABA (American Bar Association Rule of Law Initiative- Colegio de abogados de Estados Unidos de Am\u00e9rica) Justicia Penal Ecuador.<\/p>\n<p><em>Jorge Baquerizo Minuche<\/em><\/p>\n<p>Abogado y doctor en jurisprudencia por la Universidad Cat\u00f3lica de Santiago de Guayaquil.\u00a0Postgrados en derecho constitucional y en derecho p\u00fablico y econom\u00eda, Universidad de Buenos Aires. Especialista y m\u00e1ster en argumentaci\u00f3n jur\u00eddica por la Universidad de Alicante. \u00a0Fue profesor de l\u00f3gica jur\u00eddica, derecho administrativo y argumentaci\u00f3n jur\u00eddica en la Universidad Cat\u00f3lica de Santiago de Guayaquil. Actualmente es profesor de derecho procesal constitucional y de argumentaci\u00f3n jur\u00eddica en la Universidad de Especialidades Esp\u00edritu Santo. Coautor de\u00a0<em>Sobre Neoconstitucionalismo, Principios y ponderaci\u00f3n. Notas desde la teor\u00eda y la filosof\u00eda del Derecho<\/em>.<\/p>\n<p><em>Jorge Ben\u00edtez Hurtado<\/em><\/p>\n<p>Investigador del Departamento de Ciencias Sociales y Jur\u00eddicas de la Universidad T\u00e9cnica Particular de Loja &#8211; Ecuador (UTPL). Profesor de filosof\u00eda del Derecho y derechos humanos en esta misma Universidad. M\u00e1ster en derecho administrativo por la UTPL y m\u00e1ster en Derecho por la Universidad Nacional Aut\u00f3noma de M\u00e9xico (UNAM). Candidato a doctor por la Universidad Complutense de Madrid, con su proyecto de tesis doctoral adscrita al Departamento de Filosof\u00eda del Derecho, Moral y Pol\u00edtica.<\/p>\n<p><em>Marena Briones Velastegu\u00ed<\/em><\/p>\n<p>Abogada. Profesora titular de la Universidad Cat\u00f3lica de Santiago de Guayaquil. Especialista y m\u00e1ster en argumentaci\u00f3n jur\u00eddica por la Universidad de Alicante. Columnista editorial de diario Hoy de la ciudad de Quito.<\/p>\n","protected":false},"excerpt":{"rendered":"<p>&nbsp; Al\u00ed Lozada Prado\u00a0(coordinador de DOXA-Ecuador) Investigador, profesor y consultor con especialidades en constitucionalismo, derechos humanos, argumentaci\u00f3n, pol\u00edticas p\u00fablicas, participaci\u00f3n ciudadana y transparencia. Blog: Razional. Laboratorio de argumentaci\u00f3n Doctor (Ph.D.) en Filosof\u00eda del Derecho por la\u00a0U. de Alicante, UA. Estudios de grado en la P. U. Cat\u00f3lica del Ecuador, PUCE. Diplomado en derecho constitucional (U. [&hellip;]<\/p>\n","protected":false},"author":1720,"featured_media":0,"parent":0,"menu_order":1,"comment_status":"closed","ping_status":"closed","template":"","meta":{"footnotes":""},"class_list":["post-10","page","type-page","status-publish","hentry"],"_links":{"self":[{"href":"https:\/\/blogs.ua.es\/ecuadordoxa\/wp-json\/wp\/v2\/pages\/10","targetHints":{"allow":["GET"]}}],"collection":[{"href":"https:\/\/blogs.ua.es\/ecuadordoxa\/wp-json\/wp\/v2\/pages"}],"about":[{"href":"https:\/\/blogs.ua.es\/ecuadordoxa\/wp-json\/wp\/v2\/types\/page"}],"author":[{"embeddable":true,"href":"https:\/\/blogs.ua.es\/ecuadordoxa\/wp-json\/wp\/v2\/users\/1720"}],"replies":[{"embeddable":true,"href":"https:\/\/blogs.ua.es\/ecuadordoxa\/wp-json\/wp\/v2\/comments?post=10"}],"version-history":[{"count":104,"href":"https:\/\/blogs.ua.es\/ecuadordoxa\/wp-json\/wp\/v2\/pages\/10\/revisions"}],"predecessor-version":[{"id":591,"href":"https:\/\/blogs.ua.es\/ecuadordoxa\/wp-json\/wp\/v2\/pages\/10\/revisions\/591"}],"wp:attachment":[{"href":"https:\/\/blogs.ua.es\/ecuadordoxa\/wp-json\/wp\/v2\/media?parent=10"}],"curies":[{"name":"wp","href":"https:\/\/api.w.org\/{rel}","templated":true}]}}