{"id":174,"date":"2013-04-17T20:35:19","date_gmt":"2013-04-17T20:35:19","guid":{"rendered":"https:\/\/blogs.ua.es\/ecuadordoxa\/?page_id=174"},"modified":"2013-11-17T16:45:16","modified_gmt":"2013-11-17T16:45:16","slug":"174-2","status":"publish","type":"page","link":"https:\/\/blogs.ua.es\/ecuadordoxa\/seminarios\/174-2\/","title":{"rendered":"(In)Imputabilidad del psic\u00f3pata"},"content":{"rendered":"<p>Texto: Andrade X., &#8220;(In)Imputabilidad del psic\u00f3pata&#8221;, in\u00e9dito. Disponible\u00a0<a href=\"https:\/\/blogs.ua.es\/ecuadordoxa\/files\/2013\/04\/Andrade_Imputabilidad-de-los-psicopatas1.pdf\">aqu\u00ed<\/a><\/p>\n<p>Ponente: Xavier Andrade (Universidad San Francisco de Quito)<\/p>\n<p><a href=\"https:\/\/blogs.ua.es\/ecuadordoxa\/files\/2013\/04\/Xavier-Andrade.jpg\"><img loading=\"lazy\" decoding=\"async\" class=\"alignnone size-thumbnail wp-image-245\" alt=\"\" src=\"https:\/\/blogs.ua.es\/ecuadordoxa\/files\/2013\/04\/Xavier-Andrade-150x150.jpg\" width=\"150\" height=\"150\" \/><\/a><\/p>\n<p>D\u00eda y hora: 29 de noviembre de 2013, 11h00 (Ecuador) \/ 17h00 (Espa\u00f1a)<\/p>\n<p>Relator\u00eda: Jos\u00e9 Fonseca<\/p>\n","protected":false},"excerpt":{"rendered":"<p>Texto: Andrade X., &#8220;(In)Imputabilidad del psic\u00f3pata&#8221;, in\u00e9dito. Disponible\u00a0aqu\u00ed Ponente: Xavier Andrade (Universidad San Francisco de Quito) D\u00eda y hora: 29 de noviembre de 2013, 11h00 (Ecuador) \/ 17h00 (Espa\u00f1a) Relator\u00eda: Jos\u00e9 Fonseca<\/p>\n","protected":false},"author":2529,"featured_media":0,"parent":134,"menu_order":1,"comment_status":"open","ping_status":"closed","template":"","meta":{"footnotes":""},"class_list":["post-174","page","type-page","status-publish","hentry"],"_links":{"self":[{"href":"https:\/\/blogs.ua.es\/ecuadordoxa\/wp-json\/wp\/v2\/pages\/174","targetHints":{"allow":["GET"]}}],"collection":[{"href":"https:\/\/blogs.ua.es\/ecuadordoxa\/wp-json\/wp\/v2\/pages"}],"about":[{"href":"https:\/\/blogs.ua.es\/ecuadordoxa\/wp-json\/wp\/v2\/types\/page"}],"author":[{"embeddable":true,"href":"https:\/\/blogs.ua.es\/ecuadordoxa\/wp-json\/wp\/v2\/users\/2529"}],"replies":[{"embeddable":true,"href":"https:\/\/blogs.ua.es\/ecuadordoxa\/wp-json\/wp\/v2\/comments?post=174"}],"version-history":[{"count":19,"href":"https:\/\/blogs.ua.es\/ecuadordoxa\/wp-json\/wp\/v2\/pages\/174\/revisions"}],"predecessor-version":[{"id":580,"href":"https:\/\/blogs.ua.es\/ecuadordoxa\/wp-json\/wp\/v2\/pages\/174\/revisions\/580"}],"up":[{"embeddable":true,"href":"https:\/\/blogs.ua.es\/ecuadordoxa\/wp-json\/wp\/v2\/pages\/134"}],"wp:attachment":[{"href":"https:\/\/blogs.ua.es\/ecuadordoxa\/wp-json\/wp\/v2\/media?parent=174"}],"curies":[{"name":"wp","href":"https:\/\/api.w.org\/{rel}","templated":true}]}}