{"id":45,"date":"2007-12-27T01:09:03","date_gmt":"2007-12-27T00:09:03","guid":{"rendered":"https:\/\/blogs.ua.es\/educacionfisica\/juego-limpio\/"},"modified":"2011-12-02T02:11:05","modified_gmt":"2011-12-02T01:11:05","slug":"juego-limpio","status":"publish","type":"page","link":"https:\/\/blogs.ua.es\/educacionfisica\/juego-limpio\/","title":{"rendered":"Juego limpio"},"content":{"rendered":"<p>     <em><strong>       Dec\u00e1logo del juego limpio<\/strong><\/em><\/p>\n<blockquote><p>La Campa\u00f1a &#8220;juego l\u00edmpio pract\u00edcalo&#8221; fue dirigida a 48.000 escolares y public\u00f3 un interesante dec\u00e1logo. Esto le mereci\u00f3 el a\u00f1o pasado el premio nacional del deporte &#8220;Infanta de Espa\u00f1a S.A.R. Do\u00f1a Elena&#8221;, como reconocimiento a la persona o entidad que m\u00e1s se haya destacado durante el a\u00f1o por un gesto especialmente relevante de nobleza, o juego limpio en la pr\u00e1ctica deportiva, o que haya prestado una contribuci\u00f3n especial a la erradicaci\u00f3n de la violencia en el deporte.<\/p><\/blockquote>\n<p><img loading=\"lazy\" decoding=\"async\" src=\"http:\/\/farm8.staticflickr.com\/7162\/6439129501_de14a36133.jpg\" alt=\"Dec\u00e1logo del juego limpio\" align=\"top\" height=\"280\" width=\"517\" \/><\/p>\n<p><em>Para ver m\u00e1s sobre la noticia completa <a href=\"http:\/\/www.jccm.es\/web\/es\/CastillaLaMancha\/index\/notaPrensa1212667117131np\/1193043084902.html\" title=\"Dec\u00e1logo del juego limpio - Campa\u00f1a premio nacional del deporte \u201cInfanta de Espa\u00f1a S.A.R. Do\u00f1a Elena\u201d\"><\/em>pulsa aqu\u00ed<\/a>.<\/p>\n","protected":false},"excerpt":{"rendered":"<p>Dec\u00e1logo del juego limpio La Campa\u00f1a &#8220;juego l\u00edmpio pract\u00edcalo&#8221; fue dirigida a 48.000 escolares y public\u00f3 un interesante dec\u00e1logo. Esto le mereci\u00f3 el a\u00f1o pasado el premio nacional del deporte &#8220;Infanta de Espa\u00f1a S.A.R. Do\u00f1a Elena&#8221;, como reconocimiento a la persona o entidad que m\u00e1s se haya destacado durante el a\u00f1o por un gesto especialmente [&hellip;]<\/p>\n","protected":false},"author":239,"featured_media":0,"parent":0,"menu_order":0,"comment_status":"open","ping_status":"open","template":"","meta":{"footnotes":""},"class_list":["post-45","page","type-page","status-publish","hentry"],"_links":{"self":[{"href":"https:\/\/blogs.ua.es\/educacionfisica\/wp-json\/wp\/v2\/pages\/45","targetHints":{"allow":["GET"]}}],"collection":[{"href":"https:\/\/blogs.ua.es\/educacionfisica\/wp-json\/wp\/v2\/pages"}],"about":[{"href":"https:\/\/blogs.ua.es\/educacionfisica\/wp-json\/wp\/v2\/types\/page"}],"author":[{"embeddable":true,"href":"https:\/\/blogs.ua.es\/educacionfisica\/wp-json\/wp\/v2\/users\/239"}],"replies":[{"embeddable":true,"href":"https:\/\/blogs.ua.es\/educacionfisica\/wp-json\/wp\/v2\/comments?post=45"}],"version-history":[{"count":5,"href":"https:\/\/blogs.ua.es\/educacionfisica\/wp-json\/wp\/v2\/pages\/45\/revisions"}],"predecessor-version":[{"id":148,"href":"https:\/\/blogs.ua.es\/educacionfisica\/wp-json\/wp\/v2\/pages\/45\/revisions\/148"}],"wp:attachment":[{"href":"https:\/\/blogs.ua.es\/educacionfisica\/wp-json\/wp\/v2\/media?parent=45"}],"curies":[{"name":"wp","href":"https:\/\/api.w.org\/{rel}","templated":true}]}}