{"id":6,"date":"2012-09-19T14:34:05","date_gmt":"2012-09-19T14:34:05","guid":{"rendered":"https:\/\/blogs.ua.es\/educasigloxvi\/?page_id=6"},"modified":"2012-09-26T16:25:20","modified_gmt":"2012-09-26T16:25:20","slug":"introduccion","status":"publish","type":"page","link":"https:\/\/blogs.ua.es\/educasigloxvi\/introduccion\/","title":{"rendered":"Introducci\u00f3n"},"content":{"rendered":"<p style=\"text-align: left\">Du<a href=\"https:\/\/blogs.ua.es\/educasigloxvi\/files\/2012\/09\/image.png\"><img loading=\"lazy\" decoding=\"async\" class=\"wp-image-31 alignright\" style=\"border: 5px solid black\" src=\"https:\/\/blogs.ua.es\/educasigloxvi\/files\/2012\/09\/image-300x237.png\" alt=\"Escuela monacal\" width=\"300\" height=\"237\" srcset=\"https:\/\/blogs.ua.es\/educasigloxvi\/files\/2012\/09\/image-300x237.png 300w, https:\/\/blogs.ua.es\/educasigloxvi\/files\/2012\/09\/image.png 606w\" sizes=\"auto, (max-width: 300px) 100vw, 300px\" \/><\/a>rante la <a href=\"http:\/\/es.wikipedia.org\/wiki\/Edad_Media\" target=\"_blank\">E<\/a><a href=\"http:\/\/es.wikipedia.org\/wiki\/Edad_Media\" target=\"_blank\">dad <\/a><a href=\"http:\/\/es.wikipedia.org\/wiki\/Edad_Media\" target=\"_blank\">Medi<\/a><a href=\"http:\/\/es.wikipedia.org\/wiki\/Edad_Media\" target=\"_blank\">a<\/a> la educaci\u00f3n espa\u00f1ola tuvo como principal factor la influencia de la religi\u00f3n -el <em>cristianismo cat\u00f3lico<\/em>&#8211; siendo de esta manera las escuelas monacales y las palatinas donde se concentraba el mayor centro cultural. Las <strong>escuelas monacales<\/strong> eran centros donde los j\u00f3venes se formaban para una futura vida sacerdotal, mientras que las <strong>escuelas palatinas<\/strong> a pesar de que tambi\u00e9n eran regentadas por eclesi\u00e1sticos no ten\u00edan porqu\u00e9 tener como finalidad la misma que en las escuelas anteriores. El <strong>lat\u00edn<\/strong> fue instaurado por el catolicismo como lengua oficial en todo los \u00e1mbitos de la vida, incluyendo as\u00ed el de la ense\u00f1anza.<\/p>\n<p style=\"text-align: left\">Fue la <a href=\"http:\/\/www.filosofiaymas.com\/2010\/10\/filosofia-escolastica.html\" target=\"_blank\"><strong>escol\u00e1stica<\/strong><\/a> la corriente teol\u00f3gica-fil\u00f3sofica que predomino durante la Edad Media y que tambi\u00e9n influy\u00f3 en la educaci\u00f3n.<\/p>\n<p>&nbsp;<\/p>\n","protected":false},"excerpt":{"rendered":"<p>Durante la Edad Media la educaci\u00f3n espa\u00f1ola tuvo como principal factor la influencia de la religi\u00f3n -el cristianismo cat\u00f3lico&#8211; siendo de esta manera las escuelas monacales y las palatinas donde se concentraba el mayor centro cultural. Las escuelas monacales eran &hellip; <a href=\"https:\/\/blogs.ua.es\/educasigloxvi\/introduccion\/\">Continue reading <span class=\"meta-nav\">&rarr;<\/span><\/a><\/p>\n","protected":false},"author":2754,"featured_media":0,"parent":0,"menu_order":0,"comment_status":"open","ping_status":"open","template":"","meta":{"footnotes":""},"class_list":["post-6","page","type-page","status-publish","hentry"],"_links":{"self":[{"href":"https:\/\/blogs.ua.es\/educasigloxvi\/wp-json\/wp\/v2\/pages\/6","targetHints":{"allow":["GET"]}}],"collection":[{"href":"https:\/\/blogs.ua.es\/educasigloxvi\/wp-json\/wp\/v2\/pages"}],"about":[{"href":"https:\/\/blogs.ua.es\/educasigloxvi\/wp-json\/wp\/v2\/types\/page"}],"author":[{"embeddable":true,"href":"https:\/\/blogs.ua.es\/educasigloxvi\/wp-json\/wp\/v2\/users\/2754"}],"replies":[{"embeddable":true,"href":"https:\/\/blogs.ua.es\/educasigloxvi\/wp-json\/wp\/v2\/comments?post=6"}],"version-history":[{"count":33,"href":"https:\/\/blogs.ua.es\/educasigloxvi\/wp-json\/wp\/v2\/pages\/6\/revisions"}],"predecessor-version":[{"id":30,"href":"https:\/\/blogs.ua.es\/educasigloxvi\/wp-json\/wp\/v2\/pages\/6\/revisions\/30"}],"wp:attachment":[{"href":"https:\/\/blogs.ua.es\/educasigloxvi\/wp-json\/wp\/v2\/media?parent=6"}],"curies":[{"name":"wp","href":"https:\/\/api.w.org\/{rel}","templated":true}]}}