{"id":63,"date":"2010-12-16T13:30:05","date_gmt":"2010-12-16T13:30:05","guid":{"rendered":"https:\/\/blogs.ua.es\/ejercitoenepocamoderna\/"},"modified":"2011-01-16T16:23:33","modified_gmt":"2011-01-16T16:23:33","slug":"financiacion","status":"publish","type":"page","link":"https:\/\/blogs.ua.es\/ejercitoenepocamoderna\/financiacion\/","title":{"rendered":"Financiaci\u00f3n"},"content":{"rendered":"<p>\u00a0Intentar dar unas cifras generales de lo que supuso econ\u00f3micamente para la monarqu\u00eda hisp\u00e1nica los gastos militares es una empresa hoy en d\u00eda inalcanzable. Por lo tanto vamos a barajar unos datos para hacernos a la idea.<\/p>\n<p style=\"text-align: center\"><strong>Soldados<\/strong><\/p>\n<p>La orden de1536 establec\u00eda los siguientes sueldos mensuales:<\/p>\n<table border=\"1\" cellspacing=\"0\" cellpadding=\"4\" width=\"100%\">\n<col span=\"1\" width=\"128\"><\/col>\n<col span=\"1\" width=\"128\"><\/col>\n<tbody>\n<tr valign=\"top\">\n<td width=\"50%\"><strong>CARGO<\/strong><\/td>\n<td width=\"50%\"><strong>PAGA RECIBIDA<\/strong><\/td>\n<\/tr>\n<tr valign=\"top\">\n<td width=\"50%\">Maestre de campo<\/td>\n<td width=\"50%\">40 Escudos<\/td>\n<\/tr>\n<tr valign=\"top\">\n<td width=\"50%\">Capitanes<\/td>\n<td width=\"50%\">25 Escudos y 15 para alguaciles, carceleros&#8230;<\/td>\n<\/tr>\n<tr valign=\"top\">\n<td width=\"50%\">Sargento mayor<\/td>\n<td width=\"50%\">20 Escudos<\/td>\n<\/tr>\n<tr valign=\"top\">\n<td width=\"50%\">Furriel\u00a0(aposentamientos y alojamientos)<\/td>\n<td width=\"50%\">20 Escudos<\/td>\n<\/tr>\n<tr valign=\"top\">\n<td width=\"50%\">Canciller (contador)<\/td>\n<td width=\"50%\">8 Escudos<\/td>\n<\/tr>\n<\/tbody>\n<\/table>\n<p>\u00a0<\/p>\n<p>En 1537 se establecieron en maraved\u00edes los siguientes sueldos mensuales para levantar a una compa\u00f1\u00eda:<\/p>\n<table border=\"1\" cellspacing=\"0\" cellpadding=\"4\" width=\"100%\">\n<col span=\"1\" width=\"128\"><\/col>\n<col span=\"1\" width=\"128\"><\/col>\n<tbody>\n<tr valign=\"top\">\n<td width=\"50%\"><strong>CARGO<\/strong><\/td>\n<td width=\"50%\"><strong>PAGA RECIBIDA<\/strong><\/td>\n<\/tr>\n<tr valign=\"top\">\n<td width=\"50%\">Capit\u00e1n<\/td>\n<td width=\"50%\">4.166 Maraved\u00eds<\/td>\n<\/tr>\n<tr valign=\"top\">\n<td width=\"50%\">Alf\u00e9rez<\/td>\n<td width=\"50%\">1.800 Maraved\u00eds<\/td>\n<\/tr>\n<tr valign=\"top\">\n<td width=\"50%\">Cabo de escuadra<\/td>\n<td width=\"50%\">1.800 Maraved\u00eds<\/td>\n<\/tr>\n<tr valign=\"top\">\n<td width=\"50%\">P\u00edfano y tambores<\/td>\n<td width=\"50%\">1.800 Maraved\u00eds<\/td>\n<\/tr>\n<tr valign=\"top\">\n<td width=\"50%\">Piquero<\/td>\n<td width=\"50%\">900 Maraved\u00eds<\/td>\n<\/tr>\n<tr valign=\"top\">\n<td width=\"50%\">Escopetero<\/td>\n<td width=\"50%\">950 Maraved\u00eds<\/td>\n<\/tr>\n<tr valign=\"top\">\n<td width=\"50%\">Arcabucero<\/td>\n<td width=\"50%\">1.000 Maraved\u00eds<\/td>\n<\/tr>\n<\/tbody>\n<\/table>\n<p>\u00a0<\/p>\n<p>Los sueldos personales de infanter\u00eda en 1591 se fijaron mensualmente en los siguientes escudos:<\/p>\n<table border=\"1\" cellspacing=\"0\" cellpadding=\"4\" width=\"100%\">\n<col span=\"1\" width=\"128\"><\/col>\n<col span=\"1\" width=\"128\"><\/col>\n<tbody>\n<tr valign=\"top\">\n<td width=\"50%\"><strong>CARGO<\/strong><\/td>\n<td width=\"50%\"><strong>PARA RECIBIDA<\/strong><\/td>\n<\/tr>\n<tr valign=\"top\">\n<td width=\"50%\">Capit\u00e1n<\/td>\n<td width=\"50%\">40 Escudos<\/td>\n<\/tr>\n<tr valign=\"top\">\n<td width=\"50%\">Alf\u00e9rez<\/td>\n<td width=\"50%\">12 Escudos<\/td>\n<\/tr>\n<tr valign=\"top\">\n<td width=\"50%\">Sargento<\/td>\n<td width=\"50%\">5 Escudos<\/td>\n<\/tr>\n<tr valign=\"top\">\n<td width=\"50%\">Cabo<\/td>\n<td width=\"50%\">3 Escudos<\/td>\n<\/tr>\n<tr valign=\"top\">\n<td width=\"50%\">Infante<\/td>\n<td width=\"50%\">3 Escudos<\/td>\n<\/tr>\n<\/tbody>\n<\/table>\n<p>\u00a0<\/p>\n<p>En 1659 el personal de caballer\u00eda era retribuido de la siguiente forma:<\/p>\n<table border=\"1\" cellspacing=\"0\" cellpadding=\"4\" width=\"100%\">\n<col span=\"1\" width=\"128\"><\/col>\n<col span=\"1\" width=\"128\"><\/col>\n<tbody>\n<tr valign=\"top\">\n<td width=\"50%\"><strong>CARGOS<\/strong><\/td>\n<td width=\"50%\"><strong>PAGA RECIBIDA<\/strong><\/td>\n<\/tr>\n<tr valign=\"top\">\n<td width=\"50%\">Capit\u00e1n<\/td>\n<td width=\"50%\">80 Escudos y 4 Raciones<\/td>\n<\/tr>\n<tr valign=\"top\">\n<td width=\"50%\">Teniente<\/td>\n<td width=\"50%\">50 Escudos y 3 Raciones<\/td>\n<\/tr>\n<tr valign=\"top\">\n<td width=\"50%\">Alf\u00e9rez<\/td>\n<td width=\"50%\">38 Escudos y 2 Raciones<\/td>\n<\/tr>\n<tr valign=\"top\">\n<td width=\"50%\">Soldado coraza<\/td>\n<td width=\"50%\">3 Reales y medio y 1 Raci\u00f3n<\/td>\n<\/tr>\n<\/tbody>\n<\/table>\n<p>\u00a0<\/p>\n<p style=\"text-align: center\"><strong>Empresas (en ducados)<\/strong><\/p>\n<table border=\"1\" cellspacing=\"0\" cellpadding=\"4\" width=\"100%\">\n<col span=\"1\" width=\"48\"><\/col>\n<col span=\"1\" width=\"103\"><\/col>\n<col span=\"1\" width=\"105\"><\/col>\n<tbody>\n<tr valign=\"top\">\n<td width=\"19%\"><strong>A\u00d1O<\/strong><\/td>\n<td width=\"40%\"><strong>EMPRESA<\/strong><\/td>\n<td width=\"41%\"><strong>IMPORTE<\/strong><\/td>\n<\/tr>\n<tr valign=\"top\">\n<td width=\"19%\">1565<\/td>\n<td width=\"40%\">Gastos extraordinarios<\/td>\n<td width=\"41%\">848000<\/td>\n<\/tr>\n<tr valign=\"top\">\n<td width=\"19%\">1571 &#8211; 1577<\/td>\n<td width=\"40%\">Gastos extraordinarios , media anual<\/td>\n<td width=\"41%\">M\u00e1s de 800.000<\/td>\n<\/tr>\n<tr valign=\"top\">\n<td width=\"19%\">1571<\/td>\n<td width=\"40%\">Lepanto<\/td>\n<td width=\"41%\">1.100.000 (Un tercio pagado por Italia)<\/td>\n<\/tr>\n<tr valign=\"top\">\n<td width=\"19%\">1580 &#8211; 1581<\/td>\n<td width=\"40%\">Conquista de Portugal y las Azores<\/td>\n<td width=\"41%\">2600000<\/td>\n<\/tr>\n<tr valign=\"top\">\n<td width=\"19%\">1587 &#8211; 1586<\/td>\n<td width=\"40%\">Empresa de Inglaterra<\/td>\n<td width=\"41%\">10.000.000 (70% por Castilla)<\/td>\n<\/tr>\n<tr valign=\"top\">\n<td width=\"19%\">1567 &#8211; 1586<\/td>\n<td width=\"40%\">Remesas a Flandes desde Espa\u00f1a<\/td>\n<td width=\"41%\">1.500.000 anuales de media<\/td>\n<\/tr>\n<tr valign=\"top\">\n<td width=\"19%\">1586 &#8211; 1608<\/td>\n<td width=\"40%\">Flandes, Inglaterra y Francia<\/td>\n<td width=\"41%\">3.500.000 anuales<\/td>\n<\/tr>\n<\/tbody>\n<\/table>\n","protected":false},"excerpt":{"rendered":"<p>\u00a0Intentar dar unas cifras generales de lo que supuso econ\u00f3micamente para la monarqu\u00eda hisp\u00e1nica los gastos militares es una empresa hoy en d\u00eda inalcanzable. Por lo tanto vamos a barajar unos datos para hacernos a la idea. Soldados La orden &hellip; <a href=\"https:\/\/blogs.ua.es\/ejercitoenepocamoderna\/financiacion\/\">Continue reading <span class=\"meta-nav\">&rarr;<\/span><\/a><\/p>\n","protected":false},"author":1978,"featured_media":0,"parent":0,"menu_order":0,"comment_status":"open","ping_status":"open","template":"","meta":{"footnotes":""},"class_list":["post-63","page","type-page","status-publish","hentry"],"_links":{"self":[{"href":"https:\/\/blogs.ua.es\/ejercitoenepocamoderna\/wp-json\/wp\/v2\/pages\/63","targetHints":{"allow":["GET"]}}],"collection":[{"href":"https:\/\/blogs.ua.es\/ejercitoenepocamoderna\/wp-json\/wp\/v2\/pages"}],"about":[{"href":"https:\/\/blogs.ua.es\/ejercitoenepocamoderna\/wp-json\/wp\/v2\/types\/page"}],"author":[{"embeddable":true,"href":"https:\/\/blogs.ua.es\/ejercitoenepocamoderna\/wp-json\/wp\/v2\/users\/1978"}],"replies":[{"embeddable":true,"href":"https:\/\/blogs.ua.es\/ejercitoenepocamoderna\/wp-json\/wp\/v2\/comments?post=63"}],"version-history":[{"count":4,"href":"https:\/\/blogs.ua.es\/ejercitoenepocamoderna\/wp-json\/wp\/v2\/pages\/63\/revisions"}],"predecessor-version":[{"id":83,"href":"https:\/\/blogs.ua.es\/ejercitoenepocamoderna\/wp-json\/wp\/v2\/pages\/63\/revisions\/83"}],"wp:attachment":[{"href":"https:\/\/blogs.ua.es\/ejercitoenepocamoderna\/wp-json\/wp\/v2\/media?parent=63"}],"curies":[{"name":"wp","href":"https:\/\/api.w.org\/{rel}","templated":true}]}}