{"id":125,"date":"2013-01-17T13:06:14","date_gmt":"2013-01-17T13:06:14","guid":{"rendered":"https:\/\/blogs.ua.es\/ejercitomoderno\/?page_id=125"},"modified":"2013-01-17T13:06:14","modified_gmt":"2013-01-17T13:06:14","slug":"introduccion-del-tema","status":"publish","type":"page","link":"https:\/\/blogs.ua.es\/ejercitomoderno\/introduccion-del-tema\/","title":{"rendered":"Introducci\u00f3n del tema"},"content":{"rendered":"<p><span style=\"color: #000000\">Bienvenido\u00a0! <\/span><br \/>\n<span style=\"color: #000000\">Aqu\u00ed os invito a descubrir el ej\u00e9rcito espa\u00f1ol tal como era en los siglos XV y XVI. A ser bastante vasta el tema, llevar\u00e9 mi atenci\u00f3n a los temas que me gustan m\u00e1s aunque es cierto que tratar\u00e9 de lo que es indispensable para ser \u00ab\u00a0un ej\u00e9rcito\u00a0\u00bb as\u00ed que no puedo hacer sin tratar de la infanter\u00eda, de las t\u00e9cnicas de guerra y de la artiller\u00eda. <\/span><br \/>\n<span style=\"color: #000000\">En los siglos XV y XVI, Espa\u00f1a tuvo su edad de oro en lo que concierne al poder de su ej\u00e9rcito.<\/span><br \/>\n<span style=\"color: #000000\">Era la idea de la Armada Invencible. No obstante, este ej\u00e9rcito no tuvo s\u00f3lo \u00e9xitos pero las t\u00e9cnicas que los Reyes C\u00e1tolicos usaron y el papel determinado de la artiller\u00eda hicieron que los espa\u00f1oles fueron vencedores, particularmente en una guerra a la cual no olvidar\u00e9 de hablar\u00a0: la guerra de Granada.<\/span><br \/>\n<span style=\"color: #000000\">Los Espa\u00f1oles ten\u00edan numerosos enemigos, pero en el pa\u00eds, la carrera militar era muy bien pagada y adem\u00e1s hab\u00eda un predominio de los militares en la vida pol\u00edtica. Sus funci\u00f3n principal fueron las sangrietas guerras civiles y la represi\u00f3n pol\u00edtica y social interna. Ten\u00edan un poder f\u00e1ctico. Al lado del ej\u00e9rcito real, hab\u00edan las \u00f3rdenes.<\/span><br \/>\n<span style=\"color: #000000\">Las \u00f3rdenes militares espa\u00f1olas eran un conjunto de instituciones religioso-militares, aparecieron en mayor\u00eda en el momento de la Reconquista. Ten\u00edan sus propios jerarqu\u00eda as\u00ed que para mandar el ej\u00e9rcito, hac\u00eda falta preguntar a las m\u00e1s altas dignidades de cada orden. <\/span><br \/>\n<span style=\"color: #000000\">En la c\u00faspide de esos \u00f3rdenes, encontrabamos a un maestre, seguido de los comendadores mayores.<\/span><br \/>\n<span style=\"color: #000000\">Eran muy belicos y hicieron todo lo posible para combatir al infiel, eso se manifest\u00f3 mucho en la continuaci\u00f3n de aut\u00e9nticas \u00ab\u00a0guerras privadas\u00a0\u00bb contra los musulmanes cuando, por diversas causas, los Reyes Cat\u00f3licos abandonaron la lucha.<\/span><br \/>\n<span style=\"color: #000000\">Tratar\u00e9 t\u00e1mbien de la guerra maritima, una de las preocupaciones mayor de Carlos V en su lucha contra el Imperio Otoman.<\/span><\/p>\n","protected":false},"excerpt":{"rendered":"<p>Bienvenido\u00a0! Aqu\u00ed os invito a descubrir el ej\u00e9rcito espa\u00f1ol tal como era en los siglos XV y XVI. A ser bastante vasta el tema, llevar\u00e9 mi atenci\u00f3n a los temas que me gustan m\u00e1s aunque es cierto que tratar\u00e9 de lo que es indispensable para ser \u00ab\u00a0un ej\u00e9rcito\u00a0\u00bb as\u00ed que no puedo hacer sin tratar [&hellip;]<\/p>\n","protected":false},"author":2772,"featured_media":0,"parent":0,"menu_order":0,"comment_status":"open","ping_status":"open","template":"","meta":{"footnotes":""},"class_list":["post-125","page","type-page","status-publish","hentry"],"_links":{"self":[{"href":"https:\/\/blogs.ua.es\/ejercitomoderno\/wp-json\/wp\/v2\/pages\/125","targetHints":{"allow":["GET"]}}],"collection":[{"href":"https:\/\/blogs.ua.es\/ejercitomoderno\/wp-json\/wp\/v2\/pages"}],"about":[{"href":"https:\/\/blogs.ua.es\/ejercitomoderno\/wp-json\/wp\/v2\/types\/page"}],"author":[{"embeddable":true,"href":"https:\/\/blogs.ua.es\/ejercitomoderno\/wp-json\/wp\/v2\/users\/2772"}],"replies":[{"embeddable":true,"href":"https:\/\/blogs.ua.es\/ejercitomoderno\/wp-json\/wp\/v2\/comments?post=125"}],"version-history":[{"count":1,"href":"https:\/\/blogs.ua.es\/ejercitomoderno\/wp-json\/wp\/v2\/pages\/125\/revisions"}],"predecessor-version":[{"id":126,"href":"https:\/\/blogs.ua.es\/ejercitomoderno\/wp-json\/wp\/v2\/pages\/125\/revisions\/126"}],"wp:attachment":[{"href":"https:\/\/blogs.ua.es\/ejercitomoderno\/wp-json\/wp\/v2\/media?parent=125"}],"curies":[{"name":"wp","href":"https:\/\/api.w.org\/{rel}","templated":true}]}}