{"id":173,"date":"2010-11-08T19:15:10","date_gmt":"2010-11-08T17:15:10","guid":{"rendered":"https:\/\/blogs.ua.es\/elconcurs\/"},"modified":"2011-10-25T11:54:06","modified_gmt":"2011-10-25T09:54:06","slug":"edicions-anteriors-2","status":"publish","type":"page","link":"https:\/\/blogs.ua.es\/elconcurs\/edicions-anteriors-2\/","title":{"rendered":"Edicions anteriors"},"content":{"rendered":"<p>Voleu veure les obres premiades en les edicions anteriors del Concurs? Feu clic en l&#8217;edici\u00f3 corresponent:<\/p>\n<ul>\n<li><a href=\"https:\/\/blogs.ua.es\/elconcurs\/edicions-anteriors-2\/iv-edicio-2010-2011\/\">Edici\u00f3 2010-2011<\/a><\/li>\n<li><a href=\"https:\/\/blogs.ua.es\/elconcurs\/edicions-anteriors-2\/edicio-2009-2010\" target=\"_self\">Edici\u00f3 2009-2010<\/a><\/li>\n<\/ul>\n","protected":false},"excerpt":{"rendered":"<p>Voleu veure les obres premiades en les edicions anteriors del Concurs? Feu clic en l&#8217;edici\u00f3 corresponent: Edici\u00f3 2010-2011 Edici\u00f3 2009-2010<\/p>\n","protected":false},"author":1493,"featured_media":0,"parent":0,"menu_order":0,"comment_status":"closed","ping_status":"closed","template":"","meta":{"footnotes":""},"class_list":["post-173","page","type-page","status-publish","hentry"],"_links":{"self":[{"href":"https:\/\/blogs.ua.es\/elconcurs\/wp-json\/wp\/v2\/pages\/173","targetHints":{"allow":["GET"]}}],"collection":[{"href":"https:\/\/blogs.ua.es\/elconcurs\/wp-json\/wp\/v2\/pages"}],"about":[{"href":"https:\/\/blogs.ua.es\/elconcurs\/wp-json\/wp\/v2\/types\/page"}],"author":[{"embeddable":true,"href":"https:\/\/blogs.ua.es\/elconcurs\/wp-json\/wp\/v2\/users\/1493"}],"replies":[{"embeddable":true,"href":"https:\/\/blogs.ua.es\/elconcurs\/wp-json\/wp\/v2\/comments?post=173"}],"version-history":[{"count":12,"href":"https:\/\/blogs.ua.es\/elconcurs\/wp-json\/wp\/v2\/pages\/173\/revisions"}],"predecessor-version":[{"id":366,"href":"https:\/\/blogs.ua.es\/elconcurs\/wp-json\/wp\/v2\/pages\/173\/revisions\/366"}],"wp:attachment":[{"href":"https:\/\/blogs.ua.es\/elconcurs\/wp-json\/wp\/v2\/media?parent=173"}],"curies":[{"name":"wp","href":"https:\/\/api.w.org\/{rel}","templated":true}]}}