{"id":4,"date":"2013-11-15T17:44:20","date_gmt":"2013-11-15T17:44:20","guid":{"rendered":"https:\/\/blogs.ua.es\/elda3\/?page_id=4"},"modified":"2013-12-10T18:24:51","modified_gmt":"2013-12-10T18:24:51","slug":"presentacion","status":"publish","type":"page","link":"https:\/\/blogs.ua.es\/elda3\/presentacion\/","title":{"rendered":"PRESENTACI\u00d3N"},"content":{"rendered":"<p>Somos Mar\u00eda \u00c1ngeles Useros, Luc\u00eda Mil\u00e1n y \u00a0Borja Jim\u00e9nez \u00a0de la carrera de historia de la Universidad de Alicante, y en este blog vamos a mostrar y analizar las escrituras expuestas en la cuidad de Elda.<\/p>\n","protected":false},"excerpt":{"rendered":"<p>Somos Mar\u00eda \u00c1ngeles Useros, Luc\u00eda Mil\u00e1n y \u00a0Borja Jim\u00e9nez \u00a0de la carrera de historia de la Universidad de Alicante, y en este blog vamos a mostrar y analizar las escrituras expuestas en la cuidad de Elda.<\/p>\n","protected":false},"author":3396,"featured_media":0,"parent":0,"menu_order":0,"comment_status":"open","ping_status":"open","template":"","meta":{"footnotes":""},"class_list":["post-4","page","type-page","status-publish","hentry"],"_links":{"self":[{"href":"https:\/\/blogs.ua.es\/elda3\/wp-json\/wp\/v2\/pages\/4","targetHints":{"allow":["GET"]}}],"collection":[{"href":"https:\/\/blogs.ua.es\/elda3\/wp-json\/wp\/v2\/pages"}],"about":[{"href":"https:\/\/blogs.ua.es\/elda3\/wp-json\/wp\/v2\/types\/page"}],"author":[{"embeddable":true,"href":"https:\/\/blogs.ua.es\/elda3\/wp-json\/wp\/v2\/users\/3396"}],"replies":[{"embeddable":true,"href":"https:\/\/blogs.ua.es\/elda3\/wp-json\/wp\/v2\/comments?post=4"}],"version-history":[{"count":3,"href":"https:\/\/blogs.ua.es\/elda3\/wp-json\/wp\/v2\/pages\/4\/revisions"}],"predecessor-version":[{"id":29,"href":"https:\/\/blogs.ua.es\/elda3\/wp-json\/wp\/v2\/pages\/4\/revisions\/29"}],"wp:attachment":[{"href":"https:\/\/blogs.ua.es\/elda3\/wp-json\/wp\/v2\/media?parent=4"}],"curies":[{"name":"wp","href":"https:\/\/api.w.org\/{rel}","templated":true}]}}