{"id":40,"date":"2013-01-25T17:04:45","date_gmt":"2013-01-25T16:04:45","guid":{"rendered":"https:\/\/blogs.ua.es\/eleccionesalicante1977\/?page_id=40"},"modified":"2013-01-28T17:58:01","modified_gmt":"2013-01-28T16:58:01","slug":"valoracion-de-las-fuentes","status":"publish","type":"page","link":"https:\/\/blogs.ua.es\/eleccionesalicante1977\/valoracion-de-las-fuentes\/","title":{"rendered":"Valoraci\u00f3n de las fuentes"},"content":{"rendered":"<p style=\"text-align: justify\">La realizaci\u00f3n de este blog no ha sido f\u00e1cil. Fue un trabajo costoso encontrar informaci\u00f3n, ya que hab\u00eda abundante informaci\u00f3n en Internet sobre estas elecciones, pero no correspondientes a la Provincia de Alicante, mucha informaci\u00f3n era de \u00e1mbito general y nacional. \u00a0El material encontrado correspondiente estrictamente a Alicante era muy breve y no lleg\u00e1bamos a comprender la complejidad de todo el proceso de Las Elecciones Generales de 1977 en la provincia de Alicante.<\/p>\n<p style=\"text-align: justify\">Pero finalmente descubrimos que los recursos eran m\u00e1s abundantes en el tema de los resultados de estas elecciones, mediante gr\u00e1ficos y tablas, donde pod\u00edamos ver los resultados de los votos de una manera simple i sencilla.<\/p>\n<p style=\"text-align: justify\">Adem\u00e1s, en las \u00faltimas entradas, al paso de que vas mejorando en las b\u00fasquedas y en la manera de cercar la informaci\u00f3n, tenias el objetivo de buscar la informaci\u00f3n mas complicada y mas oculta. Dejabas de lado la primera pagina de los resultados de Google, y te interesabas por cercar fuentes y informaci\u00f3n cuando mas escondidas mejor. Nos pon\u00edamos \u00a0en el papel de investigador i explorador.<\/p>\n<p>Esperamos que este blog sea de gran ayuda para todos aquellos interesados en el tema y que os guste, ya que hemos puesto mucho empe\u00f1o en ello. \u00a1Un saludo a todos!<\/p>\n<p>V\u00edctor Fern\u00e0ndez D\u00edez<\/p>\n","protected":false},"excerpt":{"rendered":"<p>La realizaci\u00f3n de este blog no ha sido f\u00e1cil. Fue un trabajo costoso encontrar informaci\u00f3n, ya que hab\u00eda abundante informaci\u00f3n en Internet sobre estas elecciones, pero no correspondientes a la Provincia de Alicante, mucha informaci\u00f3n era de \u00e1mbito general y nacional. \u00a0El material encontrado correspondiente estrictamente a Alicante era muy breve y no lleg\u00e1bamos a [&hellip;]<\/p>\n","protected":false},"author":2966,"featured_media":0,"parent":0,"menu_order":0,"comment_status":"open","ping_status":"open","template":"","meta":{"footnotes":""},"class_list":["post-40","page","type-page","status-publish","hentry"],"_links":{"self":[{"href":"https:\/\/blogs.ua.es\/eleccionesalicante1977\/wp-json\/wp\/v2\/pages\/40","targetHints":{"allow":["GET"]}}],"collection":[{"href":"https:\/\/blogs.ua.es\/eleccionesalicante1977\/wp-json\/wp\/v2\/pages"}],"about":[{"href":"https:\/\/blogs.ua.es\/eleccionesalicante1977\/wp-json\/wp\/v2\/types\/page"}],"author":[{"embeddable":true,"href":"https:\/\/blogs.ua.es\/eleccionesalicante1977\/wp-json\/wp\/v2\/users\/2966"}],"replies":[{"embeddable":true,"href":"https:\/\/blogs.ua.es\/eleccionesalicante1977\/wp-json\/wp\/v2\/comments?post=40"}],"version-history":[{"count":3,"href":"https:\/\/blogs.ua.es\/eleccionesalicante1977\/wp-json\/wp\/v2\/pages\/40\/revisions"}],"predecessor-version":[{"id":144,"href":"https:\/\/blogs.ua.es\/eleccionesalicante1977\/wp-json\/wp\/v2\/pages\/40\/revisions\/144"}],"wp:attachment":[{"href":"https:\/\/blogs.ua.es\/eleccionesalicante1977\/wp-json\/wp\/v2\/media?parent=40"}],"curies":[{"name":"wp","href":"https:\/\/api.w.org\/{rel}","templated":true}]}}