{"id":180,"date":"2014-02-05T01:21:55","date_gmt":"2014-02-04T23:21:55","guid":{"rendered":"https:\/\/blogs.ua.es\/elei\/?page_id=180"},"modified":"2014-02-05T01:21:55","modified_gmt":"2014-02-04T23:21:55","slug":"normas-de-ponencias","status":"publish","type":"page","link":"https:\/\/blogs.ua.es\/elei\/normas-de-ponencias\/","title":{"rendered":"Normas de ponencias"},"content":{"rendered":"<div>\n<p style=\"text-align: justify\"><span style=\"color: #000000\">Se establece una diferencia entre la presentaci\u00f3n de ponencias para las Jornadas y los textos para su evaluaci\u00f3n con el objeto de producir un manual sobre EIS, a publicar en 2015. <\/span><\/p>\n<p style=\"text-align: justify\"><strong><span style=\"color: #000000\">1.- PRESENTACI\u00d3N DE PONENCIAS A LAS JORNADAS 2014<\/span><\/strong><\/p>\n<p style=\"text-align: justify\"><span style=\"color: #000000\">Del 10 de Febrero al 10 de Marzo<\/span><\/p>\n<p style=\"text-align: justify\"><span style=\"color: #000000\">Recepci\u00f3n res\u00famenes: T\u00edtulo, \u00a0autor o autores, instituci\u00f3n de procedencia, direcci\u00f3n completa y e-mail. \u00a0Un resumen con un m\u00e1ximo de 250 palabras<\/span><\/p>\n<p style=\"text-align: justify\"><span style=\"color: #000000\">Del 20 al 25 de marzo<\/span><\/p>\n<p style=\"text-align: justify\"><span style=\"color: #000000\">Env\u00edo del power point de la presentaci\u00f3n de la ponencia. Las presentaciones tendr\u00e1n una duraci\u00f3n m\u00e1xima de 20 minutos, con la excepci\u00f3n de aquellas ponencias principales que ser\u00e1n previamente indicadas por el Comit\u00e9 Organizador.<\/span><\/p>\n<p style=\"text-align: justify\"><strong><span style=\"color: #000000\">2.- TEXTOS PARA POSIBLE PUBLICACI\u00d3N EN UN MANUAL SOBRE EIS<\/span><\/strong><\/p>\n<p style=\"text-align: justify\"><span style=\"color: #000000\">CONTENIDOS<\/span><\/p>\n<p style=\"text-align: justify\"><span style=\"color: #000000\">Estas Jornadas tienen un claro objetivo metodol\u00f3gico. As\u00ed los art\u00edculos de esta compilaci\u00f3n, que construiremos entre todos los participantes, realizar\u00e1n una aportaci\u00f3n al desarrollo de la metodolog\u00eda EIS. Por metodolog\u00eda entendemos un conjunto de operaciones que incluyen los principios axiol\u00f3gicos, conceptuales, te\u00f3ricos, organizativos hasta la aplicaci\u00f3n de diferentes t\u00e9cnicas. El libro tendr\u00e1 dos partes diferenciadas. Una primera claramente metodol\u00f3gica y una segunda compuesta por la descripci\u00f3n de estudios de caso pero que obligatoriamente deben de proponer un contenido reflexivo sobre alguno\/s de los componentes metodol\u00f3gicos anteriormente descritos.<\/span><\/p>\n<p style=\"text-align: justify\"><span style=\"color: #000000\">El comit\u00e9 cient\u00edfico llevar\u00e1 a cabo una evaluaci\u00f3n de los trabajos que opten a la publicaci\u00f3n que saldr\u00e1 de las ponencias, trabajos y reflexiones del congreso.<\/span><\/p>\n<p style=\"text-align: justify\"><strong><span style=\"color: #000000\">CRONOGRAMA<\/span><\/strong><\/p>\n<p style=\"text-align: justify\"><span style=\"color: #000000\">El 31 de septiembre, 2014 se presentar\u00e1 un borrador del art\u00edculo<\/span><\/p>\n<p style=\"text-align: justify\"><span style=\"color: #000000\">1 de diciembre, contestaci\u00f3n del comit\u00e9 cient\u00edfico sobre la oportunidad o no de incluir el texto propuesto en el manual<\/span><\/p>\n<p style=\"text-align: justify\"><span style=\"color: #000000\">30 de marzo 2015. Entrega del texto final.<\/span><\/p>\n<p style=\"text-align: justify\"><span style=\"color: #000000\">M\u00e1s adelante se comunicar\u00e1n las normas de publicaci\u00f3n. No obstante, los textos deber\u00edan tener alrededor \u00a0de 12.500 palabras.<\/span><\/p>\n<\/div>\n","protected":false},"excerpt":{"rendered":"<p>Se establece una diferencia entre la presentaci\u00f3n de ponencias para las Jornadas y los textos para su evaluaci\u00f3n con el objeto de producir un manual sobre EIS, a publicar en 2015. 1.- PRESENTACI\u00d3N DE PONENCIAS A LAS JORNADAS 2014 Del 10 de Febrero al 10 de Marzo Recepci\u00f3n res\u00famenes: T\u00edtulo, \u00a0autor o autores, instituci\u00f3n de &hellip; <a href=\"https:\/\/blogs.ua.es\/elei\/normas-de-ponencias\/\" class=\"more-link\">Continue reading <span class=\"screen-reader-text\">Normas de ponencias<\/span> <span class=\"meta-nav\">&rarr;<\/span><\/a><\/p>\n","protected":false},"author":3226,"featured_media":0,"parent":0,"menu_order":0,"comment_status":"closed","ping_status":"open","template":"","meta":{"footnotes":""},"class_list":["post-180","page","type-page","status-publish","hentry"],"_links":{"self":[{"href":"https:\/\/blogs.ua.es\/elei\/wp-json\/wp\/v2\/pages\/180","targetHints":{"allow":["GET"]}}],"collection":[{"href":"https:\/\/blogs.ua.es\/elei\/wp-json\/wp\/v2\/pages"}],"about":[{"href":"https:\/\/blogs.ua.es\/elei\/wp-json\/wp\/v2\/types\/page"}],"author":[{"embeddable":true,"href":"https:\/\/blogs.ua.es\/elei\/wp-json\/wp\/v2\/users\/3226"}],"replies":[{"embeddable":true,"href":"https:\/\/blogs.ua.es\/elei\/wp-json\/wp\/v2\/comments?post=180"}],"version-history":[{"count":2,"href":"https:\/\/blogs.ua.es\/elei\/wp-json\/wp\/v2\/pages\/180\/revisions"}],"predecessor-version":[{"id":183,"href":"https:\/\/blogs.ua.es\/elei\/wp-json\/wp\/v2\/pages\/180\/revisions\/183"}],"wp:attachment":[{"href":"https:\/\/blogs.ua.es\/elei\/wp-json\/wp\/v2\/media?parent=180"}],"curies":[{"name":"wp","href":"https:\/\/api.w.org\/{rel}","templated":true}]}}