{"id":317,"date":"2022-08-12T11:37:54","date_gmt":"2022-08-12T11:37:54","guid":{"rendered":"https:\/\/blogs.ua.es\/elespejodecarmesina\/?page_id=317"},"modified":"2022-09-08T14:43:19","modified_gmt":"2022-09-08T14:43:19","slug":"emily-bronte","status":"publish","type":"page","link":"https:\/\/blogs.ua.es\/elespejodecarmesina\/autoes\/emily-bronte\/","title":{"rendered":"Emily Bront\u00eb"},"content":{"rendered":"<h3>Biograf\u00eda<\/h3>\n<p><img loading=\"lazy\" decoding=\"async\" class=\"size-medium wp-image-318 alignright\" src=\"https:\/\/blogs.ua.es\/elespejodecarmesina\/files\/2022\/08\/emmy-228x300.jpg\" alt=\"\" width=\"228\" height=\"300\" srcset=\"https:\/\/blogs.ua.es\/elespejodecarmesina\/files\/2022\/08\/emmy-228x300.jpg 228w, https:\/\/blogs.ua.es\/elespejodecarmesina\/files\/2022\/08\/emmy.jpg 704w\" sizes=\"auto, (max-width: 228px) 100vw, 228px\" \/>Emily Jane Bront\u00eb es una escritora brit\u00e1nica de \u00e9poca victoriana. Es la quinta de seis hermanos, entre los cuales se encuentran Charlotte y Anne, tambi\u00e9n escritoras. A las tres se las reconoce en el mundo literario como las Hermanas Bront\u00eb.<\/p>\n<p>Naci\u00f3 el 30 de julio de 1818 en Thornton, y muri\u00f3 el 19 de diciembre de 1848 en Haworth. A lo largo de su vida tan solo public\u00f3 una novela, Cumbres Borrascosas, y lo hizo bajo el pseud\u00f3nimo de Ellis Bell por las nombrosas dificultades que ten\u00edan las mujeres en el siglo XIX para publicar.<\/p>\n<p>Pese a no conocerse m\u00e1s novelas de la escritora, s\u00ed escribi\u00f3 una serie de poemas junto a sus hermanas que publicaron de forma conjunta.<\/p>\n<p>&nbsp;<\/p>\n<h3>Libros rese\u00f1ados<\/h3>\n<h5><a href=\"https:\/\/blogs.ua.es\/elespejodecarmesina\/2022\/07\/30\/cumbres-borrascosas\/\">Cumbres borrascosas\u200b<\/a><\/h5>\n","protected":false},"excerpt":{"rendered":"<p>Biograf\u00eda Emily Jane Bront\u00eb es una escritora brit\u00e1nica de \u00e9poca victoriana. Es la quinta de seis hermanos, entre los cuales se encuentran Charlotte y Anne, tambi\u00e9n escritoras. A las tres se las reconoce en el mundo literario como las Hermanas Bront\u00eb. Naci\u00f3 el 30 de julio de 1818 en Thornton, y muri\u00f3 el 19 de &hellip; <a href=\"https:\/\/blogs.ua.es\/elespejodecarmesina\/autoes\/emily-bronte\/\" class=\"more-link\">Continue reading <span class=\"screen-reader-text\">Emily Bront\u00eb<\/span> <span class=\"meta-nav\">&rarr;<\/span><\/a><\/p>\n","protected":false},"author":4528,"featured_media":0,"parent":51,"menu_order":0,"comment_status":"closed","ping_status":"closed","template":"","meta":{"footnotes":""},"class_list":["post-317","page","type-page","status-publish","hentry"],"_links":{"self":[{"href":"https:\/\/blogs.ua.es\/elespejodecarmesina\/wp-json\/wp\/v2\/pages\/317","targetHints":{"allow":["GET"]}}],"collection":[{"href":"https:\/\/blogs.ua.es\/elespejodecarmesina\/wp-json\/wp\/v2\/pages"}],"about":[{"href":"https:\/\/blogs.ua.es\/elespejodecarmesina\/wp-json\/wp\/v2\/types\/page"}],"author":[{"embeddable":true,"href":"https:\/\/blogs.ua.es\/elespejodecarmesina\/wp-json\/wp\/v2\/users\/4528"}],"replies":[{"embeddable":true,"href":"https:\/\/blogs.ua.es\/elespejodecarmesina\/wp-json\/wp\/v2\/comments?post=317"}],"version-history":[{"count":2,"href":"https:\/\/blogs.ua.es\/elespejodecarmesina\/wp-json\/wp\/v2\/pages\/317\/revisions"}],"predecessor-version":[{"id":332,"href":"https:\/\/blogs.ua.es\/elespejodecarmesina\/wp-json\/wp\/v2\/pages\/317\/revisions\/332"}],"up":[{"embeddable":true,"href":"https:\/\/blogs.ua.es\/elespejodecarmesina\/wp-json\/wp\/v2\/pages\/51"}],"wp:attachment":[{"href":"https:\/\/blogs.ua.es\/elespejodecarmesina\/wp-json\/wp\/v2\/media?parent=317"}],"curies":[{"name":"wp","href":"https:\/\/api.w.org\/{rel}","templated":true}]}}