{"id":330,"date":"2022-09-08T14:42:26","date_gmt":"2022-09-08T14:42:26","guid":{"rendered":"https:\/\/blogs.ua.es\/elespejodecarmesina\/?page_id=330"},"modified":"2022-09-08T14:42:38","modified_gmt":"2022-09-08T14:42:38","slug":"diana-wynne-jones","status":"publish","type":"page","link":"https:\/\/blogs.ua.es\/elespejodecarmesina\/autoes\/diana-wynne-jones\/","title":{"rendered":"Diana Wynne Jones"},"content":{"rendered":"<h4>Biograf\u00eda<\/h4>\n<p><img loading=\"lazy\" decoding=\"async\" class=\"size-medium wp-image-274 alignright\" src=\"https:\/\/blogs.ua.es\/elespejodecarmesina\/files\/2022\/08\/8-202x300.jpg\" alt=\"\" width=\"202\" height=\"300\" srcset=\"https:\/\/blogs.ua.es\/elespejodecarmesina\/files\/2022\/08\/8-202x300.jpg 202w, https:\/\/blogs.ua.es\/elespejodecarmesina\/files\/2022\/08\/8.jpg 403w\" sizes=\"auto, (max-width: 202px) 100vw, 202px\" \/> Diana Wynne Jones fue una escritora inglesa conocida por sus novelas de fantas\u00eda, as\u00ed como por su colecci\u00f3n de narrativa infantil. Alumna de JRR Tolkien, toma mucha inspiraci\u00f3n de este autor, as\u00ed como de CSS Lewis.<\/p>\n<p>Naci\u00f3 el 16 de agosto de 1934 en Londres, y falleci\u00f3 a los 76 a\u00f1os, el 26 de marzo de 2011.<\/p>\n<p>Sus novelas m\u00e1s c\u00e9lebres son las de la <em>Trilog\u00eda de Ingary<\/em>, pero tambi\u00e9n escribi\u00f3 otra serie de libros fant\u00e1sticos como la serie <em>Chrestomanci<\/em>.<\/p>\n<p>&nbsp;<\/p>\n<p>&nbsp;<\/p>\n<h4>Libros rese\u00f1ados<\/h4>\n<h5><a href=\"https:\/\/blogs.ua.es\/elespejodecarmesina\/2022\/08\/06\/book-vs-movie-el-castillo-ambulante\/\">El castillo ambulante vs Howl no Ugoku Shiro<\/a><\/h5>\n","protected":false},"excerpt":{"rendered":"<p>Biograf\u00eda Diana Wynne Jones fue una escritora inglesa conocida por sus novelas de fantas\u00eda, as\u00ed como por su colecci\u00f3n de narrativa infantil. Alumna de JRR Tolkien, toma mucha inspiraci\u00f3n de este autor, as\u00ed como de CSS Lewis. Naci\u00f3 el 16 de agosto de 1934 en Londres, y falleci\u00f3 a los 76 a\u00f1os, el 26 de &hellip; <a href=\"https:\/\/blogs.ua.es\/elespejodecarmesina\/autoes\/diana-wynne-jones\/\" class=\"more-link\">Continue reading <span class=\"screen-reader-text\">Diana Wynne Jones<\/span> <span class=\"meta-nav\">&rarr;<\/span><\/a><\/p>\n","protected":false},"author":4528,"featured_media":0,"parent":51,"menu_order":0,"comment_status":"closed","ping_status":"closed","template":"","meta":{"footnotes":""},"class_list":["post-330","page","type-page","status-publish","hentry"],"_links":{"self":[{"href":"https:\/\/blogs.ua.es\/elespejodecarmesina\/wp-json\/wp\/v2\/pages\/330","targetHints":{"allow":["GET"]}}],"collection":[{"href":"https:\/\/blogs.ua.es\/elespejodecarmesina\/wp-json\/wp\/v2\/pages"}],"about":[{"href":"https:\/\/blogs.ua.es\/elespejodecarmesina\/wp-json\/wp\/v2\/types\/page"}],"author":[{"embeddable":true,"href":"https:\/\/blogs.ua.es\/elespejodecarmesina\/wp-json\/wp\/v2\/users\/4528"}],"replies":[{"embeddable":true,"href":"https:\/\/blogs.ua.es\/elespejodecarmesina\/wp-json\/wp\/v2\/comments?post=330"}],"version-history":[{"count":1,"href":"https:\/\/blogs.ua.es\/elespejodecarmesina\/wp-json\/wp\/v2\/pages\/330\/revisions"}],"predecessor-version":[{"id":331,"href":"https:\/\/blogs.ua.es\/elespejodecarmesina\/wp-json\/wp\/v2\/pages\/330\/revisions\/331"}],"up":[{"embeddable":true,"href":"https:\/\/blogs.ua.es\/elespejodecarmesina\/wp-json\/wp\/v2\/pages\/51"}],"wp:attachment":[{"href":"https:\/\/blogs.ua.es\/elespejodecarmesina\/wp-json\/wp\/v2\/media?parent=330"}],"curies":[{"name":"wp","href":"https:\/\/api.w.org\/{rel}","templated":true}]}}