{"id":151,"date":"2011-01-16T17:19:07","date_gmt":"2011-01-16T16:19:07","guid":{"rendered":"https:\/\/blogs.ua.es\/elgrancapitan\/"},"modified":"2011-01-16T17:19:07","modified_gmt":"2011-01-16T16:19:07","slug":"genealogia","status":"publish","type":"page","link":"https:\/\/blogs.ua.es\/elgrancapitan\/genealogia\/","title":{"rendered":"Genealog\u00eda"},"content":{"rendered":"<p>\u00c1rbol geneal\u00f3gico de la familia Gonz\u00e1lez de C\u00f3rdoba y la Casa Aguilar.<\/p>\n<p><a href=\"https:\/\/blogs.ua.es\/elgrancapitan\/files\/2011\/01\/genealogia-gran-capitan.png\"><img loading=\"lazy\" decoding=\"async\" class=\"aligncenter size-full wp-image-152\" src=\"https:\/\/blogs.ua.es\/elgrancapitan\/files\/2011\/01\/genealogia-gran-capitan.png\" alt=\"\" width=\"895\" height=\"624\" srcset=\"https:\/\/blogs.ua.es\/elgrancapitan\/files\/2011\/01\/genealogia-gran-capitan.png 895w, https:\/\/blogs.ua.es\/elgrancapitan\/files\/2011\/01\/genealogia-gran-capitan-300x209.png 300w\" sizes=\"auto, (max-width: 895px) 100vw, 895px\" \/><\/a><\/p>\n<p>Fuente: <a href=\"http:\/\/www.fernandezdecordoba.nom.es\/\">http:\/\/www.fernandezdecordoba.nom.es<\/a><\/p>\n","protected":false},"excerpt":{"rendered":"<p>\u00c1rbol geneal\u00f3gico de la familia Gonz\u00e1lez de C\u00f3rdoba y la Casa Aguilar. Fuente: http:\/\/www.fernandezdecordoba.nom.es<\/p>\n","protected":false},"author":1965,"featured_media":0,"parent":0,"menu_order":0,"comment_status":"open","ping_status":"open","template":"","meta":{"footnotes":""},"class_list":["post-151","page","type-page","status-publish","hentry"],"_links":{"self":[{"href":"https:\/\/blogs.ua.es\/elgrancapitan\/wp-json\/wp\/v2\/pages\/151","targetHints":{"allow":["GET"]}}],"collection":[{"href":"https:\/\/blogs.ua.es\/elgrancapitan\/wp-json\/wp\/v2\/pages"}],"about":[{"href":"https:\/\/blogs.ua.es\/elgrancapitan\/wp-json\/wp\/v2\/types\/page"}],"author":[{"embeddable":true,"href":"https:\/\/blogs.ua.es\/elgrancapitan\/wp-json\/wp\/v2\/users\/1965"}],"replies":[{"embeddable":true,"href":"https:\/\/blogs.ua.es\/elgrancapitan\/wp-json\/wp\/v2\/comments?post=151"}],"version-history":[{"count":2,"href":"https:\/\/blogs.ua.es\/elgrancapitan\/wp-json\/wp\/v2\/pages\/151\/revisions"}],"predecessor-version":[{"id":154,"href":"https:\/\/blogs.ua.es\/elgrancapitan\/wp-json\/wp\/v2\/pages\/151\/revisions\/154"}],"wp:attachment":[{"href":"https:\/\/blogs.ua.es\/elgrancapitan\/wp-json\/wp\/v2\/media?parent=151"}],"curies":[{"name":"wp","href":"https:\/\/api.w.org\/{rel}","templated":true}]}}