{"id":4,"date":"2013-12-13T09:01:31","date_gmt":"2013-12-13T09:01:31","guid":{"rendered":"https:\/\/blogs.ua.es\/elx2\/?page_id=4"},"modified":"2013-12-13T09:01:31","modified_gmt":"2013-12-13T09:01:31","slug":"presentacio","status":"publish","type":"page","link":"https:\/\/blogs.ua.es\/elx2\/presentacio\/","title":{"rendered":"Presentaci\u00f3"},"content":{"rendered":"<p style=\"text-align: left\">Som Carmen Segrelles, Andrea Dom\u00ednguez, Neus Ant\u00f3n i Jos\u00e9 Luis Mart\u00ednez; alumnes de primer grau de hist\u00f2ria de la universitat d&#8217;Alacant.<\/p>\n<p style=\"text-align: left\">A aquest blog us mostrarem les diferents imatges d&#8217;escriptures exposades a la ciutat d&#8217;Elx.<\/p>\n<p style=\"text-align: left\">Ens centrarem a les categories 2 i 6 que versen sobre els graffitis iconogr\u00e0fics i temples religiosos.<\/p>\n<p style=\"text-align: left\">Benvinguts!<\/p>\n","protected":false},"excerpt":{"rendered":"<p>Som Carmen Segrelles, Andrea Dom\u00ednguez, Neus Ant\u00f3n i Jos\u00e9 Luis Mart\u00ednez; alumnes de primer grau de hist\u00f2ria de la universitat d&#8217;Alacant. A aquest blog us mostrarem les diferents imatges d&#8217;escriptures exposades a la ciutat d&#8217;Elx. Ens centrarem a les categories &hellip; <a href=\"https:\/\/blogs.ua.es\/elx2\/presentacio\/\">Continue reading <span class=\"meta-nav\">&rarr;<\/span><\/a><\/p>\n","protected":false},"author":3458,"featured_media":0,"parent":0,"menu_order":0,"comment_status":"open","ping_status":"open","template":"","meta":{"footnotes":""},"class_list":["post-4","page","type-page","status-publish","hentry"],"_links":{"self":[{"href":"https:\/\/blogs.ua.es\/elx2\/wp-json\/wp\/v2\/pages\/4","targetHints":{"allow":["GET"]}}],"collection":[{"href":"https:\/\/blogs.ua.es\/elx2\/wp-json\/wp\/v2\/pages"}],"about":[{"href":"https:\/\/blogs.ua.es\/elx2\/wp-json\/wp\/v2\/types\/page"}],"author":[{"embeddable":true,"href":"https:\/\/blogs.ua.es\/elx2\/wp-json\/wp\/v2\/users\/3458"}],"replies":[{"embeddable":true,"href":"https:\/\/blogs.ua.es\/elx2\/wp-json\/wp\/v2\/comments?post=4"}],"version-history":[{"count":1,"href":"https:\/\/blogs.ua.es\/elx2\/wp-json\/wp\/v2\/pages\/4\/revisions"}],"predecessor-version":[{"id":5,"href":"https:\/\/blogs.ua.es\/elx2\/wp-json\/wp\/v2\/pages\/4\/revisions\/5"}],"wp:attachment":[{"href":"https:\/\/blogs.ua.es\/elx2\/wp-json\/wp\/v2\/media?parent=4"}],"curies":[{"name":"wp","href":"https:\/\/api.w.org\/{rel}","templated":true}]}}