{"id":8,"date":"2013-12-13T09:03:14","date_gmt":"2013-12-13T09:03:14","guid":{"rendered":"https:\/\/blogs.ua.es\/elx2\/?page_id=8"},"modified":"2014-01-13T09:04:58","modified_gmt":"2014-01-13T08:04:58","slug":"valoracio","status":"publish","type":"page","link":"https:\/\/blogs.ua.es\/elx2\/valoracio\/","title":{"rendered":"Valoraci\u00f3"},"content":{"rendered":"<p>B\u00e9, a grans trets, esperem que el blog haja servit i serveixi a tots aquells que l&#8217;hagen visitat i el visiten pr\u00f2ximament per il\u00b7lustrar dues facetes molt distintes de la nostra ciutat. Dues facetes (el graffiti i els temples religiosos) que com la pr\u00f2pia ciutat es troben en una constant din\u00e0mica de canvi, de moviment; naixent i canviant de forma i estil per adaptar-se als nous temps que v\u00e9nen per substituir altres.<\/p>\n<p>Hem mostrat aquestes dues facetes de la nostra ciutat des del seu significat com a escriptures i imatges exposades al p\u00fablic, i com a historiadors en pot\u00e8ncia, a les explicacions hem tractat sempre d&#8217;explicar el contingut de les mateixes amb la m\u00e0xima objectivitat, amb petits tocs d&#8217;humor, o amb explicacions per contextualitzar o aclarir, per\u00f2 mai amb intenci\u00f3 d&#8217;encaminar un pensament o expressar judicis propis.<\/p>\n<p>Aix\u00ed, calia deixar clar, i crec que en part ho hem assolit, que els documents exposats a una comunitat sempre tenen una rellev\u00e0ncia, un inter\u00e8s, una intenci\u00f3 i un significat que hem d&#8217;explicar i aclarir com a membres de la mateixa societat on es troben aquestos documents i que per tant tenen el mateix llenguatge i cultura, que s\u00f3n les ferramentes per a fer un an\u00e0lisi objectiu d&#8217;aquestes inscripcions i oferir un estudi (com \u00e9s aquest blog) on aquestes escriptures prenguin sentit complet.<\/p>\n<p>Per \u00faltim, concloure dient que des del grup Elx2, acabem aquest treball contents, essent conscients perfectament de que \u00e9s millorable en forma i contingut, per\u00f2 aix\u00ed i tot satisfets del treball realitzat i sobretot dels coneixements obtinguts. D&#8217;haver aconseguit fer una mostra prou digna (sobrepassant el centenar d&#8217;entrades) sobre dos tipus d&#8217;escriptures a la nostra ciutat, creant per tant un espai de recerca, de coneixement i fins i tot d&#8217;inter\u00e9s cultural, participatiu i connectat amb les xarxes socials des d&#8217;on poder oferir un lloc que pret\u00e9n ser \u00fatil no nom\u00e9s com a treball acad\u00e8mic sin\u00f3 tamb\u00e9 com a element de cultura i inter\u00e9s pel nostre patrimoni.<\/p>\n<p style=\"text-align: right\">Moltes gr\u00e0cies.<\/p>\n","protected":false},"excerpt":{"rendered":"<p>B\u00e9, a grans trets, esperem que el blog haja servit i serveixi a tots aquells que l&#8217;hagen visitat i el visiten pr\u00f2ximament per il\u00b7lustrar dues facetes molt distintes de la nostra ciutat. Dues facetes (el graffiti i els temples religiosos) &hellip; <a href=\"https:\/\/blogs.ua.es\/elx2\/valoracio\/\">Continue reading <span class=\"meta-nav\">&rarr;<\/span><\/a><\/p>\n","protected":false},"author":3458,"featured_media":0,"parent":0,"menu_order":2,"comment_status":"open","ping_status":"open","template":"","meta":{"footnotes":""},"class_list":["post-8","page","type-page","status-publish","hentry"],"_links":{"self":[{"href":"https:\/\/blogs.ua.es\/elx2\/wp-json\/wp\/v2\/pages\/8","targetHints":{"allow":["GET"]}}],"collection":[{"href":"https:\/\/blogs.ua.es\/elx2\/wp-json\/wp\/v2\/pages"}],"about":[{"href":"https:\/\/blogs.ua.es\/elx2\/wp-json\/wp\/v2\/types\/page"}],"author":[{"embeddable":true,"href":"https:\/\/blogs.ua.es\/elx2\/wp-json\/wp\/v2\/users\/3458"}],"replies":[{"embeddable":true,"href":"https:\/\/blogs.ua.es\/elx2\/wp-json\/wp\/v2\/comments?post=8"}],"version-history":[{"count":5,"href":"https:\/\/blogs.ua.es\/elx2\/wp-json\/wp\/v2\/pages\/8\/revisions"}],"predecessor-version":[{"id":586,"href":"https:\/\/blogs.ua.es\/elx2\/wp-json\/wp\/v2\/pages\/8\/revisions\/586"}],"wp:attachment":[{"href":"https:\/\/blogs.ua.es\/elx2\/wp-json\/wp\/v2\/media?parent=8"}],"curies":[{"name":"wp","href":"https:\/\/api.w.org\/{rel}","templated":true}]}}