{"id":53,"date":"2012-01-18T10:38:23","date_gmt":"2012-01-18T10:38:23","guid":{"rendered":"https:\/\/blogs.ua.es\/emigracionespanyasigloxx\/?page_id=53"},"modified":"2012-01-18T21:24:45","modified_gmt":"2012-01-18T21:24:45","slug":"explicacion-general-del-tema","status":"publish","type":"page","link":"https:\/\/blogs.ua.es\/emigracionespanyasigloxx\/explicacion-general-del-tema\/","title":{"rendered":"Explicaci\u00f3n general"},"content":{"rendered":"<p style=\"text-align: justify\">El descubrimiento de america y su posterior conquista en el siglo XVI supuso para espa\u00f1a una corriente migratoria fija e importante. Esta corriente se\u00a0mantendr\u00eda\u00a0hasta finales del siglo XX. Especialmente en la posguerra y en los a\u00f1os de la dictadura franquista, debida a la precaria\u00a0situaci\u00f3n\u00a0de un\u00a0pa\u00eds\u00a0reci\u00e9n\u00a0salido de un conflicto armado, y es precisamente esa situaci\u00f3n econ\u00f3mica la que provoca un cambio en el tipo de migraci\u00f3n a partir de la d\u00e9cada de los 50.<\/p>\n<p style=\"text-align: justify\">1950: Se produce un cambio en el objetivo de la emigraci\u00f3n pasando de ser el centro de recepci\u00f3n de emigrantes europa occidental y no am\u00e9rica latina como venia siendo tradicional. Esta emigraci\u00f3n regulada por contratos en\u00a0pa\u00edses\u00a0extranjeros y supeditada a los permisos de trabajo otorgados por el gobierno, que pretendia un mayor control sobre el flujo de emigrantes as\u00ed como un aumento de las divisas que entraban en el pa\u00eds.<\/p>\n<p style=\"text-align: justify\">1960: En esta d\u00e9cada tiene su mayor apogeo la emigraci\u00f3n hacia Europa occidental llegando incluso a igualar en n\u00famero de emigrantes al destino tradicional , am\u00e9rica latina. Se producia una entrada y salida constante de emigrantes que salian con contratos nuevos y emigrados que retornaban tras la conclusi\u00f3n de los suyos. Esta \u00e9poca de mayor flujo migratorio favoreci\u00f3 la otra cara de la moneda: la emigraci\u00f3n ilegal.<\/p>\n<p style=\"text-align: justify\">1970: A partir de 1973 comienza la crisis del petroleo. \u00c9sta provoca que los\u00a0pa\u00edses\u00a0de destino cierren sus fronteras a la emigraci\u00f3n, de modo que en esta\u00a0d\u00e9cada\u00a0se reduce de forma considerable el n\u00famero de espa\u00f1oles que salen del\u00a0pa\u00eds. Los pa\u00edses de acogida instan al retorno a sus pa\u00edses a los residentes inmigrantes. Otro factor para la reducci\u00f3n de la emigraci\u00f3n es el inicio de la democracia en Espa\u00f1a.<\/p>\n<p style=\"text-align: justify\">1980: Durante esta d\u00e9cada la emigraci\u00f3n se convierte en un fen\u00f3meno residual normalmente limitado a personal cualificado, en \u00e9stos a\u00f1os comienza a incrementarse el n\u00famero de inmigrantes que llegan al pa\u00eds especialmente desde el norte de \u00c1frica y de am\u00e9rica latina.<\/p>\n<p style=\"text-align: justify\">1990: Al inicio de \u00e9sta d\u00e9cada termina de invertirse el papel de Espa\u00f1a con respecto a los movimientos migratorios: de ser un pa\u00eds tradicionalmente emigrante pasa a convertirse en un pa\u00eds de acogida, con todo lo que ello conlleva. Inmigraci\u00f3n ilegal,\u00a0econom\u00eda\u00a0sumergida y una mayor competencia en el mercado laboral.<\/p>\n","protected":false},"excerpt":{"rendered":"<p>El descubrimiento de america y su posterior conquista en el siglo XVI supuso para espa\u00f1a una corriente migratoria fija e importante. Esta corriente se\u00a0mantendr\u00eda\u00a0hasta finales del siglo XX. Especialmente en la posguerra y en los a\u00f1os de la dictadura franquista, debida a la precaria\u00a0situaci\u00f3n\u00a0de un\u00a0pa\u00eds\u00a0reci\u00e9n\u00a0salido de un conflicto armado, y es precisamente esa situaci\u00f3n econ\u00f3mica [&hellip;]<\/p>\n","protected":false},"author":2512,"featured_media":0,"parent":0,"menu_order":0,"comment_status":"open","ping_status":"open","template":"","meta":{"footnotes":""},"class_list":["post-53","page","type-page","status-publish","hentry"],"_links":{"self":[{"href":"https:\/\/blogs.ua.es\/emigracionespanyasigloxx\/wp-json\/wp\/v2\/pages\/53","targetHints":{"allow":["GET"]}}],"collection":[{"href":"https:\/\/blogs.ua.es\/emigracionespanyasigloxx\/wp-json\/wp\/v2\/pages"}],"about":[{"href":"https:\/\/blogs.ua.es\/emigracionespanyasigloxx\/wp-json\/wp\/v2\/types\/page"}],"author":[{"embeddable":true,"href":"https:\/\/blogs.ua.es\/emigracionespanyasigloxx\/wp-json\/wp\/v2\/users\/2512"}],"replies":[{"embeddable":true,"href":"https:\/\/blogs.ua.es\/emigracionespanyasigloxx\/wp-json\/wp\/v2\/comments?post=53"}],"version-history":[{"count":2,"href":"https:\/\/blogs.ua.es\/emigracionespanyasigloxx\/wp-json\/wp\/v2\/pages\/53\/revisions"}],"predecessor-version":[{"id":85,"href":"https:\/\/blogs.ua.es\/emigracionespanyasigloxx\/wp-json\/wp\/v2\/pages\/53\/revisions\/85"}],"wp:attachment":[{"href":"https:\/\/blogs.ua.es\/emigracionespanyasigloxx\/wp-json\/wp\/v2\/media?parent=53"}],"curies":[{"name":"wp","href":"https:\/\/api.w.org\/{rel}","templated":true}]}}