{"id":37,"date":"2013-01-03T09:35:14","date_gmt":"2013-01-03T09:35:14","guid":{"rendered":"https:\/\/blogs.ua.es\/enriquellobregat\/?page_id=37"},"modified":"2013-02-02T09:11:19","modified_gmt":"2013-02-02T09:11:19","slug":"biografia","status":"publish","type":"page","link":"https:\/\/blogs.ua.es\/enriquellobregat\/biografia\/","title":{"rendered":"Explicaci\u00f3n del tema"},"content":{"rendered":"<p style=\"text-align: justify\">Esta p\u00e1gina est\u00e1 dedicada a la explicaci\u00f3n del tema de nuestro blog, Enrique Llobregat, a quien hemos investigado y conocido a trav\u00e9s de sus cuantiosas obras.<\/p>\n<p style=\"text-align: justify\"><strong>Enrique Llobregat Conesa<\/strong> (Valencia 1941-Alicante 2003) estudi\u00f3 Filosof\u00eda y Letras en la Universidad de Valencia, obteniendo la licenciatura en 1963, y siendo su memoria la mejor calificada y otorg\u00e1ndosele el premio extraordinario. En 1965 recibi\u00f3 el doctorado por esa misma universidad gracias a su tesis sobre la <em>Contestan\u00eda Ib\u00e9rica<\/em>.<\/p>\n<p style=\"text-align: justify\">En 1964 obtuvo una beca en la <em>\u00c9cole B\u00edblique et Archeologique Fran\u00e7aise<\/em> de Jerusal\u00e9n. Fue profesor ayudante de la c\u00e1tedra de Arqueolog\u00eda, Epigraf\u00eda y Numism\u00e1tica de la Universidad de Valencia desde 1963 a 1966. En ese mismo a\u00f1o, tom\u00f3 posesi\u00f3n de la plaza de Director-Conservador del Museo Arqueol\u00f3gico provincial de Alicante. Fue Colaborador del Servicio de Investigaci\u00f3n de Prehistoria\u00a0de la\u00a0Diputaci\u00f3n\u00a0de Valencia,\u00a0acad\u00e9mico\u00a0Correspondiente de la real Academia de la Historia por Alicante desde 1968, Miembro del Instituto de Estudios Alicantinos y presidente de su\u00a0secci\u00f3n\u00a0de Historia, desde el mismo a\u00f1o, y desde 1970 Consejero provincial de Bellas Artes.<\/p>\n<p style=\"text-align: justify\">Sus publicaciones han aparecido en distintas revistas espa\u00f1olas y extranjeras de su especialidad, dedicando especial\u00a0atenci\u00f3n\u00a0a la protohistoria e historia antigua. Ha dirigido diferentes excavaciones en la provincia de Alicante y\u00a0dirigi\u00f3\u00a0las tareas de un gran Cat\u00e1logo General Monumental de la provincia de Alicante.<\/p>\n","protected":false},"excerpt":{"rendered":"<p>Esta p\u00e1gina est\u00e1 dedicada a la explicaci\u00f3n del tema de nuestro blog, Enrique Llobregat, a quien hemos investigado y conocido a trav\u00e9s de sus cuantiosas obras. Enrique Llobregat Conesa (Valencia 1941-Alicante 2003) estudi\u00f3 Filosof\u00eda y Letras en la Universidad de &hellip; <a href=\"https:\/\/blogs.ua.es\/enriquellobregat\/biografia\/\">Continue reading <span class=\"meta-nav\">&rarr;<\/span><\/a><\/p>\n","protected":false},"author":2933,"featured_media":0,"parent":0,"menu_order":2,"comment_status":"open","ping_status":"open","template":"","meta":{"footnotes":""},"class_list":["post-37","page","type-page","status-publish","hentry"],"_links":{"self":[{"href":"https:\/\/blogs.ua.es\/enriquellobregat\/wp-json\/wp\/v2\/pages\/37","targetHints":{"allow":["GET"]}}],"collection":[{"href":"https:\/\/blogs.ua.es\/enriquellobregat\/wp-json\/wp\/v2\/pages"}],"about":[{"href":"https:\/\/blogs.ua.es\/enriquellobregat\/wp-json\/wp\/v2\/types\/page"}],"author":[{"embeddable":true,"href":"https:\/\/blogs.ua.es\/enriquellobregat\/wp-json\/wp\/v2\/users\/2933"}],"replies":[{"embeddable":true,"href":"https:\/\/blogs.ua.es\/enriquellobregat\/wp-json\/wp\/v2\/comments?post=37"}],"version-history":[{"count":10,"href":"https:\/\/blogs.ua.es\/enriquellobregat\/wp-json\/wp\/v2\/pages\/37\/revisions"}],"predecessor-version":[{"id":40,"href":"https:\/\/blogs.ua.es\/enriquellobregat\/wp-json\/wp\/v2\/pages\/37\/revisions\/40"}],"wp:attachment":[{"href":"https:\/\/blogs.ua.es\/enriquellobregat\/wp-json\/wp\/v2\/media?parent=37"}],"curies":[{"name":"wp","href":"https:\/\/api.w.org\/{rel}","templated":true}]}}