{"id":31,"date":"2013-01-10T18:15:58","date_gmt":"2013-01-10T18:15:58","guid":{"rendered":"https:\/\/blogs.ua.es\/escolamagisterialacant\/?page_id=31"},"modified":"2013-01-11T12:03:13","modified_gmt":"2013-01-11T12:03:13","slug":"metodologia","status":"publish","type":"page","link":"https:\/\/blogs.ua.es\/escolamagisterialacant\/metodologia\/","title":{"rendered":"Metodolog\u00eda"},"content":{"rendered":"<p>En primer lugar, para la creaci\u00f3n de este blog es necesario acceder a la p\u00e1gina de la Universidad de Alicante. Seguidamente a recursos, recursos electr\u00f3nicos y blogs UA. Una vez hecho esto, se deber\u00e1 elegir la opci\u00f3n de &#8220;crear mi blog&#8221;, se rellenar\u00e1 todos los datos que nos pida \u00a0y se seguir\u00e1n los pasos hasta la creaci\u00f3n final del blog.<\/p>\n<p>Para la elaboraci\u00f3n de este blog se ha utilizado la NORMA ISO 690:2010, la cual es aplicable a todo tipo de documentos y en cualquier soporte, incluyendo los recursos electr\u00f3nicos en l\u00ednea. Adem\u00e1s regula m\u00e9todos de citas y referencias bibliogr\u00e1ficas. Tambi\u00e9n est\u00e1 disponible en la actualidad en ingl\u00e9s.<\/p>\n<p>Esta norma es aplicable a los siguientes documentos:<\/p>\n<p><span style=\"font-size: medium\"><span style=\"line-height: 24px\"><strong>&#8211; DOCUMENTOS IMPRESOS:<\/strong><\/span><\/span><\/p>\n<ul>\n<li><strong>Monograf\u00edas:<\/strong>\u00a0APELLIDOS, Nombre.\u00a0<em>T\u00edtulo.\u00a0<\/em>(Otros colaboradores: traductor, editor, etc. se podr\u00edan hacer constar con la forma directa de nombre APELLIDOS). Edici\u00f3n. Lugar: Editor, a\u00f1o. Extensi\u00f3n (opcional). (Serie; n\u00ba). ISBN. Si el autor principal es corporativo, se hace constar el nombre directo en MAY\u00daSCULAS.<\/li>\n<li><span style=\"color: #000000\"><strong>Parte de una monograf\u00eda:\u00a0<\/strong>(Autor\/res de la parte) APELLIDOS, Nombre. T\u00edtulo de la parte. En:\u00a0T\u00edtulo de la obra completa.\u00a0Edici\u00f3n, Lugar de edici\u00f3n: editor, a\u00f1o, pp. (p\u00e1ginas). ISBN.<\/span><\/li>\n<li><span style=\"color: #000000\"><strong>Publicaciones en serie (revista completa):\u00a0<\/strong><em>T\u00edtulo de la revista.\u00a0<\/em>Responsabilidad (si fuera necesario para identificarla por tratarse de un t\u00edtulo muy gen\u00e9rico. Ejem:\u00a0<em>Bolet\u00edn Informativo).\u00a0<\/em>A\u00f1o de inicio-A\u00f1o de cierre (este \u00faltimo dato s\u00f3lo se usa en el caso de revistas que han dejado de publicarse). ISSN.<br \/>\n<\/span><\/li>\n<li><span style=\"color: #000000\"><strong>Art\u00edculos de revistas<\/strong>:\u00a0(Autor\/es de la contribuci\u00f3n) APELLIDOS, Nombre. T\u00edtulo del art\u00edculo.\u00a0<em>T\u00edtulo de la revista.\u00a0<\/em>(Localizaci\u00f3n de la parte en el n\u00famero de la revista) A\u00f1o,\u00a0<strong>volumen\u00a0<\/strong>(n\u00ba), pp. ISSN.<\/span><\/li>\n<\/ul>\n<p><span style=\"font-size: medium\"><span style=\"line-height: 24px\">&#8211;<strong> DOCUMENTOS ELECTR\u00d3NICOS:<\/strong><\/span><\/span><\/p>\n<ul>\n<li><strong>Libros electr\u00f3nicos y monograf\u00edas\u00a0en l\u00ednea:\u00a0<\/strong>APELLIDOS, Nombre. T\u00edtulo (en l\u00ednea). Lugar de publicaci\u00f3n: editor, fecha de publicaci\u00f3n (Consulta: fecha de consulta). Formato (pdf,etc), tama\u00f1o de fichero (MB). Disponible en: http:\/<\/li>\n<li><strong>Parte de monograf\u00eda en l\u00ednea:\u00a0<\/strong>(Autor\/es de la parte) APELLIDOS, Nombre. T\u00edtulo de la parte. En:\u00a0<em>T\u00edtulo de la obra completa (<\/em>en l\u00ednea). Lugar de publicaci\u00f3n: editor, a\u00f1o, pp. (consulta: fecha de consulta). Disponible en: http.\/\/<\/li>\n<li><strong>Revista en l\u00ednea:<\/strong><\/li>\n<\/ul>\n<ol>\n<li>Modelo de revista de un paquete de revistas electr\u00f3nicas con una base de datos com\u00fan:\u00a0<em>T\u00edtulo (<\/em>en linea). Lugar de edici\u00f3n: editor, fecha de publicaci\u00f3n, volumen, n\u00famero (consulta: fecha de consulta). Nombre de la base de datos. ISSN. Disponible en: http;\/\/<\/li>\n<li><span style=\"font-size: medium\">Modelo de revista con acceso en \u00a0l\u00ednea individualizado:\u00a0T\u00edtulo\u00a0(en l\u00ednea). Lugar de edici\u00f3n: editor, fecha de publicaci\u00f3n, volumen, n\u00famero (consulta: fecha de consulta). ISNN. Disponible en: http:\/\/<\/span><\/li>\n<\/ol>\n<ul>\n<li>\u00a0<strong>Art\u00edculo de revista en l\u00ednea:\u00a0<\/strong>(Autor\/es del art\u00edculo) APELLIDOS, Nombre. T\u00edtulo del art\u00edculo.\u00a0<em>T\u00edtulo de la revista (<\/em>en l\u00ednea). Lugar: editor, fecha de publicaci\u00f3n, vol\u00famen, n\u00famero (consultas: fecha de consulta). ISSN. Disponible en: htpp:\/\/<\/li>\n<li><strong>Sitio web:\u00a0<\/strong><em>T\u00edtulo de la web.\u00a0<\/em>Editor, a\u00f1o (consulta: fecha de consulta). Disponible en: http:\/\/<\/li>\n<li><strong>Parte de un sitio web:<\/strong><span style=\"line-height: 24px;font-size: medium\">\u00a0&#8211; Ejemplo de p\u00e1gina sin autor o autor colectivo (ejem: art\u00edculo de wikipedia): T\u00edtulo de la p\u00e1gina.\u00a0<\/span><em>T\u00edtulo del sitio web (<\/em><span style=\"line-height: 24px;font-size: medium\">en l\u00ednea). Fecha y hora de edici\u00f3n o actualizaci\u00f3n (consulta: fecha de consulta). Disponible en: http:\/\/.\u00a0<\/span><span style=\"line-height: 24px;font-size: medium\">&#8211; Ejemplos de p\u00e1gina o parte de un sitio web con autor: APELLIDOS, Nombre. T\u00edtulo de la p\u00e1gina o la parte. En:\u00a0<\/span><em>T\u00edtulo del sitio web (<\/em><span style=\"line-height: 24px;font-size: medium\">en l\u00ednea). Fecha y hora de edici\u00f3n (consulta: fecha y hora de consulta). Disponible en: http:\/\/<\/span><\/li>\n<\/ul>\n<p><span style=\"font-size: medium\"><span style=\"line-height: 24px\">&#8211; <span style=\"color: #000000\"><strong>DOCUMENTOS ESPECIALES:<\/strong><\/span><\/span><\/span><\/p>\n<ul>\n<li><span style=\"color: #000000;font-size: medium\"><strong>Mapas:\u00a0<\/strong>en papel (T\u00edtulo.\u00a0Escala. Lugar: Editor, a\u00f1o. Dimensiones (mm). Lugar donde se conserva y signatura.\u00a0En Internet (\u00a0<em>T\u00edtulo:\u00a0<\/em>en l\u00ednea). Ubicaci\u00f3n y colecci\u00f3n (consulta: fecha de consulta). Disponible en: http:\/\/.\u00a0<\/span><\/li>\n<li><span style=\"color: #000000;font-size: medium\"><strong>Pel\u00edculas<\/strong> (<em>T\u00edtulo de la pel\u00edcula.\u00a0<\/em>Dirigida por Nombre APELLIDO. Pa\u00eds: Productora, a\u00f1o. Lugar: distribuida en Espa\u00f1a por&#8230; Ejemplo de documental o programa de emisi\u00f3n de TV:\u00a0<em>T\u00edtulo.\u00a0<\/em>Nombre de la cadena de televisi\u00f3n, fecha.\u00a0<\/span><\/li>\n<li><span style=\"color: #000000;font-size: medium\"><strong>Im\u00e1genes<\/strong> (APELLIDOS, Nombre.\u00a0<em>T\u00edtulo de la obra.\u00a0<\/em>A\u00f1o: imagen digital. Museo&#8230; consulta: fecha de consulta). Disponible en: http:\/\/<\/span><\/li>\n<\/ul>\n<p>&nbsp;<\/p>\n<p><span style=\"font-size: medium\"><span style=\"line-height: 24px\"><strong><br \/>\n<\/strong><\/span><\/span><\/p>\n","protected":false},"excerpt":{"rendered":"<p>En primer lugar, para la creaci\u00f3n de este blog es necesario acceder a la p\u00e1gina de la Universidad de Alicante. Seguidamente a recursos, recursos electr\u00f3nicos y blogs UA. Una vez hecho esto, se deber\u00e1 elegir la opci\u00f3n de &#8220;crear mi blog&#8221;, se rellenar\u00e1 todos los datos que nos pida \u00a0y se seguir\u00e1n los pasos hasta [&hellip;]<\/p>\n","protected":false},"author":2963,"featured_media":0,"parent":0,"menu_order":0,"comment_status":"open","ping_status":"open","template":"","meta":{"footnotes":""},"class_list":["post-31","page","type-page","status-publish","hentry"],"_links":{"self":[{"href":"https:\/\/blogs.ua.es\/escolamagisterialacant\/wp-json\/wp\/v2\/pages\/31","targetHints":{"allow":["GET"]}}],"collection":[{"href":"https:\/\/blogs.ua.es\/escolamagisterialacant\/wp-json\/wp\/v2\/pages"}],"about":[{"href":"https:\/\/blogs.ua.es\/escolamagisterialacant\/wp-json\/wp\/v2\/types\/page"}],"author":[{"embeddable":true,"href":"https:\/\/blogs.ua.es\/escolamagisterialacant\/wp-json\/wp\/v2\/users\/2963"}],"replies":[{"embeddable":true,"href":"https:\/\/blogs.ua.es\/escolamagisterialacant\/wp-json\/wp\/v2\/comments?post=31"}],"version-history":[{"count":6,"href":"https:\/\/blogs.ua.es\/escolamagisterialacant\/wp-json\/wp\/v2\/pages\/31\/revisions"}],"predecessor-version":[{"id":229,"href":"https:\/\/blogs.ua.es\/escolamagisterialacant\/wp-json\/wp\/v2\/pages\/31\/revisions\/229"}],"wp:attachment":[{"href":"https:\/\/blogs.ua.es\/escolamagisterialacant\/wp-json\/wp\/v2\/media?parent=31"}],"curies":[{"name":"wp","href":"https:\/\/api.w.org\/{rel}","templated":true}]}}