{"id":44,"date":"2013-01-11T08:41:40","date_gmt":"2013-01-11T08:41:40","guid":{"rendered":"https:\/\/blogs.ua.es\/escolamagisterialacant\/?page_id=44"},"modified":"2013-01-28T11:29:04","modified_gmt":"2013-01-28T11:29:04","slug":"explicacion-del-tema","status":"publish","type":"page","link":"https:\/\/blogs.ua.es\/escolamagisterialacant\/explicacion-del-tema\/","title":{"rendered":"Explicaci\u00f3n del tema"},"content":{"rendered":"<p style=\"text-align: justify\">El tema principal del cual vamos a \u00a0hablar a lo largo de este blog es de La Escuela de Magisterio de Alicante o La Escuela Normal de Maestros como primeramente se llamaba. Esta fue inaugurada en el el edificio del colegio de Sto. Domingo de Orihuela el 1 de septiembre de 1844 como Escuela Provincial y Elemental.<\/p>\n<p style=\"text-align: justify\">Continu\u00f3 en esta ciudad acogiendo alumnos externos e internos que enviaban los diferentes ayuntamientos de las poblaciones circundantes hasta el curso 1858-59, en que se decidi\u00f3 su traslado a la ciudad de Alicante.<\/p>\n<p style=\"text-align: justify\">Seg\u00fan los documentos funcionales, se escogi\u00f3 Orihuela en un principio por \u00a0no existir en Alicante un edificio que reuniese las condiciones necesarias. Se trata de una de las primeras escuelas normales fundadas en el pa\u00eds: en 1838 se crea el primer Plan de Estudios de las Escuelas Normales Masculinas y un a\u00f1o despu\u00e9s empieza a funcionar la Escuela Central de Madrid.\u00a0No fue hasta 1840 cuando una Orden de la Regencia Provisional establece la creaci\u00f3n de Escuelas Normales en las provincias espa\u00f1olas, siendo sostenidas por las Diputaciones.<\/p>\n<p style=\"text-align: justify\">Al comenzar el curso 1858-59 fue trasladada a Alicante. Se instal\u00f3 en un edificio particular de la calle Mayor y pocos a\u00f1os despu\u00e9s al Palacio Consistorial. En 1863 fue elevada a la categor\u00eda de Escuela superior y en el curso de 1887-88 dej\u00f3, al igual que el resto de las escuelas normales, de estar mantenida por la Diputaci\u00f3n.<\/p>\n<p>&nbsp;<\/p>\n","protected":false},"excerpt":{"rendered":"<p>El tema principal del cual vamos a \u00a0hablar a lo largo de este blog es de La Escuela de Magisterio de Alicante o La Escuela Normal de Maestros como primeramente se llamaba. Esta fue inaugurada en el el edificio del colegio de Sto. Domingo de Orihuela el 1 de septiembre de 1844 como Escuela Provincial [&hellip;]<\/p>\n","protected":false},"author":2986,"featured_media":0,"parent":0,"menu_order":0,"comment_status":"open","ping_status":"open","template":"","meta":{"footnotes":""},"class_list":["post-44","page","type-page","status-publish","hentry"],"_links":{"self":[{"href":"https:\/\/blogs.ua.es\/escolamagisterialacant\/wp-json\/wp\/v2\/pages\/44","targetHints":{"allow":["GET"]}}],"collection":[{"href":"https:\/\/blogs.ua.es\/escolamagisterialacant\/wp-json\/wp\/v2\/pages"}],"about":[{"href":"https:\/\/blogs.ua.es\/escolamagisterialacant\/wp-json\/wp\/v2\/types\/page"}],"author":[{"embeddable":true,"href":"https:\/\/blogs.ua.es\/escolamagisterialacant\/wp-json\/wp\/v2\/users\/2986"}],"replies":[{"embeddable":true,"href":"https:\/\/blogs.ua.es\/escolamagisterialacant\/wp-json\/wp\/v2\/comments?post=44"}],"version-history":[{"count":6,"href":"https:\/\/blogs.ua.es\/escolamagisterialacant\/wp-json\/wp\/v2\/pages\/44\/revisions"}],"predecessor-version":[{"id":219,"href":"https:\/\/blogs.ua.es\/escolamagisterialacant\/wp-json\/wp\/v2\/pages\/44\/revisions\/219"}],"wp:attachment":[{"href":"https:\/\/blogs.ua.es\/escolamagisterialacant\/wp-json\/wp\/v2\/media?parent=44"}],"curies":[{"name":"wp","href":"https:\/\/api.w.org\/{rel}","templated":true}]}}