{"id":181,"date":"2010-09-28T22:12:41","date_gmt":"2010-09-28T20:12:41","guid":{"rendered":"https:\/\/blogs.ua.es\/espanafrancia\/?page_id=181"},"modified":"2011-07-24T16:24:05","modified_gmt":"2011-07-24T14:24:05","slug":"%c2%bfsabias-que","status":"publish","type":"page","link":"https:\/\/blogs.ua.es\/espanafrancia\/%c2%bfsabias-que\/","title":{"rendered":"Cronolog\u00eda"},"content":{"rendered":"<p><a href=\"http:\/\/milibreria.files.wordpress.com\/2009\/03\/gazapos.jpg?w=450&amp;h=292\"><\/a><\/p>\n<p><span style=\"color: #800080\">1468<\/span><\/p>\n<ul>\n<li>Tratado de los Toros de Guisando<\/li>\n<\/ul>\n<p><span style=\"color: #800080\">1469<\/span><\/p>\n<ul>\n<li>Matrimonio de Isabel de Castilla y Fernando de Arag\u00f3n, futuros Reyes Cat\u00f3licos.<\/li>\n<\/ul>\n<p><span style=\"color: #800080\">1474<\/span><\/p>\n<ul>\n<li>Muere Enrique IV de Castilla, Isabel, nueva reina.<\/li>\n<\/ul>\n<p><span style=\"color: #800080\">1479<\/span><\/p>\n<ul>\n<li>Muere Juan II. Fernando, nuevo rey de Arag\u00f3n.<\/li>\n<li>Firma del Tratado de Alca\u00e7ovas.<\/li>\n<\/ul>\n<p><span style=\"color: #800080\">1492<\/span><\/p>\n<ul>\n<li>Los Reyes Cat\u00f3licos conquistan Granada.<\/li>\n<li>Se firman las Capitulaciones de Santa Fe.<\/li>\n<li>Expulsi\u00f3n de los jud\u00edos.<\/li>\n<li>Col\u00f3n llega a Am\u00e9rica (12 de octubre).<\/li>\n<\/ul>\n<p><span style=\"color: #800080\">1494<\/span><\/p>\n<ul>\n<li>Portugal y Castilla firman el Tratado de Tordesillas.<\/li>\n<\/ul>\n<p><span style=\"color: #800080\">1500<\/span><\/p>\n<ul>\n<li>El futuro Emperador, Carlos V, nace en Gante.<\/li>\n<\/ul>\n<p><span style=\"color: #800080\">1504<\/span><\/p>\n<ul>\n<li>Muere Isabel I, Juana nueva reina de Castilla.<\/li>\n<\/ul>\n<p><span style=\"color: #800080\">1505<\/span><\/p>\n<ul>\n<li>Muere Felipe I. Fernando de Arag\u00f3n regresa a Castilla, recluye a Juana y se hace con el trono.<\/li>\n<\/ul>\n<p><span style=\"color: #800080\">1516<\/span><\/p>\n<ul>\n<li>Muere Fernando II. Carlos es proclamado rey de la monarqu\u00eda hisp\u00e1nica. El cardenal Cisneros es nombrado regente de Castilla y el arzobispo de Zaragoza, Lugarteniente General de Arag\u00f3n.<\/li>\n<\/ul>\n<p><span style=\"color: #800080\">1517<\/span><\/p>\n<ul>\n<li>Carlos I desembarca en un puerto de Asturias (17 de septiembre).<\/li>\n<li>Muerte del cardenal Cisneros (8 de noviembre). Carlos no lleg\u00f3 a encontrarse con \u00e9l.<\/li>\n<li>Lutero defiende sus 95 tesis en la iglesia del palacio de Wittenberg.<\/li>\n<\/ul>\n<p><span style=\"color: #800080\">1518<\/span><\/p>\n<ul>\n<li>Primeras cortes Castellanas del reinado de Carlos I, en Valladolid.<\/li>\n<\/ul>\n<p><span style=\"color: #800080\">1519<\/span><\/p>\n<ul>\n<li>Carlos es elegido emperador (28 de junio).<\/li>\n<li>Hern\u00e1n Cort\u00e9s inicia la conquista del Imperio azteca.<\/li>\n<li>Fallece Maximiliano I.<\/li>\n<\/ul>\n<p><span style=\"color: #800080\">1520<\/span><\/p>\n<ul>\n<li>Carlos V es proclamado emperador en Aquisgr\u00e1n (a falta de la confirmaci\u00f3n del Papado)<\/li>\n<li>Cortes de La Coru\u00f1a; discurso de Pedro Ruiz de la Mota.<\/li>\n<li>Estalla la revuelta de las comunidades en Castilla.<\/li>\n<li>Lutero es excomulgado por Le\u00f3n X.<\/li>\n<\/ul>\n<p><span style=\"color: #800080\">1521<\/span><\/p>\n<ul>\n<li>Dieta de Worms condena las tesis de Lutero.<\/li>\n<li>Revuelta de las German\u00edas en Valencia y Mallorca.<\/li>\n<li>Francisco I de Francia declara la guerra a Carlos V.<\/li>\n<li>Carlos V conquista Mil\u00e1n.<\/li>\n<li>Solim\u00e1n el Magn\u00edfico toma Belgrado.<\/li>\n<\/ul>\n<p><span style=\"color: #800080\">1522<\/span><\/p>\n<ul>\n<li>Carlos V firma el Tratado de Windsor con Enrique VIII y apalabra su boda con Mar\u00eda Tudor.<\/li>\n<li>Juan Sebast\u00edan Elcano concluye el viaje iniciado en 1519 para dar la vuelta al mundo.<\/li>\n<\/ul>\n<p><span style=\"color: #800080\">1524<\/span><\/p>\n<ul>\n<li>Francia recupera Mil\u00e1n.<\/li>\n<\/ul>\n<p><span style=\"color: #800080\">1525<\/span><\/p>\n<ul>\n<li>Batalla de Pav\u00eda. Las tropas imperiales llegan a apresar a Francisco I de Francia.<\/li>\n<\/ul>\n<p><span style=\"color: #800080\">1526<\/span><\/p>\n<ul>\n<li>Carlos V y Francisco I firman el Tratado de Madrid (enero).<\/li>\n<li>Matrimonio de Carlos V con Isabel de Portugal, su prima.<\/li>\n<li>Carlos V es proclamado emperador.<\/li>\n<li>Conquista de Hungr\u00eda por los turcos, tras la victoria de Mohacs, en la que muere Luis II de Hungr\u00eda.<\/li>\n<li>Carlos V recupera Mil\u00e1n.<\/li>\n<\/ul>\n<p><span style=\"color: #800080\">1527<\/span><\/p>\n<ul>\n<li>Saco de Roma por las tropas imperiales. Clemente VII permaneci\u00f3 cercado en el castillo de Sant\u2019 Angelo durante siete d\u00edas.<\/li>\n<li>Alfonso de Vald\u00e9s publica el Coloquio de las cosas ocurridas en Roma, para justificar el tr\u00e1gico episodio del saco de Roma.<\/li>\n<\/ul>\n<p><span style=\"color: #800080\">1529<\/span><\/p>\n<ul>\n<li>Paz de Cambrai o de las Damas, firmada por Margarita de Austria (t\u00eda de Carlos V) y Luisa de Saboya (madre de Francisco I).<\/li>\n<li>Dieta de Spira, Carlos V ratifica su postura en Worms contra el Luteranismo.<\/li>\n<li>Solim\u00e1n el Magn\u00edfico llega a asediar Viena.<\/li>\n<\/ul>\n<p><span style=\"color: #800080\">1530<\/span><\/p>\n<ul>\n<li>Coronaci\u00f3n de Carlos V como emperador a manos del papa Clemente VII (Bolonia).<\/li>\n<li>Muerte Margarita de Austria. Mar\u00eda, hermana de Carlos V y viuda de Luis II de Hungr\u00eda, es nombrada gobernadora de los Pa\u00edses Bajos.<\/li>\n<\/ul>\n<p><span style=\"color: #800080\">1532<\/span><\/p>\n<ul>\n<li>El Emperador acude personalmente en defensa de Viena y los turcos se retiran a Buda.<\/li>\n<li>Paz de Nuremberg, que establec\u00eda un arreglo provisional del problema protestante.<\/li>\n<li>Segundo cerco turco a Viena.<\/li>\n<\/ul>\n<p><span style=\"color: #800080\">1535<\/span><\/p>\n<ul>\n<li>Carlos V conquista La Goleta y T\u00fanez.<\/li>\n<\/ul>\n<p><span style=\"color: #800080\">1536<\/span><\/p>\n<ul>\n<li>Comienza la tercera guerra contra Francia (1536-38)<\/li>\n<\/ul>\n<p><span style=\"color: #800080\">1537<\/span><\/p>\n<ul>\n<li>Saqueo de Barbarroja contra las Islas Baleares y el Reino de Valencia.<\/li>\n<\/ul>\n<p><span style=\"color: #800080\">1541<\/span><\/p>\n<ul>\n<li>Campa\u00f1a de Argel. Carlos V sufre una de sus mayorres derrotas.<\/li>\n<\/ul>\n<p><span style=\"color: #800080\">1542<\/span><\/p>\n<ul>\n<li>Francisco I invade los Pa\u00edses Bajos.<\/li>\n<\/ul>\n<p><span style=\"color: #800080\">1544<\/span><\/p>\n<ul>\n<li>Carlos V y Francisco I firman la Paz de Cr\u00e9pi.<\/li>\n<\/ul>\n<p><span style=\"color: #800080\">1547<\/span><\/p>\n<ul>\n<li>Fallece Francisco I que es sucedido por su hijo Enrique II.<\/li>\n<li>Victoria de las tropas imperiales en M\u00fchlberg, dirigidas por el Duque de Alba y encabezadas por el propio Carlos V.<\/li>\n<\/ul>\n<p><span style=\"color: #800080\">1548<\/span><\/p>\n<ul>\n<li>Carlos trata de solucionar el problema religiosos con independencia del Papado, proponiendo el Interim, documento que qued\u00f3 sin efecto.<\/li>\n<\/ul>\n<p><span style=\"color: #800080\">1552<\/span><\/p>\n<ul>\n<li>Derrota de Carlos V en Innsbruck, ante Mauricio de Sajonia. El Emperador y los pr\u00edncipes protestantes firman el Tratado de Nassau.<\/li>\n<\/ul>\n<p><span style=\"color: #800080\">1555<\/span><\/p>\n<ul>\n<li>Carlos V firma la Paz de Augsburgo con los pr\u00edncipes protestantes (25 de septiembre).<\/li>\n<li>Carlos V abdic\u00f3 en su hijo Felipe la soberan\u00eda de los Pa\u00edses Bajos.<\/li>\n<\/ul>\n<p><span style=\"color: #800080\">1556<\/span><\/p>\n<ul>\n<li>Carlos cede a Felipe la soberan\u00eda sobre los reinos de Espa\u00f1a e Italia (16 de enero). su hermano Fernando y abdica del trono hispano en su hijo Felipe.<\/li>\n<li>Carlos firma tregua con Enrique II de Francia (5 de febrero).<\/li>\n<li>Carlos renuncia a la corona imperial a favor de su hermano Fernando (septiembre).<\/li>\n<\/ul>\n<p><span style=\"color: #800080\">1557<\/span><\/p>\n<ul>\n<li>Carlos llega a su retiro en Yuste (febrero).<\/li>\n<\/ul>\n<p><span style=\"color: #800080\">1558<\/span><\/p>\n<ul>\n<li>Muere Carlos V (21 de septiembre).<\/li>\n<\/ul>\n<p><span style=\"color: #800080\">1559<\/span><\/p>\n<ul>\n<li>Se firma la Paz de Cateau-Cambr\u00e9sis.<\/li>\n<\/ul>\n","protected":false},"excerpt":{"rendered":"<p>1468 Tratado de los Toros de Guisando 1469 Matrimonio de Isabel de Castilla y Fernando de Arag\u00f3n, futuros Reyes Cat\u00f3licos. 1474 Muere Enrique IV de Castilla, Isabel, nueva reina. 1479 Muere Juan II. Fernando, nuevo rey de Arag\u00f3n. Firma del Tratado de Alca\u00e7ovas. 1492 Los Reyes Cat\u00f3licos conquistan Granada. Se firman las Capitulaciones de Santa [&hellip;]<\/p>\n","protected":false},"author":1739,"featured_media":0,"parent":0,"menu_order":5,"comment_status":"open","ping_status":"open","template":"","meta":{"footnotes":""},"class_list":["post-181","page","type-page","status-publish","hentry"],"_links":{"self":[{"href":"https:\/\/blogs.ua.es\/espanafrancia\/wp-json\/wp\/v2\/pages\/181","targetHints":{"allow":["GET"]}}],"collection":[{"href":"https:\/\/blogs.ua.es\/espanafrancia\/wp-json\/wp\/v2\/pages"}],"about":[{"href":"https:\/\/blogs.ua.es\/espanafrancia\/wp-json\/wp\/v2\/types\/page"}],"author":[{"embeddable":true,"href":"https:\/\/blogs.ua.es\/espanafrancia\/wp-json\/wp\/v2\/users\/1739"}],"replies":[{"embeddable":true,"href":"https:\/\/blogs.ua.es\/espanafrancia\/wp-json\/wp\/v2\/comments?post=181"}],"version-history":[{"count":14,"href":"https:\/\/blogs.ua.es\/espanafrancia\/wp-json\/wp\/v2\/pages\/181\/revisions"}],"predecessor-version":[{"id":186,"href":"https:\/\/blogs.ua.es\/espanafrancia\/wp-json\/wp\/v2\/pages\/181\/revisions\/186"}],"wp:attachment":[{"href":"https:\/\/blogs.ua.es\/espanafrancia\/wp-json\/wp\/v2\/media?parent=181"}],"curies":[{"name":"wp","href":"https:\/\/api.w.org\/{rel}","templated":true}]}}