{"id":613,"date":"2011-07-24T17:53:15","date_gmt":"2011-07-24T15:53:15","guid":{"rendered":"https:\/\/blogs.ua.es\/espanafrancia\/?page_id=613"},"modified":"2011-07-24T17:57:20","modified_gmt":"2011-07-24T15:57:20","slug":"613-2","status":"publish","type":"page","link":"https:\/\/blogs.ua.es\/espanafrancia\/el-siglo-xvi\/contexto\/613-2\/","title":{"rendered":"Francia"},"content":{"rendered":"<p>\u00a0\u00a0\u00a0\u00a0\u00a0\u00a0\u00a0\u00a0\u00a0 Herencia medieval, la guerra de los Cien A\u00f1os hab\u00eda supuesto para Francia una de las etapas m\u00e1s cr\u00edticas de su larga historia, en la que su propia identidad nacional se hab\u00eda visto amenazada. Pero tras su finalizaci\u00f3n, se oper\u00f3 una amplia recuperaci\u00f3n en todo el pa\u00eds que en el terreno pol\u00edtico se plasmar\u00eda en la consolidaci\u00f3n de la autoridad mon\u00e1rquica y en la construcci\u00f3n de un Estado soberano, libre de injerencias extranjeras, factores ambos que propiciar\u00edan el desarrollo del absolutismo galo desde la segunda mitad del siglo XV hasta mediados del XVI, una vez superadas las oposiciones internas, sobre todo de la poderosa nobleza, y las relativas frustraciones de la pol\u00edtica exterior (guerras de Italia, acoso de las fuerzas del Imperio&#8230;).<br \/>\n\u00a0\u00a0\u00a0\u00a0\u00a0\u00a0\u00a0\u00a0\u00a0 Mucho de lo que se hab\u00eda conseguido en el transcurso de ese largo per\u00edodo secular estuvo a punto de perderse durante la segunda mitad del Quinientos, debido a la profunda divisi\u00f3n religiosa, social y pol\u00edtica de los franceses, que trajo consigo la tragedia de la guerra civil, con sus secuelas de odio, muerte y destrucci\u00f3n, el hundimiento de la soberan\u00eda mon\u00e1rquica, el rebrote de los particularismos, la reacci\u00f3n nobiliaria y, en general, los enfrentamientos internos de todo tipo que amenazaron y estuvieron a punto de derribar la inestable construcci\u00f3n estatal que con tantas dificultades se hab\u00eda empezado a edificar acabada la anterior contienda de la guerra de los Cien A\u00f1os.<br \/>\n\u00a0\u00a0\u00a0\u00a0\u00a0\u00a0\u00a0\u00a0\u00a0 Por tanto, la g\u00e9nesis de la organizaci\u00f3n pol\u00edtica francesa correspondiente a la formaci\u00f3n del absolutismo mon\u00e1rquico present\u00f3 en los primeros tiempos modernos dos fases bien diferenciadas: una de avance y otra de retroceso. La primera se caracterizar\u00eda por el afianzamiento de la soberan\u00eda de la Corona, por el control de \u00e9sta sobre los poderes locales y estamentales, por la fijaci\u00f3n y ampliaci\u00f3n de su espacio territorial, por la creaci\u00f3n de una fiel administraci\u00f3n p\u00fablica, centralizada y operativa, y de una hacienda que supo aportar los recursos materiales necesarios para llevar a cabo una ambiciosa intervenci\u00f3n en los conflictos internacionales, acci\u00f3n a la que no fue ajena la formaci\u00f3n de un poderoso ej\u00e9rcito real, sustentado en parte por el crecimiento demogr\u00e1fico y potenciado por la buena coyuntura econ\u00f3mica de que se goz\u00f3 durante aquel tiempo.<br \/>\n\u00a0\u00a0\u00a0\u00a0\u00a0\u00a0\u00a0\u00a0\u00a0 La siguiente fase, la correspondiente al per\u00edodo de las <a title=\"guerras de religi\u00f3n\" href=\"http:\/\/www.artehistoria.jcyl.es\/historia\/contextos\/1722.htm\" target=\"_blank\">guerras de religi\u00f3n <\/a>de la segunda mitad del siglo XVI, se definir\u00eda por la inversi\u00f3n de estos factores, por una evoluci\u00f3n contraria a la que hasta entonces se hab\u00eda venido produciendo, que vendr\u00eda marcada por la debilidad de la Monarqu\u00eda, por, la p\u00e9rdida del prestigio que \u00e9sta hab\u00eda sabido labrarse, por la descomposici\u00f3n del aparato estatal unificado que se romper\u00eda en multitud de pedazos, por la inoperatividad de la burocracia, por la divisi\u00f3n social y las luchas entre grupos, por los efectos negativos de una coyuntura econ\u00f3mica depresiva; en fin, por los efectos variados de la profunda crisis general que se iba a sufrir y que tanta incidencia tendr\u00eda para el conjunto de la poblaci\u00f3n francesa y para los poderes establecidos.<\/p>\n","protected":false},"excerpt":{"rendered":"<p>\u00a0\u00a0\u00a0\u00a0\u00a0\u00a0\u00a0\u00a0\u00a0 Herencia medieval, la guerra de los Cien A\u00f1os hab\u00eda supuesto para Francia una de las etapas m\u00e1s cr\u00edticas de su larga historia, en la que su propia identidad nacional se hab\u00eda visto amenazada. Pero tras su finalizaci\u00f3n, se oper\u00f3 una amplia recuperaci\u00f3n en todo el pa\u00eds que en el terreno pol\u00edtico se plasmar\u00eda en [&hellip;]<\/p>\n","protected":false},"author":1739,"featured_media":0,"parent":149,"menu_order":0,"comment_status":"open","ping_status":"open","template":"","meta":{"footnotes":""},"class_list":["post-613","page","type-page","status-publish","hentry"],"_links":{"self":[{"href":"https:\/\/blogs.ua.es\/espanafrancia\/wp-json\/wp\/v2\/pages\/613","targetHints":{"allow":["GET"]}}],"collection":[{"href":"https:\/\/blogs.ua.es\/espanafrancia\/wp-json\/wp\/v2\/pages"}],"about":[{"href":"https:\/\/blogs.ua.es\/espanafrancia\/wp-json\/wp\/v2\/types\/page"}],"author":[{"embeddable":true,"href":"https:\/\/blogs.ua.es\/espanafrancia\/wp-json\/wp\/v2\/users\/1739"}],"replies":[{"embeddable":true,"href":"https:\/\/blogs.ua.es\/espanafrancia\/wp-json\/wp\/v2\/comments?post=613"}],"version-history":[{"count":7,"href":"https:\/\/blogs.ua.es\/espanafrancia\/wp-json\/wp\/v2\/pages\/613\/revisions"}],"predecessor-version":[{"id":615,"href":"https:\/\/blogs.ua.es\/espanafrancia\/wp-json\/wp\/v2\/pages\/613\/revisions\/615"}],"up":[{"embeddable":true,"href":"https:\/\/blogs.ua.es\/espanafrancia\/wp-json\/wp\/v2\/pages\/149"}],"wp:attachment":[{"href":"https:\/\/blogs.ua.es\/espanafrancia\/wp-json\/wp\/v2\/media?parent=613"}],"curies":[{"name":"wp","href":"https:\/\/api.w.org\/{rel}","templated":true}]}}