{"id":111,"date":"2013-01-24T18:44:43","date_gmt":"2013-01-24T17:44:43","guid":{"rendered":"https:\/\/blogs.ua.es\/estatutcomunitatvalenciana\/?page_id=111"},"modified":"2013-01-27T22:24:28","modified_gmt":"2013-01-27T21:24:28","slug":"valoracio-de-les-fonts","status":"publish","type":"page","link":"https:\/\/blogs.ua.es\/estatutcomunitatvalenciana\/valoracio-de-les-fonts\/","title":{"rendered":"Valoraci\u00f3 de les fonts"},"content":{"rendered":"<p>Juan Carlos Guill\u00f3 Ruiz<\/p>\n<p>Per a fer les entrades al blog, la informaci\u00f3 principal l&#8217;he tret dels anomenats recursos electr\u00f2nics, que es troben a l&#8217;abast en Internet. D&#8217;ells, he utilitzat p\u00e0gines web oficials como la del Congres dels Diputats, o les de diverses institucions valencianes com el DOGV, el Sindic de Greuges&#8230;I que en general ofereixen una informaci\u00f3 prou bona, sense ser masa detallada, la qual cosa facilita el treball i la sintesi de la informaci\u00f3.<\/p>\n<p>De les que hem treballat a les pr\u00e0ctiques tambe he utilitzat algunes com per eixemple Google Llibres, que m&#8217;ha semblat prou bona, ja que et permet &#8220;tindre el llibre a les teues mans&#8221; i cercar la informaci\u00f3 necessaria. Per\u00f2 no tot \u00e9s bo a Google Llibres, ja que hi havia molts llibres que no es trobaven digitalitzats de manera completa, amb la qual cosa, a l&#8217;index trobabes la informaci\u00f3 que buscava, per\u00f2 despres no hi era al llibre. He utilitzat tamb\u00e9 algunes obres de refer\u00e8ncia com Wikipedia, que pese a no tindre de vegades informaci\u00f3 masa detallada, si que facilita una bibliografia i unes fonts d&#8217;on s&#8217;ha extret la informaci\u00f3 per a l&#8217;elaboraci\u00f3 de l&#8217;article, i que m&#8217;ha perm\u00e9s cercar informaci\u00f3 per eixes vies.<\/p>\n<p>En general, els recursos que hem tingut al nostre abast, m&#8217;han semblat prou complets, i faciliten la informaci\u00f3 necessaria.<\/p>\n<p>&nbsp;<\/p>\n<p>Cristian Gonz\u00e1lez Barrachina<\/p>\n<p>En general, en la recerca de les dades, he intentat utilitzar fonts de confian\u00e7a, amb informaci\u00f3 ver\u00eddica, buscant sempre temes d&#8217;inter\u00e9s i anant al centre de la informaci\u00f3, concreta i concisa, sense massa extensi\u00f3, per poder resumir m\u00e9s la informaci\u00f3. He buscat en fonts com p\u00e0gines oficials, p\u00e0gines derivades de les oficials, i en els casos de la Wikip\u00e8dia o f\u00f2rums, seguint els enlla\u00e7os que s&#8217;han utilitzat per verificar la informaci\u00f3, sempre amb la seguretat de que el que posava era cert.<\/p>\n<p>Pel que fa a la dificultat, degut al tema del nostre blog no era massa dif\u00edcil trobar not\u00edcies, blogs o p\u00e0gines oficials que parlaren sobre l&#8217;Estatut, ja que \u00e9s un tema que est\u00e0 sempre en moviment i \u00e9s de l&#8217;inter\u00e9s de la poblaci\u00f3.<\/p>\n<p>&nbsp;<\/p>\n","protected":false},"excerpt":{"rendered":"<p>Juan Carlos Guill\u00f3 Ruiz Per a fer les entrades al blog, la informaci\u00f3 principal l&#8217;he tret dels anomenats recursos electr\u00f2nics, que es troben a l&#8217;abast en Internet. D&#8217;ells, he utilitzat p\u00e0gines web oficials como la del Congres dels Diputats, o les de diverses institucions valencianes com el DOGV, el Sindic de Greuges&#8230;I que en general [&hellip;]<\/p>\n","protected":false},"author":2968,"featured_media":0,"parent":0,"menu_order":0,"comment_status":"open","ping_status":"open","template":"","meta":{"footnotes":""},"class_list":["post-111","page","type-page","status-publish","hentry"],"_links":{"self":[{"href":"https:\/\/blogs.ua.es\/estatutcomunitatvalenciana\/wp-json\/wp\/v2\/pages\/111","targetHints":{"allow":["GET"]}}],"collection":[{"href":"https:\/\/blogs.ua.es\/estatutcomunitatvalenciana\/wp-json\/wp\/v2\/pages"}],"about":[{"href":"https:\/\/blogs.ua.es\/estatutcomunitatvalenciana\/wp-json\/wp\/v2\/types\/page"}],"author":[{"embeddable":true,"href":"https:\/\/blogs.ua.es\/estatutcomunitatvalenciana\/wp-json\/wp\/v2\/users\/2968"}],"replies":[{"embeddable":true,"href":"https:\/\/blogs.ua.es\/estatutcomunitatvalenciana\/wp-json\/wp\/v2\/comments?post=111"}],"version-history":[{"count":4,"href":"https:\/\/blogs.ua.es\/estatutcomunitatvalenciana\/wp-json\/wp\/v2\/pages\/111\/revisions"}],"predecessor-version":[{"id":175,"href":"https:\/\/blogs.ua.es\/estatutcomunitatvalenciana\/wp-json\/wp\/v2\/pages\/111\/revisions\/175"}],"wp:attachment":[{"href":"https:\/\/blogs.ua.es\/estatutcomunitatvalenciana\/wp-json\/wp\/v2\/media?parent=111"}],"curies":[{"name":"wp","href":"https:\/\/api.w.org\/{rel}","templated":true}]}}