{"id":52,"date":"2020-06-05T15:10:56","date_gmt":"2020-06-05T15:10:56","guid":{"rendered":"https:\/\/blogs.ua.es\/estherfm\/?page_id=52"},"modified":"2020-06-05T15:54:16","modified_gmt":"2020-06-05T15:54:16","slug":"bloque-3","status":"publish","type":"page","link":"https:\/\/blogs.ua.es\/estherfm\/bloque-3\/","title":{"rendered":"BLOQUE 3"},"content":{"rendered":"<h1><strong>1. Mapa Mental<\/strong><\/h1>\n<p><img loading=\"lazy\" decoding=\"async\" class=\"alignnone wp-image-70 size-full\" src=\"https:\/\/blogs.ua.es\/estherfm\/files\/2020\/06\/Mapa-Mental.png\" alt=\"\" width=\"590\" height=\"565\" srcset=\"https:\/\/blogs.ua.es\/estherfm\/files\/2020\/06\/Mapa-Mental.png 590w, https:\/\/blogs.ua.es\/estherfm\/files\/2020\/06\/Mapa-Mental-300x287.png 300w\" sizes=\"auto, (max-width: 590px) 100vw, 590px\" \/><\/p>\n<h1><strong>2. Prototipo<\/strong><\/h1>\n<p><em>Escena Pel\u00edcula Vatel (A\u00f1o 2000) <\/em><\/p>\n<p><iframe loading=\"lazy\" title=\"elias final.wmv\" width=\"640\" height=\"480\" src=\"https:\/\/www.youtube.com\/embed\/IlhlhF-Hme8?feature=oembed\" frameborder=\"0\" allow=\"accelerometer; autoplay; clipboard-write; encrypted-media; gyroscope; picture-in-picture; web-share\" referrerpolicy=\"strict-origin-when-cross-origin\" allowfullscreen><\/iframe><\/p>\n<p>Esta pel\u00edcula, hace alusi\u00f3n al proceso civilizatorio del que habla Norbert Elias, en cuanto a la implantaci\u00f3n de pautas de comportamiento, hacia el siglo XVI, a\u00fan en la Edad Media, que se extender\u00e1 hasta los siglos XVIII y XIX. En esta pel\u00edcula, se muestra la idea de figuraci\u00f3n, el dinamismo que caracteriza a la sociedad, las cadenas de interdependencia que las forman, conflictivas o amistosas. Representa la Corte similar a la de Luis XIV en Francia, que es donde se comenzaron a imponer dichas pautas para diferenciar la nobleza de los campesinos, y que se extendi\u00f3 desde la Corte, hasta la alta burgues\u00eda, disminuyendo as\u00ed las desigualdades y contrastes de clase.<br \/>\nSe observa en la pel\u00edcula, como exist\u00edan costumbres, que se van modificando, como son: el realizar necesidades fisiol\u00f3gicas en p\u00fablico, relaciones sexuales en lugares inapropiados, aparecer desnudo en p\u00fablico\u2026.<\/p>\n<p>Se hace referencia en definitiva a los \u201clibros de consejos\u201d y manuales de \u201ccourtoisie\u201d, refieren<br \/>\nuna diversidad de c\u00f3digos y de reglas para la configuraci\u00f3n de las \u201cbuenas costumbres\u201d.<\/p>\n<h1><strong>3. Teor\u00eda en la realidad de la Pandemia por COVID-19<\/strong><\/h1>\n<h3><em>a) Art\u00edculo Period\u00edstico<\/em><\/h3>\n<p><a href=\"https:\/\/elpais.com\/elpais\/2020\/04\/14\/album\/1586850601_616193.html#foto_gal_1\"><img loading=\"lazy\" decoding=\"async\" class=\"alignnone wp-image-67 size-full\" src=\"https:\/\/blogs.ua.es\/estherfm\/files\/2020\/06\/Art\u00edculo-Period\u00edstico-Bloque-3-1.png\" alt=\"\" width=\"1349\" height=\"653\" srcset=\"https:\/\/blogs.ua.es\/estherfm\/files\/2020\/06\/Art\u00edculo-Period\u00edstico-Bloque-3-1.png 1349w, https:\/\/blogs.ua.es\/estherfm\/files\/2020\/06\/Art\u00edculo-Period\u00edstico-Bloque-3-1-300x145.png 300w, https:\/\/blogs.ua.es\/estherfm\/files\/2020\/06\/Art\u00edculo-Period\u00edstico-Bloque-3-1-1024x496.png 1024w, https:\/\/blogs.ua.es\/estherfm\/files\/2020\/06\/Art\u00edculo-Period\u00edstico-Bloque-3-1-768x372.png 768w\" sizes=\"auto, (max-width: 1349px) 100vw, 1349px\" \/><\/a><\/p>\n<p>En este archivo de im\u00e1genes de El Pa\u00eds, podemos ver el compromiso de profesionales, cuerpos de seguridad y ciudadanos en general para con su lucha por ayudar a los ciudadanos a superar el Covid 19. Tambi\u00e9n se observa el concepto de Figuraci\u00f3n, los lazos que se dan entre los individuos que dan forma a una sociedad.<br \/>\nSeg\u00fan Norber Elias, es el comportamiento de una sociedad Civilizada, por medio de comportamientos Sociogen\u00e9ticos, en los que se asiste a un proceso civilizatorio mediante la cultura, se asiste a procesos de mayor integraci\u00f3n de los centros de toma de decisi\u00f3n pol\u00edtica, econ\u00f3mica y de control del aparato represivo.<\/p>\n<h3><em>b) Elemento Audiovisual<\/em><\/h3>\n<p><img loading=\"lazy\" decoding=\"async\" class=\"alignnone wp-image-68 size-full\" src=\"https:\/\/blogs.ua.es\/estherfm\/files\/2020\/06\/Material-Audiovisual.png\" alt=\"\" width=\"373\" height=\"509\" srcset=\"https:\/\/blogs.ua.es\/estherfm\/files\/2020\/06\/Material-Audiovisual.png 373w, https:\/\/blogs.ua.es\/estherfm\/files\/2020\/06\/Material-Audiovisual-220x300.png 220w\" sizes=\"auto, (max-width: 373px) 100vw, 373px\" \/><\/p>\n<p>En esta foto podemos ver familias Espa\u00f1olas obedeciendo el Confinamiento, aparentemente se sienten orgullos del cumplimiento con la norma. Seg\u00fan el proceso de civilizaci\u00f3n de Norbert Elias, \u201cel proceso de civilizaci\u00f3n consiste en una sucesi\u00f3n de cambios de comportamiento y conductas de los individuos a partir de la incorporaci\u00f3n y generalizaci\u00f3n de mecanismos de auto constre\u00f1imiento\u201d.<\/p>\n<h3><em>c) Redes Sociales<\/em><\/h3>\n<p><iframe loading=\"lazy\" title=\"El enojo de un alcalde italiano porque la gente de su pueblo no cumple la cuarentena\" width=\"640\" height=\"480\" src=\"https:\/\/www.youtube.com\/embed\/u1qgk8U2IVY?feature=oembed\" frameborder=\"0\" allow=\"accelerometer; autoplay; clipboard-write; encrypted-media; gyroscope; picture-in-picture; web-share\" referrerpolicy=\"strict-origin-when-cross-origin\" allowfullscreen><\/iframe><\/p>\n<p>En este v\u00eddeo del Alcalde de un municipio Italiano, vemos, como rega\u00f1a e increpa a los ciudadanos a que cumplan las normas y sean responsables para poder atajar la pandemia del Covid 19, involucra mediante la coacci\u00f3n a los ciudadanos para que cambien su conducta. Esta es la \u201cFiguraci\u00f3n e interdependencia\u201d de Norbert Elias.<\/p>\n<p>&nbsp;<\/p>\n","protected":false},"excerpt":{"rendered":"<p>1. Mapa Mental 2. Prototipo Escena Pel\u00edcula Vatel (A\u00f1o 2000) Esta pel\u00edcula, hace alusi\u00f3n al proceso civilizatorio del que habla Norbert Elias, en cuanto a la implantaci\u00f3n de pautas de comportamiento, hacia el siglo XVI, a\u00fan en la Edad Media, &hellip; <a href=\"https:\/\/blogs.ua.es\/estherfm\/bloque-3\/\">Continue reading <span class=\"meta-nav\">&rarr;<\/span><\/a><\/p>\n","protected":false},"author":4444,"featured_media":0,"parent":0,"menu_order":0,"comment_status":"closed","ping_status":"closed","template":"","meta":{"footnotes":""},"class_list":["post-52","page","type-page","status-publish","hentry"],"_links":{"self":[{"href":"https:\/\/blogs.ua.es\/estherfm\/wp-json\/wp\/v2\/pages\/52","targetHints":{"allow":["GET"]}}],"collection":[{"href":"https:\/\/blogs.ua.es\/estherfm\/wp-json\/wp\/v2\/pages"}],"about":[{"href":"https:\/\/blogs.ua.es\/estherfm\/wp-json\/wp\/v2\/types\/page"}],"author":[{"embeddable":true,"href":"https:\/\/blogs.ua.es\/estherfm\/wp-json\/wp\/v2\/users\/4444"}],"replies":[{"embeddable":true,"href":"https:\/\/blogs.ua.es\/estherfm\/wp-json\/wp\/v2\/comments?post=52"}],"version-history":[{"count":7,"href":"https:\/\/blogs.ua.es\/estherfm\/wp-json\/wp\/v2\/pages\/52\/revisions"}],"predecessor-version":[{"id":75,"href":"https:\/\/blogs.ua.es\/estherfm\/wp-json\/wp\/v2\/pages\/52\/revisions\/75"}],"wp:attachment":[{"href":"https:\/\/blogs.ua.es\/estherfm\/wp-json\/wp\/v2\/media?parent=52"}],"curies":[{"name":"wp","href":"https:\/\/api.w.org\/{rel}","templated":true}]}}