{"id":28,"date":"2021-11-07T22:43:14","date_gmt":"2021-11-07T22:43:14","guid":{"rendered":"https:\/\/blogs.ua.es\/ferricandidato\/?page_id=28"},"modified":"2025-12-01T17:40:32","modified_gmt":"2025-12-01T17:40:32","slug":"nereida-congost","status":"publish","type":"page","link":"https:\/\/blogs.ua.es\/ferricandidato\/equipo\/nereida-congost\/","title":{"rendered":"Nereida Congost Maestre"},"content":{"rendered":"<p><img loading=\"lazy\" decoding=\"async\" class=\"aligncenter wp-image-113 size-full\" src=\"https:\/\/blogs.ua.es\/ferricandidato\/files\/2021\/11\/Congost.jpg\" alt=\"\" width=\"600\" height=\"400\" srcset=\"https:\/\/blogs.ua.es\/ferricandidato\/files\/2021\/11\/Congost.jpg 600w, https:\/\/blogs.ua.es\/ferricandidato\/files\/2021\/11\/Congost-300x200.jpg 300w, https:\/\/blogs.ua.es\/ferricandidato\/files\/2021\/11\/Congost-75x50.jpg 75w\" sizes=\"auto, (max-width: 600px) 100vw, 600px\" \/><\/p>\n<p><a href=\"https:\/\/cvnet.cpd.ua.es\/curriculum-breve\/es\/congost-maestre-nereida\/15152\">https:\/\/cvnet.cpd.ua.es\/curriculum-breve\/es\/congost-maestre-nereida\/15152<\/a><\/p>\n<p>Doctora en Filolog\u00eda Inglesa, soy profesora titular de Ingl\u00e9s para Fines Espec\u00edficos, Traducci\u00f3n especializada y Did\u00e1ctica en el Departamento de Filolog\u00eda Inglesa de la Universidad de Alicante.<\/p>\n<p>En la actualidad, imparto docencia en el Grado de Turismo y en el M\u00e1ster Universitario de Ingl\u00e9s y Espa\u00f1ol para Fines Espec\u00edficos. As\u00ed mismo, tutorizo trabajos de fin de grado \/m\u00e1ster en Estudios Ingleses, Traducci\u00f3n e Interpretaci\u00f3n y Turismo\/TADE, donde act\u00fao, en este \u00faltimo, como coordinadora de l\u00ednea.<\/p>\n<p>Como investigadora, participo en varios proyectos de traducci\u00f3n de cuestionarios de salud y calidad de vida con los Departamentos de Psicolog\u00eda de la Salud y Ciencias de la Salud de la Universidad de Alicante, as\u00ed como en\u00a0otros proyectos de investigaci\u00f3n nacionales y europeos, de lexicograf\u00eda m\u00e9dica y\u00a0de ense\u00f1anza de lenguajes especializados, entre otros.\u00a0Igualmente participo en proyectos de investigaci\u00f3n con el Instituto Interuniversitario de Lenguas Modernas Aplicadas (IULMA) y en redes de\u00a0innovaci\u00f3n docente.<\/p>\n<p>He desempe\u00f1ado el cargo de Secretaria Acad\u00e9mica (2013-2016) y de Subdirectora (2016-2019) del Departamento de Filolog\u00eda Inglesa de la Universidad de Alicante. En la actualidad, soy Secretaria Acad\u00e9mica de la Facultad de Filosof\u00eda y Letras (2021-2025). Estos cargos me han permitido conocer el funcionamiento interno tanto de un departamento como de nuestra Facultad, donde he colaborado tambi\u00e9n en la comisi\u00f3n acad\u00e9mica del grado de Estudios Ingleses como responsable de la asignatura de Pr\u00e1cticas Externas. Despu\u00e9s de tantos a\u00f1os trabajando en esta Facultad, considero que mi experiencia puede ser \u00fatil para el servicio de la comunidad para, de alguna manera, devolver y agradecer lo recibido.<\/p>\n<hr \/>\n<p><span style=\"font-weight: 400\">Doctora en Filologia Anglesa, soc professora titular d&#8217;Ingl\u00e9s per a Fins Espec\u00edfics, Traducci\u00f3 especialitzada i Did\u00e0ctica en el Departament de Filologia Anglesa de la Universitat d&#8217;Alacant.<\/span><\/p>\n<p><span style=\"font-weight: 400\">En l&#8217;actualitat, imparteixo doc\u00e8ncia en el Grau de Turisme i en el M\u00e0ster Universitari d&#8217;Ingl\u00e9s i Espa\u00f1ol per a Fins Espec\u00edfics. Aix\u00ed mateix, tutoritzo treballs de fi de grau \/m\u00e0ster en Estudis Anglesos, Traducci\u00f3 i Interpretaci\u00f3 i Turisme\/TADE, on actuo, en aquest \u00faltim, com a coordinadora de l\u00ednia.\u00a0<\/span><\/p>\n<p><span style=\"font-weight: 400\">Com a investigadora, participo en diversos projectes de traducci\u00f3 de q\u00fcestionaris de salut i qualitat de vida amb els Departaments de Psicologia de la Salut i Ci\u00e8ncies de la Salut de la Universitat d&#8217;Alacant, aix\u00ed com en altres projectes de recerca nacionals i europeus, de lexicografia m\u00e8dica i d&#8217;ensenyament de llenguatges especialitzats, entre altres. Igualment participo en projectes de recerca amb l&#8217;Institut Interuniversitari de Lleng\u00fces Modernes Aplicades (IULMA) i en xarxes d&#8217;innovaci\u00f3 docent.<\/span><\/p>\n<p><span style=\"font-weight: 400\">He exercit el c\u00e0rrec de Secret\u00e0ria Acad\u00e8mica (2013-2016) i de Subdirectora (2016-2019) del Departament de Filologia Anglesa de la Universitat d&#8217;Alacant. En l&#8217;actualitat, soc Secret\u00e0ria Acad\u00e8mica de la Facultat de Filosofia i Lletres (2021-2025). Aquests c\u00e0rrecs m&#8217;han perm\u00e8s con\u00e8ixer el funcionament intern tant d&#8217;un departament com de la nostra Facultat, on he col\u00b7laborat tamb\u00e9 en la comissi\u00f3 acad\u00e8mica del grau d&#8217;Estudis Anglesos com a responsable de l&#8217;assignatura de Pr\u00e0ctiques Externes. Despr\u00e9s de tants anys treballant en aquesta Facultat, considero que la meva experi\u00e8ncia pot ser \u00fatil per al servei de la comunitat per a, d&#8217;alguna manera, retornar i agrair el rebut.<\/span><\/p>\n","protected":false},"excerpt":{"rendered":"<p>https:\/\/cvnet.cpd.ua.es\/curriculum-breve\/es\/congost-maestre-nereida\/15152 Doctora en Filolog\u00eda Inglesa, soy profesora titular de Ingl\u00e9s para Fines Espec\u00edficos, Traducci\u00f3n especializada y Did\u00e1ctica en el Departamento de Filolog\u00eda Inglesa de la Universidad de Alicante. En la actualidad, imparto docencia en el Grado de Turismo y en el M\u00e1ster Universitario de Ingl\u00e9s y Espa\u00f1ol para Fines Espec\u00edficos. As\u00ed mismo, tutorizo trabajos de [&hellip;]<\/p>\n","protected":false},"author":4504,"featured_media":0,"parent":13,"menu_order":0,"comment_status":"closed","ping_status":"closed","template":"template-full-width.php","meta":{"footnotes":""},"class_list":["post-28","page","type-page","status-publish","hentry"],"_links":{"self":[{"href":"https:\/\/blogs.ua.es\/ferricandidato\/wp-json\/wp\/v2\/pages\/28","targetHints":{"allow":["GET"]}}],"collection":[{"href":"https:\/\/blogs.ua.es\/ferricandidato\/wp-json\/wp\/v2\/pages"}],"about":[{"href":"https:\/\/blogs.ua.es\/ferricandidato\/wp-json\/wp\/v2\/types\/page"}],"author":[{"embeddable":true,"href":"https:\/\/blogs.ua.es\/ferricandidato\/wp-json\/wp\/v2\/users\/4504"}],"replies":[{"embeddable":true,"href":"https:\/\/blogs.ua.es\/ferricandidato\/wp-json\/wp\/v2\/comments?post=28"}],"version-history":[{"count":6,"href":"https:\/\/blogs.ua.es\/ferricandidato\/wp-json\/wp\/v2\/pages\/28\/revisions"}],"predecessor-version":[{"id":308,"href":"https:\/\/blogs.ua.es\/ferricandidato\/wp-json\/wp\/v2\/pages\/28\/revisions\/308"}],"up":[{"embeddable":true,"href":"https:\/\/blogs.ua.es\/ferricandidato\/wp-json\/wp\/v2\/pages\/13"}],"wp:attachment":[{"href":"https:\/\/blogs.ua.es\/ferricandidato\/wp-json\/wp\/v2\/media?parent=28"}],"curies":[{"name":"wp","href":"https:\/\/api.w.org\/{rel}","templated":true}]}}