{"id":288,"date":"2025-11-30T23:33:59","date_gmt":"2025-11-30T23:33:59","guid":{"rendered":"https:\/\/blogs.ua.es\/ferricandidato\/?page_id=288"},"modified":"2025-12-01T18:30:17","modified_gmt":"2025-12-01T18:30:17","slug":"margarita-capdepon-frias","status":"publish","type":"page","link":"https:\/\/blogs.ua.es\/ferricandidato\/margarita-capdepon-frias\/","title":{"rendered":"Margarita Capdep\u00f3n Fr\u00edas"},"content":{"rendered":"<p><img loading=\"lazy\" decoding=\"async\" class=\"aligncenter size-full wp-image-250\" src=\"https:\/\/blogs.ua.es\/ferricandidato\/files\/2025\/11\/margarita.jpg\" alt=\"\" width=\"400\" height=\"400\" \/><\/p>\n<p><a href=\"https:\/\/cvnet.cpd.ua.es\/curriculum-breve\/es\/capdepon-frias-margarita\/16816\">https:\/\/cvnet.cpd.ua.es\/curriculum-breve\/es\/capdepon-frias-margarita\/16816<\/a><\/p>\n<p>Soy doctora en Turismo por la Universidad de Alicante (Menci\u00f3n de Doctora Internacional y Premio a la mejor tesis doctoral de 2013 concedido por el Comit\u00e9 Econ\u00f3mico y Social de la Comunidad Valenciana), Licenciada en Geograf\u00eda con Premio extraordinario de Licenciatura y diplomada en Turismo por la Universidad de Alicante; M\u00e1ster en Planificaci\u00f3n y Direcci\u00f3n en Turismo por la Universidad de Alicante y M\u00e1ster en Espacios Naturales Protegidos en la Fundaci\u00f3n Interuniversitaria Fernando Gonz\u00e1lez Bern\u00e1ldez (Madrid).<\/p>\n<p>Mis principales l\u00edneas de investigaci\u00f3n son el an\u00e1lisis de relaciones entre turismo y \u00e1reas naturales protegidas, la conservaci\u00f3n privada, la planificaci\u00f3n territorial y la gesti\u00f3n de destinos tur\u00edsticos. He colaborado en varios proyectos competitivos y contratos de investigaci\u00f3n. Soy autora de distintas publicaciones en revistas indexadas, cap\u00edtulos de libro y contribuciones a congresos de \u00e1mbito nacional e internacional, tanto de Geograf\u00eda como de Turismo. Asimismo, he realizado varias estancias (pre y posdoctorales) en universidades del Reino Unido.<\/p>\n<hr \/>\n<p>Soc doctora en Turisme per la Universitat d&#8217;Alacant (Menci\u00f3 de Doctora Internacional i Premi a la millor tesi doctoral de 2013 concedit pel Comit\u00e9 Econ\u00f2mic i Social de la Comunitat Valenciana), Llicenciada en Geografia amb Premi extraordinari de Llicenciatura i diplomada en Turisme per la Universitat d&#8217;Alacant; M\u00e0ster en Planificaci\u00f3 i Direcci\u00f3 en Turisme per la Universitat d&#8217;Alacant i M\u00e0ster en Espais Naturals Protegits en la Fundaci\u00f3 Interuniversit\u00e0ria Fernando Gonz\u00e1lez *Bern\u00e1ldez (Madrid).<\/p>\n<p>Les meues principals l\u00ednies d&#8217;investigaci\u00f3 s\u00f3n l&#8217;an\u00e0lisi de relacions entre turisme i \u00e0rees naturals protegides, la conservaci\u00f3 privada, la planificaci\u00f3 territorial i la gesti\u00f3 de destinacions tur\u00edstiques. He col\u00b7laborat en diversos projectes competitius i contractes d&#8217;investigaci\u00f3. Soc autora de diferents publicacions en revistes indexades, cap\u00edtols de llibre i contribucions a congressos d&#8217;\u00e0mbit nacional i internacional, tant de Geografia com de Turisme. Aix\u00ed mateix, he realitzat diverses estades (pre i postdoctorals) en universitats del Regne Unit.<\/p>\n","protected":false},"excerpt":{"rendered":"<p>https:\/\/cvnet.cpd.ua.es\/curriculum-breve\/es\/capdepon-frias-margarita\/16816 Soy doctora en Turismo por la Universidad de Alicante (Menci\u00f3n de Doctora Internacional y Premio a la mejor tesis doctoral de 2013 concedido por el Comit\u00e9 Econ\u00f3mico y Social de la Comunidad Valenciana), Licenciada en Geograf\u00eda con Premio extraordinario de Licenciatura y diplomada en Turismo por la Universidad de Alicante; M\u00e1ster en Planificaci\u00f3n y [&hellip;]<\/p>\n","protected":false},"author":4504,"featured_media":0,"parent":0,"menu_order":0,"comment_status":"closed","ping_status":"closed","template":"","meta":{"footnotes":""},"class_list":["post-288","page","type-page","status-publish","hentry"],"_links":{"self":[{"href":"https:\/\/blogs.ua.es\/ferricandidato\/wp-json\/wp\/v2\/pages\/288","targetHints":{"allow":["GET"]}}],"collection":[{"href":"https:\/\/blogs.ua.es\/ferricandidato\/wp-json\/wp\/v2\/pages"}],"about":[{"href":"https:\/\/blogs.ua.es\/ferricandidato\/wp-json\/wp\/v2\/types\/page"}],"author":[{"embeddable":true,"href":"https:\/\/blogs.ua.es\/ferricandidato\/wp-json\/wp\/v2\/users\/4504"}],"replies":[{"embeddable":true,"href":"https:\/\/blogs.ua.es\/ferricandidato\/wp-json\/wp\/v2\/comments?post=288"}],"version-history":[{"count":2,"href":"https:\/\/blogs.ua.es\/ferricandidato\/wp-json\/wp\/v2\/pages\/288\/revisions"}],"predecessor-version":[{"id":314,"href":"https:\/\/blogs.ua.es\/ferricandidato\/wp-json\/wp\/v2\/pages\/288\/revisions\/314"}],"wp:attachment":[{"href":"https:\/\/blogs.ua.es\/ferricandidato\/wp-json\/wp\/v2\/media?parent=288"}],"curies":[{"name":"wp","href":"https:\/\/api.w.org\/{rel}","templated":true}]}}