{"id":36,"date":"2021-11-07T22:44:56","date_gmt":"2021-11-07T22:44:56","guid":{"rendered":"https:\/\/blogs.ua.es\/ferricandidato\/?page_id=36"},"modified":"2025-12-01T19:02:16","modified_gmt":"2025-12-01T19:02:16","slug":"jose-antonio-sanchez","status":"publish","type":"page","link":"https:\/\/blogs.ua.es\/ferricandidato\/equipo\/jose-antonio-sanchez\/","title":{"rendered":"Jos\u00e9 Antonio S\u00e1nchez Fajardo"},"content":{"rendered":"<p><img loading=\"lazy\" decoding=\"async\" class=\"aligncenter wp-image-97\" src=\"https:\/\/blogs.ua.es\/ferricandidato\/files\/2021\/11\/Sanchez-300x200.jpg\" alt=\"\" width=\"600\" height=\"400\" srcset=\"https:\/\/blogs.ua.es\/ferricandidato\/files\/2021\/11\/Sanchez-300x200.jpg 300w, https:\/\/blogs.ua.es\/ferricandidato\/files\/2021\/11\/Sanchez-768x512.jpg 768w, https:\/\/blogs.ua.es\/ferricandidato\/files\/2021\/11\/Sanchez-75x50.jpg 75w, https:\/\/blogs.ua.es\/ferricandidato\/files\/2021\/11\/Sanchez.jpg 800w\" sizes=\"auto, (max-width: 600px) 100vw, 600px\" \/><\/p>\n<p><a href=\"https:\/\/cvnet.cpd.ua.es\/curriculum-breve\/es\/sanchez-fajardo-jose-antonio\/50611\"><span style=\"font-weight: 400\">https:\/\/cvnet.cpd.ua.es\/curriculum-breve\/es\/sanchez-fajardo-jose-antonio\/50611<\/span><\/a><\/p>\n<p><span style=\"font-weight: 400\">Soy Profesor Titular de Universidad en el Dpto. de Filolog\u00eda Inglesa. Me licenci\u00e9 en la Universidad de La Habana, y me doctor\u00e9 en el Programa de Filosof\u00eda y Letras de la Universidad de Alicante (2016). Mi \u00e1rea de investigaci\u00f3n es la ling\u00fc\u00edstica inglesa, en especial la morfolog\u00eda, la lexicolog\u00eda y la pragm\u00e1tica, con especial inter\u00e9s en el lenguaje arg\u00f3tico y coloquial.\u00a0<\/span><\/p>\n<p><span style=\"font-weight: 400\">Actualmente imparto docencia en los grados de Estudios Ingleses y de Traducci\u00f3n e Interpretaci\u00f3n, y en el M\u00e1ster en Espa\u00f1ol e Ingl\u00e9s como Segundas Lenguas\/Lenguas Extranjeras. He sido coordinador de varias asignaturas (optativas y troncales), lo cual me ha dado la oportunidad de conocer c\u00f3mo mejorar aspectos como la innovaci\u00f3n docente y la calidad educativa. Desde el 2019 soy profesor tutor en el Plan de Acci\u00f3n Tutorial (PAT), gracias al cual he podido estar en contacto m\u00e1s estrecho con el alumnado y reunir m\u00e1s informaci\u00f3n sobre el funcionamiento del plan en la Facultad. La Universidad de Alicante y por supuesto la Facultad de Filosof\u00eda y Letras constituyen mi hogar acad\u00e9mico y profesional, y, por lo tanto, les debo mucho. Ahora que se abre una nueva etapa de gesti\u00f3n, y despu\u00e9s de la (triste) experiencia de la pandemia, se abre una excelente oportunidad para mejorar e incentivar los est\u00e1ndares de la calidad educativa.\u00a0<\/span><\/p>\n<hr \/>\n<p><span style=\"font-weight: 400\">Soc Professor Titular d\u2019Universitat\u00a0en el Departament de Filologia Anglesa. Em vaig llicenciar en la Universitat de l&#8217;Havana i em vaig doctorar en el Programa de Filosofia i Lletres de la Universitat d&#8217;Alacant (2016). La meua \u00e0rea d&#8217;investigaci\u00f3 \u00e9s la ling\u00fc\u00edstica anglesa, especialment la morfologia, la lexicologia i la pragm\u00e0tica, amb especial inter\u00e8s en el llenguatge arg\u00f2tic i col\u00b7loquial.<\/span><\/p>\n<p><span style=\"font-weight: 400\">Actualment impartisc doc\u00e8ncia en els graus d&#8217;Estudis Anglesos i de Traducci\u00f3 i Interpretaci\u00f3, i en el M\u00e0ster en Espa\u00f1ol i Angl\u00e8s com a Segones Lleng\u00fces\/Lleng\u00fces Estrangeres. He sigut coordinador de diverses assignatures (optatives i troncals), la qual cosa m&#8217;ha donat l&#8217;oportunitat de con\u00e8ixer com poder millorar aspectes com la innovaci\u00f3 docent i la qualitat educativa. Des del 2019 soc professor tutor en el Pla d&#8217;Acci\u00f3 Tutorial (PAT), gr\u00e0cies al qual he pogut estar en contacte directe amb l&#8217;alumnat i reunir m\u00e9s informaci\u00f3 sobre el funcionament del pla en la facultat. La Universitat d&#8217;Alacant i, per descomptat, la facultat de Filosofia i Lletres constitueixen la meua llar acad\u00e8mica i professional i, per tant, els dec molt. Ara que s&#8217;obri una nova etapa de gesti\u00f3, i despr\u00e9s de la (trista) experi\u00e8ncia de la pand\u00e8mia, s&#8217;obri una oportunitat excel\u00b7lent de millorar i incentivar els est\u00e0ndards de la qualitat educativa.<\/span><\/p>\n","protected":false},"excerpt":{"rendered":"<p>https:\/\/cvnet.cpd.ua.es\/curriculum-breve\/es\/sanchez-fajardo-jose-antonio\/50611 Soy Profesor Titular de Universidad en el Dpto. de Filolog\u00eda Inglesa. Me licenci\u00e9 en la Universidad de La Habana, y me doctor\u00e9 en el Programa de Filosof\u00eda y Letras de la Universidad de Alicante (2016). Mi \u00e1rea de investigaci\u00f3n es la ling\u00fc\u00edstica inglesa, en especial la morfolog\u00eda, la lexicolog\u00eda y la pragm\u00e1tica, con especial [&hellip;]<\/p>\n","protected":false},"author":4504,"featured_media":0,"parent":13,"menu_order":0,"comment_status":"closed","ping_status":"closed","template":"template-full-width.php","meta":{"footnotes":""},"class_list":["post-36","page","type-page","status-publish","hentry"],"_links":{"self":[{"href":"https:\/\/blogs.ua.es\/ferricandidato\/wp-json\/wp\/v2\/pages\/36","targetHints":{"allow":["GET"]}}],"collection":[{"href":"https:\/\/blogs.ua.es\/ferricandidato\/wp-json\/wp\/v2\/pages"}],"about":[{"href":"https:\/\/blogs.ua.es\/ferricandidato\/wp-json\/wp\/v2\/types\/page"}],"author":[{"embeddable":true,"href":"https:\/\/blogs.ua.es\/ferricandidato\/wp-json\/wp\/v2\/users\/4504"}],"replies":[{"embeddable":true,"href":"https:\/\/blogs.ua.es\/ferricandidato\/wp-json\/wp\/v2\/comments?post=36"}],"version-history":[{"count":5,"href":"https:\/\/blogs.ua.es\/ferricandidato\/wp-json\/wp\/v2\/pages\/36\/revisions"}],"predecessor-version":[{"id":322,"href":"https:\/\/blogs.ua.es\/ferricandidato\/wp-json\/wp\/v2\/pages\/36\/revisions\/322"}],"up":[{"embeddable":true,"href":"https:\/\/blogs.ua.es\/ferricandidato\/wp-json\/wp\/v2\/pages\/13"}],"wp:attachment":[{"href":"https:\/\/blogs.ua.es\/ferricandidato\/wp-json\/wp\/v2\/media?parent=36"}],"curies":[{"name":"wp","href":"https:\/\/api.w.org\/{rel}","templated":true}]}}