{"id":11,"date":"2013-06-22T17:21:22","date_gmt":"2013-06-22T17:21:22","guid":{"rendered":"https:\/\/blogs.ua.es\/ffic\/?page_id=11"},"modified":"2013-08-27T09:16:03","modified_gmt":"2013-08-27T09:16:03","slug":"programa","status":"publish","type":"page","link":"https:\/\/blogs.ua.es\/ffic\/programa\/","title":{"rendered":"Programa"},"content":{"rendered":"<p style=\"text-align: justify\"><strong>Tema 1. <span style=\"text-decoration: underline\"><a href=\"https:\/\/blogs.ua.es\/ffic\/programa\/tema-1\/\">Principios y leyes fundamentales de la mec\u00e1nica<\/a><\/span><\/strong><\/p>\n<ul>\n<li>Introducci\u00f3n<\/li>\n<li>Cinem\u00e1tica<\/li>\n<li>Din\u00e1mica: leyes de Newton<\/li>\n<li>Aplicaciones de las leyes de Newton<\/li>\n<li>Momento lineal y momento angular. Leyes de conservaci\u00f3n<\/li>\n<li>Trabajo y energ\u00eda<\/li>\n<li>Energ\u00eda cin\u00e9tica: teorema de las fuerzas vivas<\/li>\n<li>Fuerzas conservativas y energ\u00eda potencial<\/li>\n<li>Principio de conservaci\u00f3n de la energ\u00eda<\/li>\n<\/ul>\n<p><strong>Tema 2. <span style=\"text-decoration: underline\"><a href=\"https:\/\/blogs.ua.es\/ffic\/programa\/tema-2\/\">Oscilaciones y ondas<\/a><\/span><br \/>\n<\/strong><\/p>\n<ul>\n<li>Introducci\u00f3n<\/li>\n<li>Movimiento arm\u00f3nico simple (M.A.S.)<\/li>\n<li>Composici\u00f3n de M.A.S.<\/li>\n<li>Oscilaciones amortiguadas y forzadas<\/li>\n<li>Movimiento ondulatorio<\/li>\n<li>Ondas arm\u00f3nicas<\/li>\n<li>Energ\u00eda e intensidad del movimiento ondulatorio<\/li>\n<li>Interferencia de ondas arm\u00f3nicas. Ondas estacionarias<\/li>\n<li>Ondas sonoras<\/li>\n<\/ul>\n<p><strong>Tema 3. <span style=\"text-decoration: underline\"><a href=\"https:\/\/blogs.ua.es\/ffic\/programa\/tema-3\/\">Termodin\u00e1mica<\/a><\/span><\/strong><\/p>\n<ul>\n<li>Introducci\u00f3n<\/li>\n<li>Principio cero de la termodin\u00e1mica<\/li>\n<li>Temperatura y calor<\/li>\n<li>Propagaci\u00f3n del calor<\/li>\n<li>Capacidad calor\u00edfica, calor espec\u00edfico y latente. Equilibrio t\u00e9rmico<\/li>\n<li>Sistemas termodin\u00e1micos<\/li>\n<li>Trabajo. Energ\u00eda interna. Primer principio de la termodin\u00e1mica<\/li>\n<li>Procesos reversibles en gases ideales<\/li>\n<li>M\u00e1quinas t\u00e9rmicas. Rendimiento<\/li>\n<li>Ciclo de Carnot y segundo principio de la termodin\u00e1mica<\/li>\n<\/ul>\n<p><strong>Tema 4. <span style=\"text-decoration: underline\"><a href=\"https:\/\/blogs.ua.es\/ffic\/programa\/tema-4\/\">Campo el\u00e9ctrico<\/a><\/span><br \/>\n<\/strong><\/p>\n<ul>\n<li>Introducci\u00f3n<\/li>\n<li>Carga el\u00e9ctrica. Ley de Coulomb<\/li>\n<li>Campo y potencial el\u00e9ctrico<\/li>\n<li>Condensadores y diel\u00e9ctricos<\/li>\n<li>Corriente el\u00e9ctrica. Conductividad, ley de Ohm.<\/li>\n<li>Circuitos de corriente continua<\/li>\n<li>M\u00e9todos de resoluci\u00f3n<\/li>\n<\/ul>\n<p><strong>Tema 5. <a href=\"https:\/\/blogs.ua.es\/ffic\/programa\/tema-5\/\"><span style=\"text-decoration: underline\">Campo magn\u00e9tico<\/span><\/a><br \/>\n<\/strong><\/p>\n<ul>\n<li>Introducci\u00f3n<\/li>\n<li>Interacci\u00f3n magn\u00e9tica<\/li>\n<li>Fuentes del campo magn\u00e9tico. Ley de Biot y Savart<\/li>\n<li>Ley de Amp\u00e8re<\/li>\n<li>Fuerzas electromotriz inducida. Leyes de Faraday y Lenz<\/li>\n<li>Autoinducci\u00f3n, inducci\u00f3n mutua<\/li>\n<\/ul>\n","protected":false},"excerpt":{"rendered":"<p>Tema 1. Principios y leyes fundamentales de la mec\u00e1nica Introducci\u00f3n Cinem\u00e1tica Din\u00e1mica: leyes de Newton Aplicaciones de las leyes de Newton Momento lineal y momento angular. Leyes de conservaci\u00f3n Trabajo y energ\u00eda Energ\u00eda cin\u00e9tica: teorema de las fuerzas vivas Fuerzas &hellip; <a href=\"https:\/\/blogs.ua.es\/ffic\/programa\/\">Continue reading <span class=\"meta-nav\">&rarr;<\/span><\/a><\/p>\n","protected":false},"author":2285,"featured_media":0,"parent":0,"menu_order":2,"comment_status":"open","ping_status":"open","template":"","meta":{"footnotes":""},"class_list":["post-11","page","type-page","status-publish","hentry"],"_links":{"self":[{"href":"https:\/\/blogs.ua.es\/ffic\/wp-json\/wp\/v2\/pages\/11","targetHints":{"allow":["GET"]}}],"collection":[{"href":"https:\/\/blogs.ua.es\/ffic\/wp-json\/wp\/v2\/pages"}],"about":[{"href":"https:\/\/blogs.ua.es\/ffic\/wp-json\/wp\/v2\/types\/page"}],"author":[{"embeddable":true,"href":"https:\/\/blogs.ua.es\/ffic\/wp-json\/wp\/v2\/users\/2285"}],"replies":[{"embeddable":true,"href":"https:\/\/blogs.ua.es\/ffic\/wp-json\/wp\/v2\/comments?post=11"}],"version-history":[{"count":6,"href":"https:\/\/blogs.ua.es\/ffic\/wp-json\/wp\/v2\/pages\/11\/revisions"}],"predecessor-version":[{"id":14,"href":"https:\/\/blogs.ua.es\/ffic\/wp-json\/wp\/v2\/pages\/11\/revisions\/14"}],"wp:attachment":[{"href":"https:\/\/blogs.ua.es\/ffic\/wp-json\/wp\/v2\/media?parent=11"}],"curies":[{"name":"wp","href":"https:\/\/api.w.org\/{rel}","templated":true}]}}