{"id":32,"date":"2013-06-22T18:43:04","date_gmt":"2013-06-22T18:43:04","guid":{"rendered":"https:\/\/blogs.ua.es\/ffic\/?page_id=32"},"modified":"2013-06-22T20:47:55","modified_gmt":"2013-06-22T20:47:55","slug":"fisica-en-red","status":"publish","type":"page","link":"https:\/\/blogs.ua.es\/ffic\/fisica-en-red\/","title":{"rendered":"F\u00edsica en red"},"content":{"rendered":"<p style=\"text-align: justify\">En esta p\u00e1gina se presentar\u00e1n recursos que se encuentren en Internet y que hacen referencia a <strong>art\u00edculos<\/strong>, <strong>conferencias<\/strong>, <strong>divulgaci\u00f3n de la ciencia<\/strong> y <strong>divulgaci\u00f3n de la investigaci\u00f3<\/strong>n.<\/p>\n<p style=\"text-align: justify\">Para consultar blogs, enlaces o OpenCourseWares se puede visitar el blog <a href=\"https:\/\/blogs.ua.es\/gitefideua\/fisica-web\/\">GITE-FIDEUA<\/a> donde encontrar\u00e9is una amplia informaci\u00f3n.<\/p>\n<p style=\"text-align: justify\">Algunas organizaciones que pretenden la divulgaci\u00f3n de la F\u00edsica en su aspecto m\u00e1s amplio son:<\/p>\n<p style=\"text-align: justify\"><a href=\"http:\/\/www.rsef.org\"><img loading=\"lazy\" decoding=\"async\" class=\"aligncenter size-full wp-image-130\" src=\"https:\/\/blogs.ua.es\/jjrr2011\/files\/2012\/01\/rsef.jpg\" alt=\"\" width=\"190\" height=\"64\" \/><\/a><\/p>\n<p style=\"text-align: justify\"><a href=\"http:\/\/www.metode.cat\/\"><img loading=\"lazy\" decoding=\"async\" class=\"aligncenter size-full wp-image-137\" src=\"https:\/\/blogs.ua.es\/jjrr2011\/files\/2012\/01\/logo_metode.jpg\" alt=\"\" width=\"200\" height=\"57\" \/><\/a><\/p>\n<p style=\"text-align: justify\"><a href=\"http:\/\/www.physics.org\"><img loading=\"lazy\" decoding=\"async\" class=\"aligncenter size-full wp-image-136\" src=\"https:\/\/blogs.ua.es\/jjrr2011\/files\/2012\/01\/logoPhysics.png\" alt=\"\" width=\"201\" height=\"70\" \/><\/a><\/p>\n<p style=\"text-align: justify\"><a href=\"http:\/\/www.iop.org\"><img loading=\"lazy\" decoding=\"async\" class=\"aligncenter size-full wp-image-133\" src=\"https:\/\/blogs.ua.es\/jjrr2011\/files\/2012\/01\/image_iop.jpg\" alt=\"\" width=\"190\" height=\"25\" \/><\/a><\/p>\n<p style=\"text-align: justify\"><a href=\"http:\/\/www.aip.org\"><img loading=\"lazy\" decoding=\"async\" class=\"aligncenter size-full wp-image-134\" src=\"https:\/\/blogs.ua.es\/jjrr2011\/files\/2012\/01\/logo_aip.jpg\" alt=\"\" width=\"190\" height=\"28\" \/><\/a><\/p>\n","protected":false},"excerpt":{"rendered":"<p>En esta p\u00e1gina se presentar\u00e1n recursos que se encuentren en Internet y que hacen referencia a art\u00edculos, conferencias, divulgaci\u00f3n de la ciencia y divulgaci\u00f3n de la investigaci\u00f3n. Para consultar blogs, enlaces o OpenCourseWares se puede visitar el blog GITE-FIDEUA donde &hellip; <a href=\"https:\/\/blogs.ua.es\/ffic\/fisica-en-red\/\">Continue reading <span class=\"meta-nav\">&rarr;<\/span><\/a><\/p>\n","protected":false},"author":2285,"featured_media":0,"parent":0,"menu_order":4,"comment_status":"open","ping_status":"open","template":"","meta":{"footnotes":""},"class_list":["post-32","page","type-page","status-publish","hentry"],"_links":{"self":[{"href":"https:\/\/blogs.ua.es\/ffic\/wp-json\/wp\/v2\/pages\/32","targetHints":{"allow":["GET"]}}],"collection":[{"href":"https:\/\/blogs.ua.es\/ffic\/wp-json\/wp\/v2\/pages"}],"about":[{"href":"https:\/\/blogs.ua.es\/ffic\/wp-json\/wp\/v2\/types\/page"}],"author":[{"embeddable":true,"href":"https:\/\/blogs.ua.es\/ffic\/wp-json\/wp\/v2\/users\/2285"}],"replies":[{"embeddable":true,"href":"https:\/\/blogs.ua.es\/ffic\/wp-json\/wp\/v2\/comments?post=32"}],"version-history":[{"count":2,"href":"https:\/\/blogs.ua.es\/ffic\/wp-json\/wp\/v2\/pages\/32\/revisions"}],"predecessor-version":[{"id":48,"href":"https:\/\/blogs.ua.es\/ffic\/wp-json\/wp\/v2\/pages\/32\/revisions\/48"}],"wp:attachment":[{"href":"https:\/\/blogs.ua.es\/ffic\/wp-json\/wp\/v2\/media?parent=32"}],"curies":[{"name":"wp","href":"https:\/\/api.w.org\/{rel}","templated":true}]}}