{"id":176,"date":"2012-01-15T00:19:20","date_gmt":"2012-01-15T00:19:20","guid":{"rendered":"https:\/\/blogs.ua.es\/fiestasmoroscristianosalicante\/?page_id=176"},"modified":"2012-01-15T00:20:18","modified_gmt":"2012-01-15T00:20:18","slug":"fuentes-de-informacion-utilizadas","status":"publish","type":"page","link":"https:\/\/blogs.ua.es\/fiestasmoroscristianosalicante\/fuentes-de-informacion-utilizadas\/","title":{"rendered":"Fuentes de informaci\u00f3n utilizadas"},"content":{"rendered":"<p>Como fuentes de informaci\u00f3n para la elaboraci\u00f3n de este blog, hemos utilizado p\u00e1ginas web, libros y peri\u00f3dicos. La fuente de informaci\u00f3n mas abundante y a la vez \u00fatil para poder realizar nuestras b\u00fasquedas ha sido, desde nuestro punto de vista la informaci\u00f3n encontrada en las p\u00e1ginas web. Esto se debe a que nos resultaba mas f\u00e1cil y pod\u00edamos buscar temas m\u00e1s globales y as\u00ed poder desarrollar de la mejor forma posible nuestro trabajo. Los libros tambi\u00e9n han sido una buena fuente de informaci\u00f3n pero en este caso, nos ha sido mas dif\u00edcil encontrar ejemplares que trataran sobre este tema. En cuanto a las noticias en los peri\u00f3dicos podemos decir que han sido muy escasas. Tambi\u00e9n hemos buscado informaci\u00f3n en revistas, pel\u00edculas y documentales pero en estos \u00faltimos casos los resultados no han sido los esperados y no hemos podido utilizar la informaci\u00f3n que estas fuentes nos han proporcionado.<\/p>\n","protected":false},"excerpt":{"rendered":"<p>Como fuentes de informaci\u00f3n para la elaboraci\u00f3n de este blog, hemos utilizado p\u00e1ginas web, libros y peri\u00f3dicos. La fuente de informaci\u00f3n mas abundante y a la vez \u00fatil para poder realizar nuestras b\u00fasquedas ha sido, desde nuestro punto de vista &hellip; <a href=\"https:\/\/blogs.ua.es\/fiestasmoroscristianosalicante\/fuentes-de-informacion-utilizadas\/\">Continue reading <span class=\"meta-nav\">&rarr;<\/span><\/a><\/p>\n","protected":false},"author":2338,"featured_media":0,"parent":0,"menu_order":0,"comment_status":"open","ping_status":"open","template":"","meta":{"footnotes":""},"class_list":["post-176","page","type-page","status-publish","hentry"],"_links":{"self":[{"href":"https:\/\/blogs.ua.es\/fiestasmoroscristianosalicante\/wp-json\/wp\/v2\/pages\/176","targetHints":{"allow":["GET"]}}],"collection":[{"href":"https:\/\/blogs.ua.es\/fiestasmoroscristianosalicante\/wp-json\/wp\/v2\/pages"}],"about":[{"href":"https:\/\/blogs.ua.es\/fiestasmoroscristianosalicante\/wp-json\/wp\/v2\/types\/page"}],"author":[{"embeddable":true,"href":"https:\/\/blogs.ua.es\/fiestasmoroscristianosalicante\/wp-json\/wp\/v2\/users\/2338"}],"replies":[{"embeddable":true,"href":"https:\/\/blogs.ua.es\/fiestasmoroscristianosalicante\/wp-json\/wp\/v2\/comments?post=176"}],"version-history":[{"count":3,"href":"https:\/\/blogs.ua.es\/fiestasmoroscristianosalicante\/wp-json\/wp\/v2\/pages\/176\/revisions"}],"predecessor-version":[{"id":179,"href":"https:\/\/blogs.ua.es\/fiestasmoroscristianosalicante\/wp-json\/wp\/v2\/pages\/176\/revisions\/179"}],"wp:attachment":[{"href":"https:\/\/blogs.ua.es\/fiestasmoroscristianosalicante\/wp-json\/wp\/v2\/media?parent=176"}],"curies":[{"name":"wp","href":"https:\/\/api.w.org\/{rel}","templated":true}]}}