{"id":28,"date":"2011-12-22T11:41:52","date_gmt":"2011-12-22T10:41:52","guid":{"rendered":"https:\/\/blogs.ua.es\/fiestassanjuan\/?page_id=28"},"modified":"2012-01-19T17:52:49","modified_gmt":"2012-01-19T16:52:49","slug":"metodologia","status":"publish","type":"page","link":"https:\/\/blogs.ua.es\/fiestassanjuan\/metodologia\/","title":{"rendered":"Metodolog\u00eda"},"content":{"rendered":"<p>Para la elaboraci\u00f3n del presente blog, hemos seguido un gui\u00f3n de trabajo para conseguir una optimizaci\u00f3n de la informaci\u00f3n con el objetivo de facilitar la difusi\u00f3n de informaci\u00f3n sobre estas fiestas tan importantes.<\/p>\n<p>El primer paso de nuestra tarea ha consistido en la b\u00fasqueda y recopilaci\u00f3n de datos sobre las Fiestas de San Juan. Esta busqueda la hemos realizado en internet ya que es la fuente donde hemos encontrado gran cantidad de informaci\u00f3n con gran calidad. En esta copilaci\u00f3n de informaci\u00f3n empleamos diversos buscadores, pero el buscador por excelencia ha sido <a href=\"http:\/\/www.google.es\">Google<\/a>. Una vez recopilada la informaci\u00f3n, la hemos seleccionado seg\u00fan criterios propios, teniendo en cuenta la calidad y veracidad de la informaci\u00f3n. A continuaci\u00f3n de esto, hemos introducido la informaci\u00f3n ya sintetizada por mi compa\u00f1era y yo en el blog.<\/p>\n<p>El \u00faltimo paso ha consistido en publicar los resultados del trabajo en el blog. Para ello hemos empleado los servicios de <a href=\"http:\/\/wordpress.org\/\">WordPress<\/a>. Mediante la gesti\u00f3n de esta empresa, hemos creado nuestro blog y publicado los resultados del trabajo.<\/p>\n","protected":false},"excerpt":{"rendered":"<p>Para la elaboraci\u00f3n del presente blog, hemos seguido un gui\u00f3n de trabajo para conseguir una optimizaci\u00f3n de la informaci\u00f3n con el objetivo de facilitar la difusi\u00f3n de informaci\u00f3n sobre estas fiestas tan importantes. El primer paso de nuestra tarea ha consistido en la b\u00fasqueda y recopilaci\u00f3n de datos sobre las Fiestas de San Juan. Esta [&hellip;]<\/p>\n","protected":false},"author":2345,"featured_media":0,"parent":0,"menu_order":0,"comment_status":"open","ping_status":"open","template":"","meta":{"footnotes":""},"class_list":["post-28","page","type-page","status-publish","hentry"],"_links":{"self":[{"href":"https:\/\/blogs.ua.es\/fiestassanjuan\/wp-json\/wp\/v2\/pages\/28","targetHints":{"allow":["GET"]}}],"collection":[{"href":"https:\/\/blogs.ua.es\/fiestassanjuan\/wp-json\/wp\/v2\/pages"}],"about":[{"href":"https:\/\/blogs.ua.es\/fiestassanjuan\/wp-json\/wp\/v2\/types\/page"}],"author":[{"embeddable":true,"href":"https:\/\/blogs.ua.es\/fiestassanjuan\/wp-json\/wp\/v2\/users\/2345"}],"replies":[{"embeddable":true,"href":"https:\/\/blogs.ua.es\/fiestassanjuan\/wp-json\/wp\/v2\/comments?post=28"}],"version-history":[{"count":3,"href":"https:\/\/blogs.ua.es\/fiestassanjuan\/wp-json\/wp\/v2\/pages\/28\/revisions"}],"predecessor-version":[{"id":42,"href":"https:\/\/blogs.ua.es\/fiestassanjuan\/wp-json\/wp\/v2\/pages\/28\/revisions\/42"}],"wp:attachment":[{"href":"https:\/\/blogs.ua.es\/fiestassanjuan\/wp-json\/wp\/v2\/media?parent=28"}],"curies":[{"name":"wp","href":"https:\/\/api.w.org\/{rel}","templated":true}]}}