{"id":37,"date":"2011-12-22T11:47:15","date_gmt":"2011-12-22T10:47:15","guid":{"rendered":"https:\/\/blogs.ua.es\/fiestassanjuan\/?page_id=37"},"modified":"2012-01-19T17:55:44","modified_gmt":"2012-01-19T16:55:44","slug":"valoracion","status":"publish","type":"page","link":"https:\/\/blogs.ua.es\/fiestassanjuan\/valoracion\/","title":{"rendered":"Valoraci\u00f3n"},"content":{"rendered":"<p>Como se puede observar en el blog, las fiestas de San Juan son una celebrci\u00f3n muy extendida a lo largo de todo el planeta. Pero donde m\u00e1s arraigo cultural tiene, es en la costa levantina. Esta fiesta del solsticio de verano, lleva realizandose desde tiempos inmemoriales en la zona alicantina y mezcla tanto temas paganos como religiosos.<\/p>\n<p>Pero estas fiestas conllevan tanto elementos positivos como negativos. Hemos de procurar la conservaci\u00f3n de estas fiestas sin desvirtuar su significado y hacer de estas unas fiestas sostenibles que beneficien m\u00e1s que perjudiquen. Por lo tanto, esto requiere una responsabilidad y compromiso por parte de todos los participantes de esta fiesta, para que todos salgamos ganando.<\/p>\n<p>Mi compa\u00f1era y yo esperamos que les sea de ayuda este blog. En caso de detectar alg\u00fan error, estaremos encantados de corregirlo.<\/p>\n","protected":false},"excerpt":{"rendered":"<p>Como se puede observar en el blog, las fiestas de San Juan son una celebrci\u00f3n muy extendida a lo largo de todo el planeta. Pero donde m\u00e1s arraigo cultural tiene, es en la costa levantina. Esta fiesta del solsticio de verano, lleva realizandose desde tiempos inmemoriales en la zona alicantina y mezcla tanto temas paganos [&hellip;]<\/p>\n","protected":false},"author":2345,"featured_media":0,"parent":0,"menu_order":0,"comment_status":"open","ping_status":"open","template":"","meta":{"footnotes":""},"class_list":["post-37","page","type-page","status-publish","hentry"],"_links":{"self":[{"href":"https:\/\/blogs.ua.es\/fiestassanjuan\/wp-json\/wp\/v2\/pages\/37","targetHints":{"allow":["GET"]}}],"collection":[{"href":"https:\/\/blogs.ua.es\/fiestassanjuan\/wp-json\/wp\/v2\/pages"}],"about":[{"href":"https:\/\/blogs.ua.es\/fiestassanjuan\/wp-json\/wp\/v2\/types\/page"}],"author":[{"embeddable":true,"href":"https:\/\/blogs.ua.es\/fiestassanjuan\/wp-json\/wp\/v2\/users\/2345"}],"replies":[{"embeddable":true,"href":"https:\/\/blogs.ua.es\/fiestassanjuan\/wp-json\/wp\/v2\/comments?post=37"}],"version-history":[{"count":4,"href":"https:\/\/blogs.ua.es\/fiestassanjuan\/wp-json\/wp\/v2\/pages\/37\/revisions"}],"predecessor-version":[{"id":43,"href":"https:\/\/blogs.ua.es\/fiestassanjuan\/wp-json\/wp\/v2\/pages\/37\/revisions\/43"}],"wp:attachment":[{"href":"https:\/\/blogs.ua.es\/fiestassanjuan\/wp-json\/wp\/v2\/media?parent=37"}],"curies":[{"name":"wp","href":"https:\/\/api.w.org\/{rel}","templated":true}]}}