{"id":65,"date":"2020-04-29T07:30:08","date_gmt":"2020-04-29T07:30:08","guid":{"rendered":"https:\/\/blogs.ua.es\/finalsociologia\/?page_id=65"},"modified":"2020-05-02T11:33:42","modified_gmt":"2020-05-02T11:33:42","slug":"entrevista","status":"publish","type":"page","link":"https:\/\/blogs.ua.es\/finalsociologia\/modulos-de-los-temas\/entrevista\/","title":{"rendered":"Entrevista sobre la experiencia del confinamiento en la pandemia"},"content":{"rendered":"<p><strong>Teor\u00eda del proceso de individuaci\u00f3n de Danilo Martuccelli<\/strong><\/p>\n<p><iframe loading=\"lazy\" title=\"DANILO MARTUCCELLI: Sociolog\u00eda del individuo.\" width=\"640\" height=\"360\" src=\"https:\/\/www.youtube.com\/embed\/0HoW3o3_9zw?feature=oembed\" frameborder=\"0\" allow=\"accelerometer; autoplay; clipboard-write; encrypted-media; gyroscope; picture-in-picture; web-share\" referrerpolicy=\"strict-origin-when-cross-origin\" allowfullscreen><\/iframe><\/p>\n<p>Premisas te\u00f3ricas:<\/p>\n<p>-El individuo es el v\u00e9rtice del an\u00e1lisis sociol\u00f3gico<\/p>\n<p>-El individuo es la base de la producci\u00f3n de la vida social<\/p>\n<p>-El periodo hist\u00f3rico fabrica, desde las estructuras sociales, un tipo de individuo<\/p>\n<p>-La prueba propone la articulaci\u00f3n entre procesos sociales y experiencias personales. Se compone de cuatro ejes anal\u00edticos:<\/p>\n<ol>\n<li>Dimensi\u00f3n narrativa: la prueba es un elemento sobre el que los actores experimentan y entienden sus vidas. Para ello recurre a una estructura narrativa singular que le ayuda a comprender su propia vida como una sucesi\u00f3n de puestas a prueba.<\/li>\n<li>Est\u00e1 obligado, por razones estructurales, a enfrentar estos desaf\u00edos.<\/li>\n<li>Las pruebas se vinculan a procesos de evaluaci\u00f3n. Se puede fracasar, tener \u00e9xito, aprobar, etc.<\/li>\n<li>Las pruebas se circunscriben a un conjunto de grandes retos estructurales, particularmente significativos en el marco de una sociedad.<\/li>\n<\/ol>\n<p>FICHA T\u00c9CNICA<\/p>\n<p>Fecha entrevista (d\u00eda, mes, a\u00f1o):<\/p>\n<p>Nombre y apellidos del entrevistado:<\/p>\n<p>Edad:<\/p>\n<p>Ciudad donde se realiza la entrevista:<\/p>\n<p>Cuestionario<\/p>\n<p>&nbsp;<\/p>\n","protected":false},"excerpt":{"rendered":"<p>Teor\u00eda del proceso de individuaci\u00f3n de Danilo Martuccelli Premisas te\u00f3ricas: -El individuo es el v\u00e9rtice del an\u00e1lisis sociol\u00f3gico -El individuo es la base de la producci\u00f3n de la vida social -El periodo hist\u00f3rico fabrica, desde las estructuras sociales, un tipo &hellip; <a href=\"https:\/\/blogs.ua.es\/finalsociologia\/modulos-de-los-temas\/entrevista\/\">Continue reading <span class=\"meta-nav\">&rarr;<\/span><\/a><\/p>\n","protected":false},"author":4251,"featured_media":0,"parent":9,"menu_order":0,"comment_status":"closed","ping_status":"closed","template":"","meta":{"footnotes":""},"class_list":["post-65","page","type-page","status-publish","hentry"],"_links":{"self":[{"href":"https:\/\/blogs.ua.es\/finalsociologia\/wp-json\/wp\/v2\/pages\/65","targetHints":{"allow":["GET"]}}],"collection":[{"href":"https:\/\/blogs.ua.es\/finalsociologia\/wp-json\/wp\/v2\/pages"}],"about":[{"href":"https:\/\/blogs.ua.es\/finalsociologia\/wp-json\/wp\/v2\/types\/page"}],"author":[{"embeddable":true,"href":"https:\/\/blogs.ua.es\/finalsociologia\/wp-json\/wp\/v2\/users\/4251"}],"replies":[{"embeddable":true,"href":"https:\/\/blogs.ua.es\/finalsociologia\/wp-json\/wp\/v2\/comments?post=65"}],"version-history":[{"count":17,"href":"https:\/\/blogs.ua.es\/finalsociologia\/wp-json\/wp\/v2\/pages\/65\/revisions"}],"predecessor-version":[{"id":89,"href":"https:\/\/blogs.ua.es\/finalsociologia\/wp-json\/wp\/v2\/pages\/65\/revisions\/89"}],"up":[{"embeddable":true,"href":"https:\/\/blogs.ua.es\/finalsociologia\/wp-json\/wp\/v2\/pages\/9"}],"wp:attachment":[{"href":"https:\/\/blogs.ua.es\/finalsociologia\/wp-json\/wp\/v2\/media?parent=65"}],"curies":[{"name":"wp","href":"https:\/\/api.w.org\/{rel}","templated":true}]}}