{"id":194,"date":"2012-01-18T18:31:02","date_gmt":"2012-01-18T18:31:02","guid":{"rendered":"https:\/\/blogs.ua.es\/fotografiadocumentalsocial\/?page_id=194"},"modified":"2012-01-18T18:31:02","modified_gmt":"2012-01-18T18:31:02","slug":"presentacion-del-blog","status":"publish","type":"page","link":"https:\/\/blogs.ua.es\/fotografiadocumentalsocial\/presentacion-del-blog\/","title":{"rendered":"Presentaci\u00f3n del blog."},"content":{"rendered":"<p>Este blog se dedica a la investigaci\u00f3n de diferentes apartados de la fotograf\u00eda documental social en Espa\u00f1a y la posterior publicaci\u00f3n de unos comentarios sobre los resultados de la investigaci\u00f3n mencionada anteriormente.<\/p>\n","protected":false},"excerpt":{"rendered":"<p>Este blog se dedica a la investigaci\u00f3n de diferentes apartados de la fotograf\u00eda documental social en Espa\u00f1a y la posterior publicaci\u00f3n de unos comentarios sobre los resultados de la investigaci\u00f3n mencionada anteriormente.<\/p>\n","protected":false},"author":2482,"featured_media":0,"parent":0,"menu_order":0,"comment_status":"open","ping_status":"open","template":"","meta":{"footnotes":""},"class_list":["post-194","page","type-page","status-publish","hentry"],"_links":{"self":[{"href":"https:\/\/blogs.ua.es\/fotografiadocumentalsocial\/wp-json\/wp\/v2\/pages\/194","targetHints":{"allow":["GET"]}}],"collection":[{"href":"https:\/\/blogs.ua.es\/fotografiadocumentalsocial\/wp-json\/wp\/v2\/pages"}],"about":[{"href":"https:\/\/blogs.ua.es\/fotografiadocumentalsocial\/wp-json\/wp\/v2\/types\/page"}],"author":[{"embeddable":true,"href":"https:\/\/blogs.ua.es\/fotografiadocumentalsocial\/wp-json\/wp\/v2\/users\/2482"}],"replies":[{"embeddable":true,"href":"https:\/\/blogs.ua.es\/fotografiadocumentalsocial\/wp-json\/wp\/v2\/comments?post=194"}],"version-history":[{"count":1,"href":"https:\/\/blogs.ua.es\/fotografiadocumentalsocial\/wp-json\/wp\/v2\/pages\/194\/revisions"}],"predecessor-version":[{"id":195,"href":"https:\/\/blogs.ua.es\/fotografiadocumentalsocial\/wp-json\/wp\/v2\/pages\/194\/revisions\/195"}],"wp:attachment":[{"href":"https:\/\/blogs.ua.es\/fotografiadocumentalsocial\/wp-json\/wp\/v2\/media?parent=194"}],"curies":[{"name":"wp","href":"https:\/\/api.w.org\/{rel}","templated":true}]}}