{"id":2,"date":"2009-12-05T15:46:46","date_gmt":"2009-12-05T14:46:46","guid":{"rendered":""},"modified":"2009-12-05T17:47:42","modified_gmt":"2009-12-05T16:47:42","slug":"informacion","status":"publish","type":"page","link":"https:\/\/blogs.ua.es\/friedrichludwiggottlobfrege\/informacion\/","title":{"rendered":"Informaci\u00f3n"},"content":{"rendered":"<p>Mi nombre es Francisco Garc\u00eda Lillo, soy PDI y alumno de 1er curso de la Licenciatura en Matem\u00e1ticas en la UA, y el contenido de este blogUA trata aspectos relacionados con la <strong>L\u00f3gica de Primer Orden.<\/strong><\/p>\n","protected":false},"excerpt":{"rendered":"<p>Mi nombre es Francisco Garc\u00eda Lillo, soy PDI y alumno de 1er curso de la Licenciatura en Matem\u00e1ticas en la UA, y el contenido de este blogUA trata aspectos relacionados con la L\u00f3gica de Primer Orden.<\/p>\n","protected":false},"author":1543,"featured_media":0,"parent":0,"menu_order":0,"comment_status":"open","ping_status":"open","template":"","meta":{"footnotes":""},"class_list":["post-2","page","type-page","status-publish","hentry"],"_links":{"self":[{"href":"https:\/\/blogs.ua.es\/friedrichludwiggottlobfrege\/wp-json\/wp\/v2\/pages\/2","targetHints":{"allow":["GET"]}}],"collection":[{"href":"https:\/\/blogs.ua.es\/friedrichludwiggottlobfrege\/wp-json\/wp\/v2\/pages"}],"about":[{"href":"https:\/\/blogs.ua.es\/friedrichludwiggottlobfrege\/wp-json\/wp\/v2\/types\/page"}],"author":[{"embeddable":true,"href":"https:\/\/blogs.ua.es\/friedrichludwiggottlobfrege\/wp-json\/wp\/v2\/users\/1543"}],"replies":[{"embeddable":true,"href":"https:\/\/blogs.ua.es\/friedrichludwiggottlobfrege\/wp-json\/wp\/v2\/comments?post=2"}],"version-history":[{"count":4,"href":"https:\/\/blogs.ua.es\/friedrichludwiggottlobfrege\/wp-json\/wp\/v2\/pages\/2\/revisions"}],"predecessor-version":[{"id":19,"href":"https:\/\/blogs.ua.es\/friedrichludwiggottlobfrege\/wp-json\/wp\/v2\/pages\/2\/revisions\/19"}],"wp:attachment":[{"href":"https:\/\/blogs.ua.es\/friedrichludwiggottlobfrege\/wp-json\/wp\/v2\/media?parent=2"}],"curies":[{"name":"wp","href":"https:\/\/api.w.org\/{rel}","templated":true}]}}