{"id":31,"date":"2009-12-06T10:15:05","date_gmt":"2009-12-06T09:15:05","guid":{"rendered":"https:\/\/blogs.ua.es\/friedrichludwiggottlobfrege\/?page_id=31"},"modified":"2009-12-06T10:15:05","modified_gmt":"2009-12-06T09:15:05","slug":"mi-profe-de-lpo","status":"publish","type":"page","link":"https:\/\/blogs.ua.es\/friedrichludwiggottlobfrege\/mi-profe-de-lpo\/","title":{"rendered":"Mi &#8220;profe&#8221; de LPO"},"content":{"rendered":"<p><img loading=\"lazy\" decoding=\"async\" class=\"alignnone size-full wp-image-34\" src=\"https:\/\/blogs.ua.es\/friedrichludwiggottlobfrege\/files\/2009\/12\/chus.jpg\" alt=\"M\u00aa Jes\u00fas Castell de Haro\" width=\"75\" height=\"100\" \/><\/p>\n<p>Esta es M\u00aa Jes\u00fas, la profesora de LPO.<\/p>\n<p>Es Profesora Titular de Universidad en el <a href=\"http:\/\/www.dccia.ua.es\/\" target=\"_blank\"><strong>Departamento de Ciencia de la Computaci\u00f3n e Inteligencia Artificial<\/strong><\/a> de la <a href=\"http:\/\/www.ua.es\" target=\"_blank\"><strong>UA<\/strong><\/a>.<\/p>\n<p>En el curso acad\u00e9mico 2009-2010 imparte tambi\u00e9n las materias de L\u00f3gica Computacional, Sistemas Inform\u00e1ticos, y AlgoritmosParalelos para Problemas No-Lineales.<\/p>\n","protected":false},"excerpt":{"rendered":"<p>Esta es M\u00aa Jes\u00fas, la profesora de LPO. Es Profesora Titular de Universidad en el Departamento de Ciencia de la Computaci\u00f3n e Inteligencia Artificial de la UA. En el curso acad\u00e9mico 2009-2010 imparte tambi\u00e9n las materias de L\u00f3gica Computacional, Sistemas Inform\u00e1ticos, y AlgoritmosParalelos para Problemas No-Lineales.<\/p>\n","protected":false},"author":1543,"featured_media":0,"parent":0,"menu_order":0,"comment_status":"open","ping_status":"open","template":"","meta":{"footnotes":""},"class_list":["post-31","page","type-page","status-publish","hentry"],"_links":{"self":[{"href":"https:\/\/blogs.ua.es\/friedrichludwiggottlobfrege\/wp-json\/wp\/v2\/pages\/31","targetHints":{"allow":["GET"]}}],"collection":[{"href":"https:\/\/blogs.ua.es\/friedrichludwiggottlobfrege\/wp-json\/wp\/v2\/pages"}],"about":[{"href":"https:\/\/blogs.ua.es\/friedrichludwiggottlobfrege\/wp-json\/wp\/v2\/types\/page"}],"author":[{"embeddable":true,"href":"https:\/\/blogs.ua.es\/friedrichludwiggottlobfrege\/wp-json\/wp\/v2\/users\/1543"}],"replies":[{"embeddable":true,"href":"https:\/\/blogs.ua.es\/friedrichludwiggottlobfrege\/wp-json\/wp\/v2\/comments?post=31"}],"version-history":[{"count":9,"href":"https:\/\/blogs.ua.es\/friedrichludwiggottlobfrege\/wp-json\/wp\/v2\/pages\/31\/revisions"}],"predecessor-version":[{"id":41,"href":"https:\/\/blogs.ua.es\/friedrichludwiggottlobfrege\/wp-json\/wp\/v2\/pages\/31\/revisions\/41"}],"wp:attachment":[{"href":"https:\/\/blogs.ua.es\/friedrichludwiggottlobfrege\/wp-json\/wp\/v2\/media?parent=31"}],"curies":[{"name":"wp","href":"https:\/\/api.w.org\/{rel}","templated":true}]}}