{"id":2,"date":"2008-11-04T18:09:18","date_gmt":"2008-11-04T17:09:18","guid":{"rendered":""},"modified":"2009-02-05T21:50:36","modified_gmt":"2009-02-05T20:50:36","slug":"historia","status":"publish","type":"page","link":"https:\/\/blogs.ua.es\/fsfua\/historia\/","title":{"rendered":"Informaci\u00f3n"},"content":{"rendered":"<p style=\"text-align: justify\">\n<h1 style=\"text-align: center\"><span style=\"text-decoration: underline\">INFORMACI\u00d3N<\/span><\/h1>\n<p style=\"text-align: justify\"><strong>TEMPORADA 2008\/09<\/strong><\/p>\n<ul style=\"text-align: justify\">\n<li>Competici\u00f3n Federada: Divisi\u00f3n de Plata, Grupo III<\/li>\n<li>Competici\u00f3n Universitaria: CADU<\/li>\n<\/ul>\n<p style=\"text-align: justify\"><strong>1\u00ba Entrenador: <\/strong>Fernando Salcedo<\/p>\n<p style=\"text-align: justify\"><strong>2\u00ba Entrenador: <\/strong>Mar\u00eda Molina<br \/>\nENTRENAMIENTOS:<\/p>\n<p style=\"text-align: justify\">Martes, mi\u00e9rcoles y viernes de 20:00hs a 21:30hs, Pabell\u00f3n Central, pista cubierta. Intalaciones deportivas de la Universidad de Alicante.<\/p>\n<p style=\"text-align: justify\">\n<h1 style=\"text-align: center\"><strong><span style=\"text-decoration: underline\">HISTORIA<\/span><\/strong><\/h1>\n<h1 style=\"text-align: center\"><a href=\"https:\/\/blogs.ua.es\/fsfua\/files\/2009\/01\/fotosfutsalafemuafed0809-004.jpg\"><img loading=\"lazy\" decoding=\"async\" class=\"aligncenter size-full wp-image-271\" src=\"https:\/\/blogs.ua.es\/fsfua\/files\/2009\/01\/fotosfutsalafemuafed0809-004.jpg\" alt=\"\" width=\"500\" height=\"375\" \/><\/a><\/h1>\n<p style=\"text-align: justify\">El equipo de F\u00fatbol Sala Femenino de la Universidad de Alicante es un equipo decano en las diferentes competiciones. Su andadura comenz\u00f3 en la temporada 98\/99 en la competici\u00f3n universitaria, donde directamente se consigui\u00f3 el 1\u00ba puesto de la zona de Levante, finalizando en la fase final en un meritorio octavo puesto.<\/p>\n<p style=\"text-align: justify\">La siguiente temporada, 99\/00, el equipo dio el salto a las ligas federadas y comenz\u00f3 la divisi\u00f3n de ligas en un mismo equipo: universitaria y federada. Durante esa temporada y las cinco siguientes el equipo consigui\u00f3 puestos de cabeza en la clasificaci\u00f3n tanto en la liga federada Auton\u00f3mica (quedando 3\u00ba las tres siguientes y 2\u00ba las dos \u00faltimas) como en la universitaria, en la que en la temporada 04\/05 volvi\u00f3 a<br \/>\nalcanzar la fase final del Campeonato de Espa\u00f1a Universitario.<\/p>\n<p style=\"text-align: justify\">La temporada 05\/06 trajo la primera medalla en este \u00faltimo apartado, ganada en la fase final llevada a cabo en Madrid, consiguiendo la medalla de Bronce, a la par que en la liga Auton\u00f3mica se alcanzaba el 3\u00ba puesto.<\/p>\n<p style=\"text-align: justify\">Un a\u00f1o m\u00e1s tarde el paso fue un poco m\u00e1s all\u00e1, logr\u00e1ndose en la fase final del Campeonato de Espa\u00f1a Universitario que se disput\u00f3 en Murcia, la medalla de Plata ante Madrid. A la par se consigui\u00f3 un cuarto puesto en la liga Auton\u00f3mica.<\/p>\n<p style=\"text-align: justify\"><strong>EL PROYECTO ACTUAL<\/strong><\/p>\n<p style=\"text-align: justify\"><strong> <\/strong>La temporada 07\/08 trajo un cambio en la parte t\u00e9cnica con la llegada del que actualmente sigue siendo el entrenador del equipo, Fernando Salcedo, quien junto con Cristina Avell\u00e1n llevaron a cabo la preparaci\u00f3n de lo que es el actual equipo. A pesar de ser un nuevo entrenador, las ganas de ir a m\u00e1s, de crear un bloque homog\u00e9neo dentro y fuera de la pista y de aprender llevaron al grupo de nuevo a la fase final del Campeonato de Espa\u00f1a Universitario celebrado en esa ocasi\u00f3n en M\u00e1laga, consiguiendo nuevamente la medalla de bronce. En la liga auton\u00f3mica, por su parte, se consigui\u00f3 un quinto puesto que no mostraba el verdadero potencial que este equipo atesora.<\/p>\n<p style=\"text-align: justify\"><strong>ESTA TEMPORADA<\/strong><\/p>\n<p style=\"text-align: justify\"><strong> <\/strong>La apuesta por el equipo, por parte de la Universidad de Alicante, y gracias a la lucha que tanto Fernando como Cristina tuvieron para apostar por el grupo llevaron a la recompensa de dar un gran salto en la secci\u00f3n Federada y comenzar la andadura de la nueva liga de Divisi\u00f3n de Plata, donde actualmente el equipo disputa cada fin de semana un partido de alto nivel, en los que el grupo demuestra que no s\u00f3lo sabe responder la apuesta que se ha hecho por ellas sino que dan el 100% para llevar al equipo lo m\u00e1s lejos posible, a la par que se mantiene el buen nivel de los \u00faltimos a\u00f1os en la liga Universitaria CADU.<\/p>\n<p style=\"text-align: justify\">********************************************************************************************************************<\/p>\n<p style=\"text-align: justify\"><span style=\"font-family: Helvetica,Arial,sans-serif\"><strong>Historia del equipo<\/strong><\/span><span style=\"font-family: arial,helvetica\"><span><br \/>\n<\/span><\/span><\/p>\n<table style=\"text-align: justify;width: 100%\" border=\"0\" cellspacing=\"2\" cellpadding=\"2\" bgcolor=\"#bdced6\">\n<tbody>\n<tr>\n<td valign=\"top\" bgcolor=\"#ffffff\"><span style=\"font-weight: bold;font-family: Helvetica,Arial,sans-serif\">Temporada 2007-08<br \/>\n<\/span><span style=\"font-family: Helvetica,Arial,sans-serif\"><span style=\"font-weight: bold\">Competicion Universitaria<\/span><br \/>\n3\u00ba Clasif. BRONCE Campeonato  de Espa\u00f1a Universitario, M\u00c1LAGA<br \/>\n<\/span><span style=\"font-weight: bold;font-family: Helvetica,Arial,sans-serif\">Competici\u00f3n Federada<br \/>\n<\/span><span style=\"font-family: Helvetica,Arial,sans-serif\">Competici\u00f3n Auton\u00f3mica Grupo Alicante (5\u00ba Puesto)<\/span><\/td>\n<\/tr>\n<tr>\n<td valign=\"top\" bgcolor=\"#ffffff\"><span style=\"font-weight: bold;font-family: Helvetica,Arial,sans-serif\">Temporada 2006-07<br \/>\n<\/span><span style=\"font-family: Helvetica,Arial,sans-serif\"><span style=\"font-weight: bold\">Competicion Universitaria<\/span><br \/>\n2\u00ba Clasif. PLATA Campeonato  de Espa\u00f1a Universitario, MURCIA<br \/>\n<\/span><span style=\"font-weight: bold;font-family: Helvetica,Arial,sans-serif\">Competici\u00f3n Federada<br \/>\n<\/span><span style=\"font-family: Helvetica,Arial,sans-serif\">Competici\u00f3n Auton\u00f3mica Grupo Alicante (4\u00ba Puesto)<\/span><\/td>\n<\/tr>\n<tr>\n<td style=\"vertical-align: top\" bgcolor=\"#f5f5f5\"><span style=\"font-weight: bold;font-family: Helvetica,Arial,sans-serif\">Temporada 2005-06<br \/>\n<\/span><span style=\"font-family: Helvetica,Arial,sans-serif\"><span style=\"font-weight: bold\">Competicion Universitaria<\/span><br \/>\n3\u00ba Clasif. BRONCE Campeonato  de Espa\u00f1a Universitario, Madrid<br \/>\n1\u00ba Clasif. Fase Interauton\u00f3mica Univesitaria,  Palmas  de Gran Canarias<br \/>\n1\u00ba Clasif. CAMPE\u00d3N Campeonato Auton\u00f3mico Universitario C.V. <\/span><span style=\"font-weight: bold;font-family: Helvetica,Arial,sans-serif\"><br \/>\nCompetici\u00f3n Federada<br \/>\n<\/span><span style=\"font-family: Helvetica,Arial,sans-serif\">Campeonas Copa Provincial de FSF Alicante<\/span><span style=\"font-weight: bold;font-family: Helvetica,Arial,sans-serif\"><br \/>\n<\/span><span style=\"font-family: Helvetica,Arial,sans-serif\">Competici\u00f3n Auton\u00f3mica Grupo Alicante (3\u00ba Puesto)<\/span><span style=\"font-weight: bold;font-family: Helvetica,Arial,sans-serif\"><br \/>\n<\/span><\/td>\n<\/tr>\n<tr>\n<td style=\"vertical-align: top\" bgcolor=\"#f5f5f5\"><span style=\"font-weight: bold;font-family: Helvetica,Arial,sans-serif\">Temporada 2004-05<br \/>\n<\/span><span style=\"font-family: Helvetica,Arial,sans-serif\"><span style=\"font-weight: bold\">Competicion Universitaria<\/span><br \/>\nCampeonato  de Espa\u00f1a Universitario, M\u00e1laga<br \/>\nFase Interauton\u00f3mica Universitaria, Santander<br \/>\nCampeonato Auton\u00f3mico Universitario C.V. (2\u00ba Puesto)<\/span><span style=\"font-weight: bold;font-family: Helvetica,Arial,sans-serif\"><br \/>\nCompetici\u00f3n Federada<br \/>\n<\/span><span style=\"font-family: Helvetica,Arial,sans-serif\">Competici\u00f3n Auton\u00f3mica Grupo Alicante (2\u00ba Puesto)<br \/>\nSubcampe\u00f3n de la Copa FSF Alicante.<\/span><span style=\"font-weight: bold;font-family: Helvetica,Arial,sans-serif\"><br \/>\n<\/span><\/td>\n<\/tr>\n<tr>\n<td style=\"vertical-align: top\" bgcolor=\"#f5f5f5\"><span style=\"font-weight: bold;font-family: Helvetica,Arial,sans-serif\">Temporada 2003-04<br \/>\n<\/span><span style=\"font-family: Helvetica,Arial,sans-serif\"><span style=\"font-weight: bold\"><span><span style=\"font-weight: bold\">Competicion Universitaria<\/span><br \/>\n<\/span><\/span><\/span><span style=\"font-family: Helvetica,Arial,sans-serif\">Campeonato Auton\u00f3mico Universitario C.V. (3\u00ba Puesto)<\/span><span style=\"font-family: Helvetica,Arial,sans-serif\"><span style=\"font-weight: bold\"><span style=\"font-weight: bold\"><br \/>\nCompetici\u00f3n Federada<br \/>\nSub-campe\u00f3n Copa Generalitat Futbol Sala Fem.<br \/>\n<\/span><\/span><\/span><span style=\"font-family: Helvetica,Arial,sans-serif\">Auton\u00f3mica Grupo Alicante (2\u00ba Puesto)<br \/>\nFase de Ascenso Auton\u00f3mica <\/span><span style=\"font-family: Helvetica,Arial,sans-serif\"><span style=\"font-weight: bold\"><span><br \/>\n<\/span><\/span><\/span><\/td>\n<\/tr>\n<tr>\n<td style=\"vertical-align: top\" bgcolor=\"#f5f5f5\"><span style=\"font-weight: bold;font-family: Helvetica,Arial,sans-serif\">Temporada 2002-03<br \/>\n<\/span><span style=\"font-family: Helvetica,Arial,sans-serif\"><span style=\"font-weight: bold\"><span style=\"font-weight: bold\"><span><span style=\"font-weight: bold\">Competicion Universitaria<\/span><br \/>\n<\/span><\/span><\/span><\/span><span style=\"font-family: Helvetica,Arial,sans-serif\">Campeonato Auton\u00f3mico Universitario C.V. (4\u00ba Puesto)<\/span><span style=\"font-family: Helvetica,Arial,sans-serif\"><span style=\"font-weight: bold\"><span style=\"font-weight: bold\"><span style=\"font-weight: bold\"><br \/>\nCompetici\u00f3n Federada<br \/>\n<\/span><\/span><\/span><\/span><span style=\"font-family: Helvetica,Arial,sans-serif\">Auton\u00f3mica Grupo Alicante (3\u00ba Puesto)<\/span><span style=\"font-weight: bold;font-family: Helvetica,Arial,sans-serif\"><br \/>\n<\/span><\/td>\n<\/tr>\n<tr>\n<td style=\"vertical-align: top\" bgcolor=\"#f5f5f5\"><span style=\"font-weight: bold;font-family: Helvetica,Arial,sans-serif\">Temporada 2001-02<br \/>\n<\/span><span style=\"font-family: Helvetica,Arial,sans-serif\"><span style=\"font-weight: bold\"><span style=\"font-weight: bold\"><span style=\"font-weight: bold\"><span><span style=\"font-weight: bold\">Competicion Universitaria<\/span><br \/>\n<\/span><\/span><\/span><\/span><\/span><span style=\"font-family: Helvetica,Arial,sans-serif\">Campeonato Auton\u00f3mico Universitario C.V. (4\u00ba Puesto)<\/span><span style=\"font-family: Helvetica,Arial,sans-serif\"><span style=\"font-weight: bold\"><span style=\"font-weight: bold\"><span style=\"font-weight: bold\"><span style=\"font-weight: bold\"><br \/>\nCompetici\u00f3n Federada<br \/>\n<\/span><\/span><\/span><\/span><\/span><span style=\"font-family: Helvetica,Arial,sans-serif\">Auton\u00f3mica Grupo Alicante (3\u00ba Puesto)<\/span><span style=\"font-family: Helvetica,Arial,sans-serif\"><span style=\"font-weight: bold\"><br \/>\n<\/span><\/span><\/td>\n<\/tr>\n<tr>\n<td style=\"vertical-align: top\" bgcolor=\"#f5f5f5\"><span style=\"font-weight: bold;font-family: Helvetica,Arial,sans-serif\">Temporada 2000-01<br \/>\n<\/span><span style=\"font-family: Helvetica,Arial,sans-serif\"><span style=\"font-weight: bold\"><span style=\"font-weight: bold\"><span style=\"font-weight: bold\"><span style=\"font-weight: bold\"><span><span style=\"font-weight: bold\">Competicion Universitaria<br \/>\n<\/span><\/span><\/span><\/span><\/span><\/span><\/span><span style=\"font-family: Helvetica,Arial,sans-serif\">Campeonato Zonal Grupo Levante (3\u00ba Puesto)<\/span><span style=\"font-family: Helvetica,Arial,sans-serif\"><span style=\"font-weight: bold\"><span style=\"font-weight: bold\"><span style=\"font-weight: bold\"><span style=\"font-weight: bold\"><span><span style=\"font-weight: bold\"><br \/>\n<\/span><\/span><\/span><\/span><\/span><\/span><span style=\"font-weight: bold\"><span style=\"font-weight: bold\"><span style=\"font-weight: bold\"><span style=\"font-weight: bold\"><span style=\"font-weight: bold\">Competici\u00f3n Federada<br \/>\n<\/span><\/span><\/span><\/span><\/span><\/span><span style=\"font-family: Helvetica,Arial,sans-serif\">Auton\u00f3mica Grupo Alicante (3\u00ba Puesto)<br \/>\n<\/span><\/td>\n<\/tr>\n<tr>\n<td style=\"vertical-align: top\" bgcolor=\"#f5f5f5\"><span style=\"font-weight: bold;font-family: Helvetica,Arial,sans-serif\">Temporada 1999-00<br \/>\n<\/span><span style=\"font-family: Helvetica,Arial,sans-serif\"><span style=\"font-weight: bold\"><span style=\"font-weight: bold\"><span style=\"font-weight: bold\"><span style=\"font-weight: bold\"><span style=\"font-weight: bold\"><span style=\"font-weight: bold\"><span style=\"font-weight: bold\"><span style=\"font-weight: bold\"><span style=\"font-weight: bold\"><span style=\"font-weight: bold\"><span style=\"font-weight: bold\"><span><span style=\"font-weight: bold\">Competicion Universitaria<\/span><br \/>\n<\/span><\/span><\/span><\/span><\/span><\/span><\/span><\/span><\/span><\/span><\/span><\/span><\/span><span style=\"font-family: Helvetica,Arial,sans-serif\">Campeonato Zonal Grupo Levante (2\u00ba Puesto)<br \/>\n2\u00ba Fase  Liga Zonal <\/span><span style=\"font-family: Helvetica,Arial,sans-serif\"><span style=\"font-weight: bold\"><span style=\"font-weight: bold\"><span style=\"font-weight: bold\"><span style=\"font-weight: bold\"><span style=\"font-weight: bold\"><span style=\"font-weight: bold\"><span><br \/>\n<\/span><span style=\"font-weight: bold\"><span style=\"font-weight: bold\"><span style=\"font-weight: bold\"><span style=\"font-weight: bold\"><span style=\"font-weight: bold\"><span style=\"font-weight: bold\">Competici\u00f3n Federada<br \/>\n<\/span><\/span><\/span><\/span><\/span><\/span><\/span><\/span><\/span><\/span><\/span><\/span><\/span><span style=\"font-family: Helvetica,Arial,sans-serif\"> <\/span><span style=\"font-family: Helvetica,Arial,sans-serif\">Liga Provincial <\/span><span style=\"font-family: Helvetica,Arial,sans-serif\">(3\u00ba Puesto)<\/span><span style=\"font-family: Helvetica,Arial,sans-serif\"><br \/>\n<\/span><span style=\"font-family: Helvetica,Arial,sans-serif\">&#8220;1\u00aa  Participaci\u00f3n en competic\u00f3n Federada&#8221;<\/span><span style=\"font-family: Helvetica,Arial,sans-serif\"><span style=\"font-weight: bold\"><br \/>\n<\/span><\/span><\/td>\n<\/tr>\n<tr>\n<td style=\"vertical-align: top\" bgcolor=\"#f5f5f5\"><span style=\"font-weight: bold;font-family: Helvetica,Arial,sans-serif\">Temporada 1998-99<br \/>\n<\/span><span style=\"font-family: Helvetica,Arial,sans-serif\"><span style=\"font-weight: bold\"><span style=\"font-weight: bold\"><span style=\"font-weight: bold\"><span style=\"font-weight: bold\"><span style=\"font-weight: bold\"><span><span style=\"font-weight: bold\">Competicion Universitaria<br \/>\n<\/span><\/span><\/span><\/span><\/span><\/span><\/span><\/span><span style=\"font-family: Helvetica,Arial,sans-serif\">Campeonato de Espa\u00f1a Universitario (8\u00ba Puesto)<\/span><span style=\"font-family: Helvetica,Arial,sans-serif\"><span style=\"font-weight: bold\"><span style=\"font-weight: bold\"><span style=\"font-weight: bold\"><span style=\"font-weight: bold\"><span style=\"font-weight: bold\"><span><span style=\"font-weight: bold\"><br \/>\n<\/span><\/span><\/span><\/span><\/span><\/span><\/span><\/span><span style=\"font-family: Helvetica,Arial,sans-serif\">Campeonato Zonal Grupo Levante (1\u00ba Puesto)<\/span><\/td>\n<\/tr>\n<\/tbody>\n<\/table>\n","protected":false},"excerpt":{"rendered":"<p>INFORMACI\u00d3N TEMPORADA 2008\/09 Competici\u00f3n Federada: Divisi\u00f3n de Plata, Grupo III Competici\u00f3n Universitaria: CADU 1\u00ba Entrenador: Fernando Salcedo 2\u00ba Entrenador: Mar\u00eda Molina ENTRENAMIENTOS: Martes, mi\u00e9rcoles y viernes de 20:00hs a 21:30hs, Pabell\u00f3n Central, pista cubierta. Intalaciones deportivas de la Universidad de Alicante. HISTORIA El equipo de F\u00fatbol Sala Femenino de la Universidad de Alicante es un [&hellip;]<\/p>\n","protected":false},"author":1023,"featured_media":0,"parent":0,"menu_order":1,"comment_status":"open","ping_status":"open","template":"","meta":{"footnotes":""},"class_list":["post-2","page","type-page","status-publish","hentry"],"_links":{"self":[{"href":"https:\/\/blogs.ua.es\/fsfua\/wp-json\/wp\/v2\/pages\/2","targetHints":{"allow":["GET"]}}],"collection":[{"href":"https:\/\/blogs.ua.es\/fsfua\/wp-json\/wp\/v2\/pages"}],"about":[{"href":"https:\/\/blogs.ua.es\/fsfua\/wp-json\/wp\/v2\/types\/page"}],"author":[{"embeddable":true,"href":"https:\/\/blogs.ua.es\/fsfua\/wp-json\/wp\/v2\/users\/1023"}],"replies":[{"embeddable":true,"href":"https:\/\/blogs.ua.es\/fsfua\/wp-json\/wp\/v2\/comments?post=2"}],"version-history":[{"count":10,"href":"https:\/\/blogs.ua.es\/fsfua\/wp-json\/wp\/v2\/pages\/2\/revisions"}],"predecessor-version":[{"id":357,"href":"https:\/\/blogs.ua.es\/fsfua\/wp-json\/wp\/v2\/pages\/2\/revisions\/357"}],"wp:attachment":[{"href":"https:\/\/blogs.ua.es\/fsfua\/wp-json\/wp\/v2\/media?parent=2"}],"curies":[{"name":"wp","href":"https:\/\/api.w.org\/{rel}","templated":true}]}}