{"id":74,"date":"2008-11-19T13:12:33","date_gmt":"2008-11-19T12:12:33","guid":{"rendered":"https:\/\/blogs.ua.es\/fsfua\/?page_id=74"},"modified":"2008-11-20T21:30:37","modified_gmt":"2008-11-20T20:30:37","slug":"colabora-con-la-ua","status":"publish","type":"page","link":"https:\/\/blogs.ua.es\/fsfua\/colabora-con-la-ua\/","title":{"rendered":"Colabora con la UA"},"content":{"rendered":"<p style=\"text-align: center\"><a href=\"https:\/\/blogs.ua.es\/fsfua\/files\/2008\/11\/dibujo1.jpg\"><img loading=\"lazy\" decoding=\"async\" class=\"aligncenter size-full wp-image-77\" src=\"https:\/\/blogs.ua.es\/fsfua\/files\/2008\/11\/dibujo1.jpg\" alt=\"\" width=\"463\" height=\"318\" \/><\/a><\/p>\n<p style=\"text-align: center\">\u00a0<\/p>\n<p style=\"text-align: center\"><!--[if gte mso 9]&gt;  Normal 0   21   false false false  ES X-NONE X-NONE              MicrosoftInternetExplorer4              &lt;![endif]--><!--[if gte mso 9]&gt;                                                                                                                                            &lt;![endif]--><\/p>\n<p class=\"MsoNormal\" style=\"text-align: center\" align=\"center\"><strong><span style=\"font-family: &quot;Comic Sans MS&amp;quot&amp;quot&amp;quot&amp;quot&amp;quot\">\u00bf QUIERES COLABORAR CON LA UA ?<\/span><\/strong><\/p>\n<p class=\"MsoNormal\" style=\"text-align: center\" align=\"center\"><strong><span style=\"font-family: &quot;Comic Sans MS&amp;quot&amp;quot&amp;quot&amp;quot&amp;quot\">\u00a1 HAZTE SOCIO COLABORADOR !<\/span><\/strong><\/p>\n<p class=\"MsoNormal\" style=\"text-align: center\" align=\"center\"><span style=\"font-family: &quot;Arial&quot;,&quot;sans-serif&amp;quot&amp;quot&amp;quot&amp;quot&amp;quot\"> <\/span><\/p>\n<p class=\"MsoNormal\" style=\"text-align: center\" align=\"center\"><span style=\"font-family: &quot;Arial&quot;,&quot;sans-serif&amp;quot&amp;quot&amp;quot&amp;quot&amp;quot\">Colabora con el equipo de F\u00fatbol Sala Femenino de la UA y consigue descuentos en una de las tiendas de deporte con m\u00e1s sedes de la provincia. <\/span><\/p>\n<p class=\"MsoNormal\" style=\"text-align: center\" align=\"center\"><span style=\"font-size: 9pt;font-family: &quot;Arial&quot;,&quot;sans-serif&amp;quot&amp;quot&amp;quot&amp;quot&amp;quot\">Esta temporada las chicas de la UA se enfrentan a un a\u00f1o repleto de partidos de Alta Competici\u00f3n y tu apoyo ser\u00e1 m\u00e1s necesario que nunca. Echarnos una mano es muy sencillo: \u00a1VEN A ANIMARNOS! <\/span><\/p>\n<p class=\"MsoNormal\" style=\"text-align: center\" align=\"center\"><span style=\"font-size: 9pt;font-family: &quot;Arial&quot;,&quot;sans-serif&amp;quot&amp;quot&amp;quot&amp;quot&amp;quot\">Tambi\u00e9n tienes la oportunidad de hacerte con el Carnet Colaborador del equipo y conseguir descuentos en todas las tiendas Sport Tono Deportes. Con s\u00f3lo 6 euros nos ayudas a afrontar la temporada y consigues un 5% de descuento en todos los art\u00edculos* de las tiendas Sport Tono (10% si la compra supera los 40\u20ac). <\/span><span style=\"font-size: 6pt;font-family: &quot;Arial&quot;,&quot;sans-serif&amp;quot&amp;quot&amp;quot&amp;quot&amp;quot\">* art\u00edculos NO rebajados previamente<\/span><\/p>\n<p class=\"MsoNormal\" style=\"text-align: center\" align=\"center\"><span style=\"font-size: 9pt;font-family: &quot;Arial&quot;,&quot;sans-serif&amp;quot&amp;quot&amp;quot&amp;quot&amp;quot\"> <\/span><\/p>\n<p class=\"MsoNormal\" style=\"text-align: center\" align=\"center\"><span style=\"font-size: 9pt;font-family: &quot;Arial&quot;,&quot;sans-serif&amp;quot&amp;quot&amp;quot&amp;quot&amp;quot\">Si deseas hacerte con el carnet colaborador, ponte en contacto por e-mail a esta direcci\u00f3n (administraci\u00f3n del blog):<\/span><\/p>\n<p class=\"MsoNormal\" style=\"text-align: center\" align=\"center\"><span style=\"font-size: 9pt;font-family: &quot;Arial&quot;,&quot;sans-serif&amp;quot&amp;quot&amp;quot&amp;quot&amp;quot\"><a href=\"mailto:Isc22@alu.ua.es\">Isc22@alu.ua.es<\/a><\/span><\/p>\n<p class=\"MsoNormal\" style=\"text-align: center\" align=\"center\">\u00a0<\/p>\n<p class=\"MsoNormal\" style=\"text-align: center\" align=\"center\"><a href=\"https:\/\/blogs.ua.es\/fsfua\/files\/2008\/11\/sport_tono.jpg\"><img loading=\"lazy\" decoding=\"async\" class=\"aligncenter size-full wp-image-78\" src=\"https:\/\/blogs.ua.es\/fsfua\/files\/2008\/11\/sport_tono.jpg\" alt=\"\" width=\"350\" height=\"131\" \/><\/a><\/p>\n<p class=\"MsoNormal\" style=\"text-align: center\" align=\"center\">\u00a0<\/p>\n<p class=\"MsoNormal\" style=\"text-align: center\" align=\"center\"><!--[if gte mso 9]&gt;  Normal 0   21   false false false  ES X-NONE X-NONE              MicrosoftInternetExplorer4              &lt;![endif]--><!--[if gte mso 9]&gt;                                                                                                                                            &lt;![endif]--><\/p>\n<p class=\"MsoNormal\" style=\"text-align: center\" align=\"center\"><strong><span style=\"font-size: 9pt;font-family: &quot;Arial&quot;,&quot;sans-serif&amp;quot&amp;quot\">CASTALLA =&gt; <\/span><\/strong><span style=\"font-size: 9pt;font-family: &quot;Arial&quot;,&quot;sans-serif&amp;quot&amp;quot\">c\/ Convento 21<\/span><\/p>\n<p class=\"MsoNormal\" style=\"text-align: center\" align=\"center\"><strong><span style=\"font-size: 9pt;font-family: &quot;Arial&quot;,&quot;sans-serif&amp;quot&amp;quot\">YECLA =&gt;<\/span><\/strong><span style=\"font-size: 9pt;font-family: &quot;Arial&quot;,&quot;sans-serif&amp;quot&amp;quot\"> c\/ Hospital 21<\/span><\/p>\n<p class=\"MsoNormal\" style=\"text-align: center\" align=\"center\"><strong><span style=\"font-size: 9pt;font-family: &quot;Arial&quot;,&quot;sans-serif&amp;quot&amp;quot\">ELDA =&gt;<\/span><\/strong><span style=\"font-size: 9pt;font-family: &quot;Arial&quot;,&quot;sans-serif&amp;quot&amp;quot\"> c\/ Pi y Margal 32 ; c\/ Padre Manj\u00f3n 15\/17<\/span><\/p>\n<p class=\"MsoNormal\" style=\"text-align: center\" align=\"center\"><strong><span style=\"font-size: 9pt;font-family: &quot;Arial&quot;,&quot;sans-serif&amp;quot&amp;quot\">PETREL =&gt;<\/span><\/strong><span style=\"font-size: 9pt;font-family: &quot;Arial&quot;,&quot;sans-serif&amp;quot&amp;quot\"> Avda. Madrid 8 ; C.C. Combassa<\/span><\/p>\n<p class=\"MsoNormal\" style=\"text-align: center\" align=\"center\"><strong><span style=\"font-size: 9pt;font-family: &quot;Arial&quot;,&quot;sans-serif&amp;quot&amp;quot\">ALMANSA =&gt;<\/span><\/strong><span style=\"font-size: 9pt;font-family: &quot;Arial&quot;,&quot;sans-serif&amp;quot&amp;quot\"> c\/ A.Coloma 53<\/span><\/p>\n<p class=\"MsoNormal\" style=\"text-align: center\" align=\"center\"><strong><span style=\"font-size: 9pt;font-family: &quot;Arial&quot;,&quot;sans-serif&amp;quot&amp;quot\">ALICANTE =&gt;<\/span><\/strong><span style=\"font-size: 9pt;font-family: &quot;Arial&quot;,&quot;sans-serif&amp;quot&amp;quot\"> c\/ Concejal Lorenzo Llaneras ; Avda. Costa Blanca 21<\/span><\/p>\n<p class=\"MsoNormal\" style=\"text-align: center\" align=\"center\"><strong><span style=\"font-size: 9pt;font-family: &quot;Arial&quot;,&quot;sans-serif&amp;quot&amp;quot\">MONOVAR =&gt;<\/span><\/strong><span style=\"font-size: 9pt;font-family: &quot;Arial&quot;,&quot;sans-serif&amp;quot&amp;quot\"> c\/ Doctor Fleming 167<\/span><\/p>\n<p class=\"MsoNormal\" style=\"text-align: center\" align=\"center\"><strong><span style=\"font-size: 9pt;font-family: &quot;Arial&quot;,&quot;sans-serif&amp;quot&amp;quot\">PLAYA SAN JUAN =&gt;<\/span><\/strong><span style=\"font-size: 9pt;font-family: &quot;Arial&quot;,&quot;sans-serif&amp;quot&amp;quot\"> C.C. Fontana<\/span><\/p>\n<p class=\"MsoNormal\" style=\"text-align: center\" align=\"center\"><strong><span style=\"font-size: 9pt;font-family: &quot;Arial&quot;,&quot;sans-serif&amp;quot&amp;quot\">PINOSO =&gt;<\/span><\/strong><span style=\"font-size: 9pt;font-family: &quot;Arial&quot;,&quot;sans-serif&amp;quot&amp;quot\"> c\/ Canalejas 11<\/span><\/p>\n<p class=\"MsoNormal\" style=\"text-align: center\" align=\"center\"><strong><span style=\"font-size: 9pt;font-family: &quot;Arial&quot;,&quot;sans-serif&amp;quot&amp;quot\">ASPE =&gt;<\/span><\/strong><span style=\"font-size: 9pt;font-family: &quot;Arial&quot;,&quot;sans-serif&amp;quot&amp;quot\"> c\/ San Jos\u00e9<\/span><\/p>\n<p class=\"MsoNormal\" style=\"text-align: center\" align=\"center\">\u00a0<\/p>\n<p class=\"MsoNormal\" style=\"text-align: center\" align=\"center\"><!--[if gte mso 9]&gt;  Normal 0   21   false false false  ES X-NONE X-NONE              MicrosoftInternetExplorer4              &lt;![endif]--><!--[if gte mso 9]&gt;                                                     &lt;w:LsdException Locked=\"false\" Priority=\"30\" SemiHidden=\"false\"    UnhideWhenUsed=\"false\" QFormat=\"true\" Name=\"Inte--><\/p>\n","protected":false},"excerpt":{"rendered":"<p>\u00a0 \u00bf QUIERES COLABORAR CON LA UA ? \u00a1 HAZTE SOCIO COLABORADOR ! Colabora con el equipo de F\u00fatbol Sala Femenino de la UA y consigue descuentos en una de las tiendas de deporte con m\u00e1s sedes de la provincia. Esta temporada las chicas de la UA se enfrentan a un a\u00f1o repleto de partidos [&hellip;]<\/p>\n","protected":false},"author":1023,"featured_media":0,"parent":0,"menu_order":7,"comment_status":"closed","ping_status":"closed","template":"","meta":{"footnotes":""},"class_list":["post-74","page","type-page","status-publish","hentry"],"_links":{"self":[{"href":"https:\/\/blogs.ua.es\/fsfua\/wp-json\/wp\/v2\/pages\/74","targetHints":{"allow":["GET"]}}],"collection":[{"href":"https:\/\/blogs.ua.es\/fsfua\/wp-json\/wp\/v2\/pages"}],"about":[{"href":"https:\/\/blogs.ua.es\/fsfua\/wp-json\/wp\/v2\/types\/page"}],"author":[{"embeddable":true,"href":"https:\/\/blogs.ua.es\/fsfua\/wp-json\/wp\/v2\/users\/1023"}],"replies":[{"embeddable":true,"href":"https:\/\/blogs.ua.es\/fsfua\/wp-json\/wp\/v2\/comments?post=74"}],"version-history":[{"count":6,"href":"https:\/\/blogs.ua.es\/fsfua\/wp-json\/wp\/v2\/pages\/74\/revisions"}],"predecessor-version":[{"id":130,"href":"https:\/\/blogs.ua.es\/fsfua\/wp-json\/wp\/v2\/pages\/74\/revisions\/130"}],"wp:attachment":[{"href":"https:\/\/blogs.ua.es\/fsfua\/wp-json\/wp\/v2\/media?parent=74"}],"curies":[{"name":"wp","href":"https:\/\/api.w.org\/{rel}","templated":true}]}}