{"id":26,"date":"2012-12-20T13:44:56","date_gmt":"2012-12-20T13:44:56","guid":{"rendered":"https:\/\/blogs.ua.es\/gastoncastello\/?page_id=26"},"modified":"2013-01-26T10:56:47","modified_gmt":"2013-01-26T10:56:47","slug":"metodologia","status":"publish","type":"page","link":"https:\/\/blogs.ua.es\/gastoncastello\/metodologia\/","title":{"rendered":"Metodolog\u00eda"},"content":{"rendered":"<p>La metodolog\u00eda seguida para la realizaci\u00f3n de este blog ha sido la b\u00fasqueda con recursos electr\u00f3nicos y en las salas de consulta del Archivo Municipal del Ayuntamiento de Alicante situado en la C\/ Labradores n\u00ba 9. (<a href=\"http:\/\/www.alicante.es\/archivo\/home.html\">enlace p\u00e1gina web del archivo<\/a>)<\/p>\n","protected":false},"excerpt":{"rendered":"<p>La metodolog\u00eda seguida para la realizaci\u00f3n de este blog ha sido la b\u00fasqueda con recursos electr\u00f3nicos y en las salas de consulta del Archivo Municipal del Ayuntamiento de Alicante situado en la C\/ Labradores n\u00ba 9. (enlace p\u00e1gina web del archivo)<\/p>\n","protected":false},"author":2931,"featured_media":0,"parent":0,"menu_order":0,"comment_status":"open","ping_status":"open","template":"","meta":{"footnotes":""},"class_list":["post-26","page","type-page","status-publish","hentry"],"_links":{"self":[{"href":"https:\/\/blogs.ua.es\/gastoncastello\/wp-json\/wp\/v2\/pages\/26","targetHints":{"allow":["GET"]}}],"collection":[{"href":"https:\/\/blogs.ua.es\/gastoncastello\/wp-json\/wp\/v2\/pages"}],"about":[{"href":"https:\/\/blogs.ua.es\/gastoncastello\/wp-json\/wp\/v2\/types\/page"}],"author":[{"embeddable":true,"href":"https:\/\/blogs.ua.es\/gastoncastello\/wp-json\/wp\/v2\/users\/2931"}],"replies":[{"embeddable":true,"href":"https:\/\/blogs.ua.es\/gastoncastello\/wp-json\/wp\/v2\/comments?post=26"}],"version-history":[{"count":4,"href":"https:\/\/blogs.ua.es\/gastoncastello\/wp-json\/wp\/v2\/pages\/26\/revisions"}],"predecessor-version":[{"id":223,"href":"https:\/\/blogs.ua.es\/gastoncastello\/wp-json\/wp\/v2\/pages\/26\/revisions\/223"}],"wp:attachment":[{"href":"https:\/\/blogs.ua.es\/gastoncastello\/wp-json\/wp\/v2\/media?parent=26"}],"curies":[{"name":"wp","href":"https:\/\/api.w.org\/{rel}","templated":true}]}}