{"id":10,"date":"2014-04-05T16:58:03","date_gmt":"2014-04-05T16:58:03","guid":{"rendered":"https:\/\/blogs.ua.es\/gcvillajoyosa\/?page_id=10"},"modified":"2014-05-30T14:34:28","modified_gmt":"2014-05-30T14:34:28","slug":"historia","status":"publish","type":"page","link":"https:\/\/blogs.ua.es\/gcvillajoyosa\/historia\/","title":{"rendered":"2 &#8211; Historia"},"content":{"rendered":"<p style=\"text-align: justify\"><b>Villajoyosa, capital hist\u00f3rica de un espacio geogr\u00e1fico: la comarca de la Marina Baja.<\/b><\/p>\n<p style=\"text-align: justify\"><b><\/b>El municipio de Villajoyosa se encuentra en lo que hoy es la provincia de Alicante (Comunidad Valenciana, Espa\u00f1a) al sur de la Marina Baixa. Se trata de un territorio costero aislado de su entorno por las sierras que lo encierran. El clima, marcado por dicha orograf\u00eda, es excepcional, el aislamiento por tierra no ha sido un obst\u00e1culo para el desarrollo de las poblaciones que hist\u00f3ricamente se han sucedido en Villajoyosa, puesto que el Mediterr\u00e1neo da una magnifica v\u00eda de comunicaci\u00f3n que las ha dotado siempre de una clara vocaci\u00f3n marinera.<\/p>\n<p style=\"text-align: justify\">Entre las actividades econ\u00f3micas \u00a0tradicionales de Villajoyosa, se encuentra las f\u00e1bricas de chocolate y la pesca. \u00a0En la actualidad, tras la llegada de la electricidad , el auge de la pesca,\u00a0 la construcci\u00f3n del puerto en los a\u00f1os veinte y treinta, del Hospital comarcal y del palacio de justicia; as\u00ed como el desarrollo del turismo y otros factores, ha logrado establecer una econom\u00eda prospera.<\/p>\n<p style=\"text-align: justify\">Cabe destacar\u00a0 la importancia de sus fiestas patronales, en honor a Santa Marta, que consisten en la recreaci\u00f3n del ataque pirata, en las llamadas fiestas de \u201cMoros y Cristianos\u201d<\/p>\n<p style=\"text-align: justify\"><b>Apuntes hist\u00f3ricos de Villajoyosa:<\/b><\/p>\n<p style=\"text-align: justify\">Si bien de la ciudad Ib\u00e9rica se conoce poco,de las dos necr\u00f3polis, \u00a0con cronolog\u00edas entre los siglos IV \u00a0y hasta al\u00a0 menos los ss. IV-V d. C., \u00a0se conocen mejor.\u00a0 \u00a0En \u00e9poca romana, \u201cla Vila\u201d alcanzo la categor\u00eda de <i>municipium <\/i>hacia el 74 d. D bajo el emperador Vespasiano,\u00a0 de este periodo se conservan importantes restos arqueol\u00f3gicos, como termas,\u00a0 y la torre funeraria de Sant Josep. La fundaci\u00f3n de la Vila Joiosa, \u00a0a pesar de que no se tienen datos sobre ella hasta 1300, sabemos de su existencia, gracias a las poblaciones del entorno, es una villa de creaci\u00f3n <i>ex novo, \u00a0<\/i>creada por el capit\u00e1n general de la escuadra de la Corona de Arag\u00f3n, Bernat de Sarri\u00e1, noble al servicio del rey Jaume II el Justo, en momentos de expansi\u00f3n territorial de los reinos cristianos de Castilla y de Arag\u00f3n por tierras alicantinas y murcianas.<\/p>\n<p style=\"text-align: justify\"><strong>Villajoyosa en la Guerra Civil.<\/strong><\/p>\n<p style=\"text-align: justify\">\u00a0Ya el mismo d\u00eda del levantamiento en Melilla (18 de Julio de 1936) lleg\u00f3 la noticia a Villajoyosa a trav\u00e9s de un maestro que estuvo all\u00ed destinado y se convoc\u00f3 una reuni\u00f3n extraordinaria del Pleno municipal para informar a los concejales de lo sucedido y aprobar, por unanimidad, la fidelidad a la Rep\u00fablica. Ese mismo d\u00eda se cede el gobierno de la ciudad, provisionalmente, al Comit\u00e9 Popular de Alianza Antifascista. En estos d\u00edas se comienzan a producir la\u00a0huida\u00a0de cargos y dem\u00e1s gente sospechosa de adhesi\u00f3n al movimiento fascista y se declara una huelga general en la poblaci\u00f3n. Asimismo se movilizan a Alicante a los Carabineros y la Guardia Civil quedando la poblaci\u00f3n en manos de los milicianos. Con esta situaci\u00f3n de peque\u00f1o descontrol creada se produce un\u00a0intento\u00a0de quemar la iglesia de la Asunci\u00f3n, pero fue evitado.<\/p>\n<p style=\"text-align: justify\">La Comisi\u00f3n Popular, controlada por la CNT-FAI, comienza muy pronto con los interrogatorios y las requisas de veh\u00edculos a motor. Adem\u00e1s comienzan a &#8220;pedir&#8221; dinero a las clases pudientes para hacer frente a los gastos derivados del conflicto.Asimismo se incautaron las fincas agrarias de grandes propietarios, ya que, o hab\u00edan huido o directamente eran considerados sospechosos de fascistas y se colectivizaron los terrenos. Igualmente se colectivizaron las dos industrias fuertes del municipio: la industria pesquera, y sus\u00a0industrias\u00a0auxiliares, y la industria chocolatera. Estas industrias colectivizadas tuvieron un m\u00e1s que excelente funcionamiento, que lleg\u00f3 al punto de donar grandes cantidades de dinero al Ayuntamiento para mejorar la \u00a0situaci\u00f3n econ\u00f3mica del municipio.<\/p>\n<p style=\"text-align: justify\">A mediados de \u00a0Agosto de 1936 se legitima el Comit\u00e9 Popular de Alianza Antifascista y todas sus acciones realizadas hasta la fecha y se faculta a la misma Comisi\u00f3n para que asuma las funciones del Ayuntamiento. A partir de este momento y hasta el 20 de Mayo de 1938, han desaparecido las hojas de las actas del pleno, conserv\u00e1ndose solo las tapas. Es en estos momentos cuando comienzan a salir voluntarios de la ciudad hacia el frente de Teruel, los seguidores de la CNT, y hacia Guadalajara los socialistas y comunistas.<\/p>\n<p style=\"text-align: justify\">Septiembre de 1936 es llamado localmente Septiembre Negro, ya que se producen los primeros asesinatos de presos susceptibles de ser adeptos al movimiento nacionalista. Este hecho produjo horror en la poblaci\u00f3n local que pidi\u00f3 al Ayuntamiento que tomara medidas frente a este hecho. Como curiosidad en Septiembre de 1936, y ante la escasez de dinero en met\u00e1lico, se acu\u00f1o moneda de manera local, y por tanto solo ten\u00eda validez en el municipio, durante unos meses.<\/p>\n<p style=\"text-align: justify\">Finalizando el a\u00f1o y seg\u00fan van avanzando las tropas franquistas por el centro de la Pen\u00ednsula comienza la evacuaci\u00f3n de la poblaci\u00f3n de la capital de Espa\u00f1a, llegando a la Vila numerosos ni\u00f1os. De igual manera se trasladaron colegios y orfanatos enteros a la ciudad. Es\u00a0tambi\u00e9n\u00a0en este momento cuando se decide fortificar la costa de Villajoyosa comprendida entre la Playa de los Estudiantes y el r\u00edo Torres en previsi\u00f3n de un posible desembarco.<\/p>\n<p style=\"text-align: justify\">En el a\u00f1o 1937 cae la CNT-FAI en Villajoyosa en un esc\u00e1ndalo, la haber escondido armas en contra de las \u00f3rdenes del Gobernador Civil de la provincia, lo que produce que los socialistas y comunistas se hagan con el control de la pol\u00edtica de la ciudad.<\/p>\n<p style=\"text-align: justify\">En el verano de 1938 se sucedieron los primeros bombardeos de la ciudad siendo poco efectivos por la imprecisi\u00f3n de las bombas y su escaso n\u00famero. Se centraron en la zona del puerto sobre todo y se saldaron con dos muertos.<\/p>\n<p style=\"text-align: justify\">En Enero del 39 se declara el Estado de Guerra por el gobierno republicano y el Ej\u00e9rcito toma el control de la ciudad. Ya en Marzo se suceden las huidas al exilio de los representantes y otros habitantes de Villajoyosa. El 29 de Marzo de 1939 cae la ciudad en manos de las tropas franquistas y legionarias italianas.<\/p>\n<p style=\"text-align: justify\">AYUNTAMIENTO DE VILLAJOYOSA. <i>Nuestra historia<\/i>. En: <i>Ajuntament de la Vila Joiosa <\/i>[en l\u00ednea]. 2010 [Consulta\u00a0 5 de Abril de 2014, 21:35 hs] Disponible en: <a href=\"http:\/\/www.villajoyosa.com\/historica\/\" target=\"_blank\">http:\/\/www.villajoyosa.com\/historica\/<\/a><\/p>\n<p style=\"text-align: justify\">SOLER SORIANO, JAUME.\u00a0<em>Des del cant\u00f3 d&#8217; el mercantil II.<\/em>\u00a0Villajoyosa: Jaume Soler Soriano, 2001. ISBN: 84-607-2101-0<\/p>\n<p>&nbsp;<\/p>\n<p>&nbsp;<\/p>\n","protected":false},"excerpt":{"rendered":"<p>Villajoyosa, capital hist\u00f3rica de un espacio geogr\u00e1fico: la comarca de la Marina Baja. El municipio de Villajoyosa se encuentra en lo que hoy es la provincia de Alicante (Comunidad Valenciana, Espa\u00f1a) al sur de la Marina Baixa. Se trata de un territorio costero aislado de su entorno por las sierras que lo encierran. El clima, [&hellip;]<\/p>\n","protected":false},"author":3011,"featured_media":0,"parent":0,"menu_order":0,"comment_status":"open","ping_status":"open","template":"","meta":{"footnotes":""},"class_list":["post-10","page","type-page","status-publish","hentry"],"_links":{"self":[{"href":"https:\/\/blogs.ua.es\/gcvillajoyosa\/wp-json\/wp\/v2\/pages\/10","targetHints":{"allow":["GET"]}}],"collection":[{"href":"https:\/\/blogs.ua.es\/gcvillajoyosa\/wp-json\/wp\/v2\/pages"}],"about":[{"href":"https:\/\/blogs.ua.es\/gcvillajoyosa\/wp-json\/wp\/v2\/types\/page"}],"author":[{"embeddable":true,"href":"https:\/\/blogs.ua.es\/gcvillajoyosa\/wp-json\/wp\/v2\/users\/3011"}],"replies":[{"embeddable":true,"href":"https:\/\/blogs.ua.es\/gcvillajoyosa\/wp-json\/wp\/v2\/comments?post=10"}],"version-history":[{"count":13,"href":"https:\/\/blogs.ua.es\/gcvillajoyosa\/wp-json\/wp\/v2\/pages\/10\/revisions"}],"predecessor-version":[{"id":340,"href":"https:\/\/blogs.ua.es\/gcvillajoyosa\/wp-json\/wp\/v2\/pages\/10\/revisions\/340"}],"wp:attachment":[{"href":"https:\/\/blogs.ua.es\/gcvillajoyosa\/wp-json\/wp\/v2\/media?parent=10"}],"curies":[{"name":"wp","href":"https:\/\/api.w.org\/{rel}","templated":true}]}}