{"id":5,"date":"2014-04-05T16:50:17","date_gmt":"2014-04-05T16:50:17","guid":{"rendered":"https:\/\/blogs.ua.es\/gcvillajoyosa\/?page_id=5"},"modified":"2014-04-05T18:19:11","modified_gmt":"2014-04-05T18:19:11","slug":"presentacion","status":"publish","type":"page","link":"https:\/\/blogs.ua.es\/gcvillajoyosa\/presentacion\/","title":{"rendered":"1- Presentaci\u00f3n"},"content":{"rendered":"<p style=\"text-align: justify\">Dentro de la asignatura Archivos y Documentos, Agustina D\u2019Amico Tavoloni y Jose Miguel\u00a0Zafra Vidal, estudiantes de segundo a\u00f1o del Grado de Historia, procedemos a realizar un\u00a0an\u00e1lisis de las actas municipales comprendidas entre los a\u00f1os 1939-1940 del Municipio de la\u00a0Vila Joiosa, con el objetivo de comprender el desarrollo de los sucesos acontecidos en dicho\u00a0periodo y su plasmaci\u00f3n en la realidad social del Municipio.\u00a0Durante el periodo de 1939-1940 se produjo el final de la Guerra Civil Espa\u00f1ola, que en\u00a0palabras de Guillermo Lusa Monforte en su art\u00edculo <em>\u201cDepuraci\u00f3n y Autarqu\u00eda (1939 &#8211; 1940)\u201d:\u00a0<\/em><\/p>\n<p style=\"padding-left: 30px;text-align: center\"><em>\u201cDerrotada la Espa\u00f1a Republicana- abandonadas por las democracias occidentales, en \u00a0<\/em><em>un vano empe\u00f1o de apaciguar a las potencias nazis-fascistas- una feroz represi\u00f3n se \u00a0<\/em><em>abati\u00f3 sobre los vencidos. Arrojando medio mill\u00f3n de personas al exilio en condiciones\u00a0<\/em><em>lastimosas, Espa\u00f1a se convirti\u00f3 en una inmensa c\u00e1rcel, sobre la cual los vencedores se\u00a0<\/em><em>aprestaron a edificar un Nuevo Estado, inspirado tanto en los totalitarismos alemanes\u00a0<\/em><em>e italianos como en los ecos de la Espa\u00f1a Imperial de varios siglos atr\u00e1s.\u201d<\/em><\/p>\n<p style=\"text-align: justify\">Nos centramos en la Provincia de Alicante, ya que el \u00faltimo reducto del gobierno republicano\u00a0leg\u00edtimo se encontraba en esta ciudad.<\/p>\n<p style=\"text-align: justify\">Agradecemos la ayuda prestada para la realizaci\u00f3n de este trabajo a Antonio Espinosa Ruiz, \u00a0Director del Vila Museu y a Albert Alcaraz, \u00a0responsable del Archivo Hist\u00f3rico Municipal de Villajoiosa.<\/p>\n","protected":false},"excerpt":{"rendered":"<p>Dentro de la asignatura Archivos y Documentos, Agustina D\u2019Amico Tavoloni y Jose Miguel\u00a0Zafra Vidal, estudiantes de segundo a\u00f1o del Grado de Historia, procedemos a realizar un\u00a0an\u00e1lisis de las actas municipales comprendidas entre los a\u00f1os 1939-1940 del Municipio de la\u00a0Vila Joiosa, con el objetivo de comprender el desarrollo de los sucesos acontecidos en dicho\u00a0periodo y su [&hellip;]<\/p>\n","protected":false},"author":3011,"featured_media":0,"parent":0,"menu_order":0,"comment_status":"open","ping_status":"open","template":"","meta":{"footnotes":""},"class_list":["post-5","page","type-page","status-publish","hentry"],"_links":{"self":[{"href":"https:\/\/blogs.ua.es\/gcvillajoyosa\/wp-json\/wp\/v2\/pages\/5","targetHints":{"allow":["GET"]}}],"collection":[{"href":"https:\/\/blogs.ua.es\/gcvillajoyosa\/wp-json\/wp\/v2\/pages"}],"about":[{"href":"https:\/\/blogs.ua.es\/gcvillajoyosa\/wp-json\/wp\/v2\/types\/page"}],"author":[{"embeddable":true,"href":"https:\/\/blogs.ua.es\/gcvillajoyosa\/wp-json\/wp\/v2\/users\/3011"}],"replies":[{"embeddable":true,"href":"https:\/\/blogs.ua.es\/gcvillajoyosa\/wp-json\/wp\/v2\/comments?post=5"}],"version-history":[{"count":4,"href":"https:\/\/blogs.ua.es\/gcvillajoyosa\/wp-json\/wp\/v2\/pages\/5\/revisions"}],"predecessor-version":[{"id":29,"href":"https:\/\/blogs.ua.es\/gcvillajoyosa\/wp-json\/wp\/v2\/pages\/5\/revisions\/29"}],"wp:attachment":[{"href":"https:\/\/blogs.ua.es\/gcvillajoyosa\/wp-json\/wp\/v2\/media?parent=5"}],"curies":[{"name":"wp","href":"https:\/\/api.w.org\/{rel}","templated":true}]}}